{"id":759017,"date":"2025-08-28T08:22:23","date_gmt":"2025-08-28T05:22:23","guid":{"rendered":"https:\/\/roveyayinevi.com.tr\/index.php\/urun\/kagit-adamlar-ciltli\/"},"modified":"2026-04-16T03:11:51","modified_gmt":"2026-04-16T00:11:51","slug":"kagit-adamlar-ciltli","status":"publish","type":"product","link":"https:\/\/roveyayinevi.com.tr\/index.php\/urun\/kagit-adamlar-ciltli\/","title":{"rendered":"Ka\u011f\u0131t Adamlar (Ciltli)"},"content":{"rendered":"<p>Wilfred Barclay kariyeri boyunca \u015f\u00f6hreti, ba\u015far\u0131y\u0131 ve serveti tatm\u0131\u015f bir \u0130ngiliz yazard\u0131r. Art\u0131k ya\u015f\u0131 ilerlemi\u015f, evlili\u011fi \u00e7\u00f6km\u00fc\u015f, i\u00e7kiye d\u00fc\u015fk\u00fcnl\u00fc\u011f\u00fc alkolizmin s\u0131n\u0131rlar\u0131nda gezinmeye ba\u015flam\u0131\u015ft\u0131r. Hayat\u0131ndaki bu krizler yetmiyormu\u015f gibi, bir de biyografisini kaleme almak isteyen Amerikal\u0131 akademisyen Rick Tucker\u2019\u0131n tacizleriyle u\u011fra\u015fmak zorunda kal\u0131r. Tucker, Barclay\u2019nin kendisini resmi biyografi yazar\u0131 tayin etmesi talebinde \u0131srarl\u0131d\u0131r. \u00dcstelik yazar\u0131n \u00f6l\u00fcm\u00fcnden sonra bir k\u00e2\u011f\u0131t y\u0131\u011f\u0131n\u0131 halinde duran an\u0131 ve mektuplar\u0131n\u0131n kontrol\u00fcn\u00fcn de kendisinde olmas\u0131n\u0131 talep etmektedir. Tucker kariyerini ve gelece\u011fini ba\u011flad\u0131\u011f\u0131 bu projeyi hayata ge\u00e7irmek i\u00e7in her yolu denemekten \u00e7ekinmez. Barclay Avrupa\u2019ya ka\u00e7arak izini kaybettirmeye \u00e7al\u0131\u015f\u0131rken, Tucker\u2019\u0131n da pe\u015fine d\u00fc\u015fmesiyle bir kovalamaca oyunu ba\u015flar. Golding\u2019in olgun bir yazarla onu saplant\u0131 haline getirmi\u015f gen\u00e7 akademisyen aras\u0131ndaki gerilimli ili\u015fkiyi hicvetti\u011fi 1984 tarihli bu roman\u0131, s\u00fcrprizli finaliyle de dikkat \u00e7ekiyor.                          <\/p>\n","protected":false},"excerpt":{"rendered":"<p>Wilfred Barclay kariyeri boyunca \u015f\u00f6hreti, ba\u015far\u0131y\u0131 ve serveti tatm\u0131\u015f bir \u0130ngiliz yazard\u0131r. Art\u0131k ya\u015f\u0131 ilerlemi\u015f, evlili\u011fi \u00e7\u00f6km\u00fc\u015f, i\u00e7kiye d\u00fc\u015fk\u00fcnl\u00fc\u011f\u00fc alkolizmin s\u0131n\u0131rlar\u0131nda gezinmeye ba\u015flam\u0131\u015ft\u0131r. Hayat\u0131ndaki bu krizler<span class=\"excerpt-hellip\"> [\u2026]<\/span><\/p>\n","protected":false},"featured_media":0,"template":"","meta":{"_monsterinsights_skip_tracking":false,"_monsterinsights_sitenote_active":false,"_monsterinsights_sitenote_note":"","_monsterinsights_sitenote_category":0},"product_brand":[],"product_cat":[12291,12711],"product_tag":[],"class_list":{"0":"post-759017","1":"product","2":"type-product","3":"status-publish","5":"product_cat-edebiyat","6":"product_cat-roman-oyku","7":"pa_cilt-ciltli","8":"pa_tur-kitap","9":"pa_yayinevi-is-bankasi-kultur-yayinlari","10":"pa_yazar-william-golding","12":"first","13":"instock","14":"sale","15":"shipping-taxable","16":"purchasable","17":"product-type-simple"},"_links":{"self":[{"href":"https:\/\/roveyayinevi.com.tr\/index.php\/wp-json\/wp\/v2\/product\/759017","targetHints":{"allow":["GET"]}}],"collection":[{"href":"https:\/\/roveyayinevi.com.tr\/index.php\/wp-json\/wp\/v2\/product"}],"about":[{"href":"https:\/\/roveyayinevi.com.tr\/index.php\/wp-json\/wp\/v2\/types\/product"}],"wp:attachment":[{"href":"https:\/\/roveyayinevi.com.tr\/index.php\/wp-json\/wp\/v2\/media?parent=759017"}],"wp:term":[{"taxonomy":"product_brand","embeddable":true,"href":"https:\/\/roveyayinevi.com.tr\/index.php\/wp-json\/wp\/v2\/product_brand?post=759017"},{"taxonomy":"product_cat","embeddable":true,"href":"https:\/\/roveyayinevi.com.tr\/index.php\/wp-json\/wp\/v2\/product_cat?post=759017"},{"taxonomy":"product_tag","embeddable":true,"href":"https:\/\/roveyayinevi.com.tr\/index.php\/wp-json\/wp\/v2\/product_tag?post=759017"}],"curies":[{"name":"wp","href":"https:\/\/api.w.org\/{rel}","templated":true}]}}