{"id":759010,"date":"2025-08-28T08:22:12","date_gmt":"2025-08-28T05:22:12","guid":{"rendered":"https:\/\/roveyayinevi.com.tr\/index.php\/urun\/duygular-dunyasi\/"},"modified":"2026-01-30T03:49:44","modified_gmt":"2026-01-30T00:49:44","slug":"duygular-dunyasi","status":"publish","type":"product","link":"https:\/\/roveyayinevi.com.tr\/index.php\/urun\/duygular-dunyasi\/","title":{"rendered":"Duygular D\u00fcnyas\u0131"},"content":{"rendered":"<p>Sensin benim kalp a\u015f\u0131\u011f\u0131m Hem en mukaddes \u0131\u015f\u0131\u011f\u0131m Hayat\u0131ma anlam veren Sevgili hayat e\u015fi\u011fim   \u0130sminize \u00e2\u015f\u0131k oldum Bu d\u00fcnyada senle g\u00fcld\u00fcm Hayat tad\u0131 sende buldum Yeme\u011fim, suyum, ka\u015f\u0131\u011f\u0131m   Nefesimin tek deposu Ne s\u00f6ylersem i\u015fte osu \u015eol zihnimin Averrosu Ula\u015f\u0131lamaz ma\u015fukum   G\u00f6zlerinin esiriyim Sen var isen ben diriyim Yoksa elinin kiriyim Sevgili hayat be\u015fi\u011fim   Sana olan olsun bana \u015eu can\u0131msa senden yana Tutkunum ben o insana Ayd\u0131nlatan g\u00fcn \u0131\u015f\u0131\u011f\u0131m<\/p>\n","protected":false},"excerpt":{"rendered":"<p>Sensin benim kalp a\u015f\u0131\u011f\u0131m Hem en mukaddes \u0131\u015f\u0131\u011f\u0131m Hayat\u0131ma anlam veren Sevgili hayat e\u015fi\u011fim \u0130sminize \u00e2\u015f\u0131k oldum Bu d\u00fcnyada senle g\u00fcld\u00fcm Hayat tad\u0131 sende buldum Yeme\u011fim,<span class=\"excerpt-hellip\"> [\u2026]<\/span><\/p>\n","protected":false},"featured_media":0,"template":"","meta":{"_monsterinsights_skip_tracking":false,"_monsterinsights_sitenote_active":false,"_monsterinsights_sitenote_note":"","_monsterinsights_sitenote_category":0},"product_brand":[],"product_cat":[12291,12509],"product_tag":[],"class_list":{"0":"post-759010","1":"product","2":"type-product","3":"status-publish","5":"product_cat-edebiyat","6":"product_cat-siir","7":"pa_cilt-ciltsiz","8":"pa_tur-kitap","9":"pa_yayinevi-vova-yayinlari","10":"pa_yazar-yusuf-sirtli","12":"first","13":"instock","14":"sale","15":"shipping-taxable","16":"purchasable","17":"product-type-simple"},"_links":{"self":[{"href":"https:\/\/roveyayinevi.com.tr\/index.php\/wp-json\/wp\/v2\/product\/759010","targetHints":{"allow":["GET"]}}],"collection":[{"href":"https:\/\/roveyayinevi.com.tr\/index.php\/wp-json\/wp\/v2\/product"}],"about":[{"href":"https:\/\/roveyayinevi.com.tr\/index.php\/wp-json\/wp\/v2\/types\/product"}],"wp:attachment":[{"href":"https:\/\/roveyayinevi.com.tr\/index.php\/wp-json\/wp\/v2\/media?parent=759010"}],"wp:term":[{"taxonomy":"product_brand","embeddable":true,"href":"https:\/\/roveyayinevi.com.tr\/index.php\/wp-json\/wp\/v2\/product_brand?post=759010"},{"taxonomy":"product_cat","embeddable":true,"href":"https:\/\/roveyayinevi.com.tr\/index.php\/wp-json\/wp\/v2\/product_cat?post=759010"},{"taxonomy":"product_tag","embeddable":true,"href":"https:\/\/roveyayinevi.com.tr\/index.php\/wp-json\/wp\/v2\/product_tag?post=759010"}],"curies":[{"name":"wp","href":"https:\/\/api.w.org\/{rel}","templated":true}]}}