{"id":759005,"date":"2025-08-28T08:22:03","date_gmt":"2025-08-28T05:22:03","guid":{"rendered":"https:\/\/roveyayinevi.com.tr\/index.php\/urun\/kendi-basina\/"},"modified":"2026-04-16T03:11:51","modified_gmt":"2026-04-16T00:11:51","slug":"kendi-basina","status":"publish","type":"product","link":"https:\/\/roveyayinevi.com.tr\/index.php\/urun\/kendi-basina\/","title":{"rendered":"Kendi Ba\u015f\u0131na"},"content":{"rendered":"<p>\u201cYanl\u0131\u015f anlama Ela, iyi ki vars\u0131n. Bence, \u00f6nce \u00e7ocuk annenin hayat\u0131, sonra da anne \u00e7ocu\u011fun hayat\u0131 oluyor. \u00d6yle de ge\u00e7ip gidiyor \u00f6m\u00fcrler\u2026\u201d Nurg\u00fcl i\u015finde ba\u015far\u0131l\u0131yd\u0131. Hayat\u0131 boyunca disiplini elden b\u0131rakmam\u0131\u015ft\u0131. Mant\u0131kl\u0131 bir evlilik de \u00e7ocuk da yapm\u0131\u015ft\u0131. Tek iste\u011fi bir seneli\u011fine yurtd\u0131\u015f\u0131nda e\u011fitim al\u0131p onca emek verdi\u011fi mesle\u011finde ilerlemekti. Yedi ya\u015f\u0131nda yaln\u0131z kalan Ela, seneler sonra, annesinin kariyerinde y\u00fckselme iste\u011fini, kad\u0131nl\u0131\u011f\u0131n\u0131 ve anneli\u011fini anlayabilecek mi? Annesine kesti\u011fi hesab\u0131 kapatabilecek mi?   *** Annesiyle aras\u0131ndaki mesafelerin giderek b\u00fcy\u00fcd\u00fc\u011f\u00fc bir \u00e7ocukluk ge\u00e7iren Ela&#8217;n\u0131n, enkaz\u0131na kendi ba\u015f\u0131na sahip \u00e7\u0131karak yeti\u015fkin bir kad\u0131n olma hikayesi, anne olaca\u011f\u0131 haberiyle ve annesinin son g\u00fcnlerini ya\u015fad\u0131\u011f\u0131n\u0131 \u00f6\u011frenmesiyle bamba\u015fka bir boyuta ula\u015f\u0131yor. Nil\u00fcfer Ya\u011fc\u0131o\u011flu, Kendi Ba\u015f\u0131na&#8217;da, sadece \u00fclkemizde de\u011fil t\u00fcm modern d\u00fcnyadaki kad\u0131nlar\u0131n var olma \u00e7abas\u0131ndan beslenerek kendinizden mutlaka bir \u015feyler bulabilece\u011finiz bu anne k\u0131z hikayesini sizlere sunuyor.<\/p>\n","protected":false},"excerpt":{"rendered":"<p>\u201cYanl\u0131\u015f anlama Ela, iyi ki vars\u0131n. Bence, \u00f6nce \u00e7ocuk annenin hayat\u0131, sonra da anne \u00e7ocu\u011fun hayat\u0131 oluyor. \u00d6yle de ge\u00e7ip gidiyor \u00f6m\u00fcrler\u2026\u201d Nurg\u00fcl i\u015finde ba\u015far\u0131l\u0131yd\u0131. Hayat\u0131<span class=\"excerpt-hellip\"> [\u2026]<\/span><\/p>\n","protected":false},"featured_media":0,"template":"","meta":{"_monsterinsights_skip_tracking":false,"_monsterinsights_sitenote_active":false,"_monsterinsights_sitenote_note":"","_monsterinsights_sitenote_category":0},"product_brand":[],"product_cat":[12291,12711],"product_tag":[],"class_list":{"0":"post-759005","1":"product","2":"type-product","3":"status-publish","5":"product_cat-edebiyat","6":"product_cat-roman-oyku","7":"pa_cilt-ciltsiz","8":"pa_tur-kitap","9":"pa_yayinevi-elpis-yayinlari","10":"pa_yazar-nilufer-yagcioglu","12":"first","13":"instock","14":"sale","15":"shipping-taxable","16":"purchasable","17":"product-type-simple"},"_links":{"self":[{"href":"https:\/\/roveyayinevi.com.tr\/index.php\/wp-json\/wp\/v2\/product\/759005","targetHints":{"allow":["GET"]}}],"collection":[{"href":"https:\/\/roveyayinevi.com.tr\/index.php\/wp-json\/wp\/v2\/product"}],"about":[{"href":"https:\/\/roveyayinevi.com.tr\/index.php\/wp-json\/wp\/v2\/types\/product"}],"wp:attachment":[{"href":"https:\/\/roveyayinevi.com.tr\/index.php\/wp-json\/wp\/v2\/media?parent=759005"}],"wp:term":[{"taxonomy":"product_brand","embeddable":true,"href":"https:\/\/roveyayinevi.com.tr\/index.php\/wp-json\/wp\/v2\/product_brand?post=759005"},{"taxonomy":"product_cat","embeddable":true,"href":"https:\/\/roveyayinevi.com.tr\/index.php\/wp-json\/wp\/v2\/product_cat?post=759005"},{"taxonomy":"product_tag","embeddable":true,"href":"https:\/\/roveyayinevi.com.tr\/index.php\/wp-json\/wp\/v2\/product_tag?post=759005"}],"curies":[{"name":"wp","href":"https:\/\/api.w.org\/{rel}","templated":true}]}}