{"id":759003,"date":"2025-08-28T08:22:00","date_gmt":"2025-08-28T05:22:00","guid":{"rendered":"https:\/\/roveyayinevi.com.tr\/index.php\/urun\/bin-yilin-depremi\/"},"modified":"2026-04-16T03:11:51","modified_gmt":"2026-04-16T00:11:51","slug":"bin-yilin-depremi","status":"publish","type":"product","link":"https:\/\/roveyayinevi.com.tr\/index.php\/urun\/bin-yilin-depremi\/","title":{"rendered":"Bin Y\u0131l\u0131n Depremi"},"content":{"rendered":"<p>\u2026Baba k\u0131z binan\u0131n merdivenlerden inerlerken binan\u0131n de\u011fi\u015fik yerlerinden y\u0131k\u0131nt\u0131 sesleri geliyordu. Ayaz\u2019\u0131n babas\u0131 ve ablas\u0131 apartman kap\u0131s\u0131ndan yeni \u00e7\u0131km\u0131\u015flard\u0131 ki apartman onlar\u0131n \u00fczerlerine y\u0131k\u0131ld\u0131. Baba ve k\u0131z\u0131 y\u0131k\u0131lan binalar\u0131n\u0131n alt\u0131nda kald\u0131lar. Bunu g\u00f6ren Ayaz ve annesinin \u00e7\u0131\u011fl\u0131klar\u0131 d\u00f6rt bir yan\u0131 inletti, y\u00fcrekleri da\u011flad\u0131. Sadiye Han\u0131m\u0131n g\u00f6z\u00fc \u00f6n\u00fcnde biricik e\u015fi ve biricik k\u0131z\u0131 onlarca ton betonlar\u0131n alt\u0131nda kalm\u0131\u015ft\u0131. Ayaz ve annesi \u00e7aresizlik i\u00e7indeydi\u2026 \u2026\u00dczerlerinde ak\u015fam yatmadan \u00f6nce giydikleri pijamalardan ba\u015fka k\u0131yafetleri yoktu. Ayaklar\u0131nda ne \u00e7oraplar\u0131 ne de ayakkab\u0131lar\u0131 vard\u0131. Mevsim k\u0131\u015f, vakit geceydi. So\u011fuk ve karanl\u0131\u011f\u0131n ortas\u0131nda \u00e7aresizce beklerlerken \u00fczerlerine ya\u011fan ya\u011fmurla s\u0131r\u0131ls\u0131klam olmu\u015flard\u0131. \u00c7\u0131nar ve ailesi kendilerince g\u00fcvenli bulduklar\u0131 kuytu yerlere s\u0131\u011f\u0131nmaya \u00e7al\u0131\u015f\u0131yorlard\u0131. Sokaklar kendileri gibi felakete maruz kalm\u0131\u015f insanlarla doluydu\u2026 <\/p>\n","protected":false},"excerpt":{"rendered":"<p>\u2026Baba k\u0131z binan\u0131n merdivenlerden inerlerken binan\u0131n de\u011fi\u015fik yerlerinden y\u0131k\u0131nt\u0131 sesleri geliyordu. Ayaz\u2019\u0131n babas\u0131 ve ablas\u0131 apartman kap\u0131s\u0131ndan yeni \u00e7\u0131km\u0131\u015flard\u0131 ki apartman onlar\u0131n \u00fczerlerine y\u0131k\u0131ld\u0131. Baba ve<span class=\"excerpt-hellip\"> [\u2026]<\/span><\/p>\n","protected":false},"featured_media":0,"template":"","meta":{"_monsterinsights_skip_tracking":false,"_monsterinsights_sitenote_active":false,"_monsterinsights_sitenote_note":"","_monsterinsights_sitenote_category":0},"product_brand":[],"product_cat":[12291,18202],"product_tag":[],"class_list":{"0":"post-759003","1":"product","2":"type-product","3":"status-publish","5":"product_cat-edebiyat","6":"product_cat-hikaye","7":"pa_cilt-ciltsiz","8":"pa_tur-kitap","9":"pa_yayinevi-imbik-yayinlari","10":"pa_yazar-adnan-yesil","12":"first","13":"instock","14":"sale","15":"shipping-taxable","16":"purchasable","17":"product-type-simple"},"_links":{"self":[{"href":"https:\/\/roveyayinevi.com.tr\/index.php\/wp-json\/wp\/v2\/product\/759003","targetHints":{"allow":["GET"]}}],"collection":[{"href":"https:\/\/roveyayinevi.com.tr\/index.php\/wp-json\/wp\/v2\/product"}],"about":[{"href":"https:\/\/roveyayinevi.com.tr\/index.php\/wp-json\/wp\/v2\/types\/product"}],"wp:attachment":[{"href":"https:\/\/roveyayinevi.com.tr\/index.php\/wp-json\/wp\/v2\/media?parent=759003"}],"wp:term":[{"taxonomy":"product_brand","embeddable":true,"href":"https:\/\/roveyayinevi.com.tr\/index.php\/wp-json\/wp\/v2\/product_brand?post=759003"},{"taxonomy":"product_cat","embeddable":true,"href":"https:\/\/roveyayinevi.com.tr\/index.php\/wp-json\/wp\/v2\/product_cat?post=759003"},{"taxonomy":"product_tag","embeddable":true,"href":"https:\/\/roveyayinevi.com.tr\/index.php\/wp-json\/wp\/v2\/product_tag?post=759003"}],"curies":[{"name":"wp","href":"https:\/\/api.w.org\/{rel}","templated":true}]}}