{"id":758993,"date":"2025-08-28T08:21:41","date_gmt":"2025-08-28T05:21:41","guid":{"rendered":"https:\/\/roveyayinevi.com.tr\/index.php\/urun\/balerinler\/"},"modified":"2026-04-16T03:11:51","modified_gmt":"2026-04-16T00:11:51","slug":"balerinler","status":"publish","type":"product","link":"https:\/\/roveyayinevi.com.tr\/index.php\/urun\/balerinler\/","title":{"rendered":"Balerinler"},"content":{"rendered":"<p>\u201cBiliyorduk ki Sindirella olacaklar\u0131n fark\u0131ndayd\u0131.Sindirella \u015fa\u015fk\u0131nl\u0131k yerine ba\u015fka \u015feyler, daha ziyade teslimiyet ve hayal k\u0131r\u0131kl\u0131\u011f\u0131 gibi \u015feyler hissetmi\u015f olmal\u0131yd\u0131. Ve hangi kad\u0131n bunu sayamayaca\u011f\u0131 kadar \u00e7ok hissetmemi\u015fti ki?\u201d  On d\u00f6rt y\u0131l \u00f6nce Delphine L\u00e9ger, Paris Opera Balesi\u2019ndeki \u00f6\u011frenimini ve ba\u015far\u0131ya do\u011fru ilerleyen Fransa\u2019daki kariyerini b\u0131rakarak St. Petersburg\u2019a ta\u015f\u0131n\u0131r; Rusya\u2019da sevgilisiyle kendine yepyeni bir hayat kurmaya \u00e7al\u0131\u015f\u0131rken ge\u00e7mi\u015findeki s\u0131rlar\u0131n ayr\u0131ld\u0131\u011f\u0131 yerde kald\u0131\u011f\u0131na inan\u0131r fakat s\u0131rlar\u0131n bir yerle ilgili olmad\u0131\u011f\u0131n\u0131, vicdan azab\u0131n\u0131n insan\u0131 nereye giderse gitsin takip etti\u011fini \u00f6\u011frenmesi \u00e7ok uzun s\u00fcrmeyecektir. Delphine 36 ya\u015f\u0131na geldi\u011finde bir koreograf olarak Paris\u2019e geri d\u00f6ner; eski yak\u0131n arkada\u015flar\u0131yla i\u015fleri d\u00fczeltmeyi ve hayat\u0131na yeniden \u00e7ekid\u00fczen vermeyi umar. Ama i\u015fler pek de d\u00fc\u015fledi\u011fi gibi gitmez. Kad\u0131n arkada\u015fl\u0131klar\u0131n\u0131n karma\u015f\u0131kl\u0131\u011f\u0131n\u0131, \u00fc\u00e7 yak\u0131n arkada\u015f\u0131n k\u00fc\u00e7\u00fckl\u00fckten yeti\u015fkinli\u011fe aralar\u0131ndaki ili\u015fkiyi ele alarak inceleyen Balerinler, h\u0131rs ve ba\u015far\u0131 u\u011fruna feda edilenlere dair a\u011f\u0131t niteli\u011finde bir okuma deneyimi sunarken, erkeklerin d\u00fcnyas\u0131ndan s\u0131yr\u0131lmay\u0131 ba\u015faran kad\u0131nlar\u0131n i\u00e7lerinde bast\u0131rd\u0131klar\u0131 \u00f6fkeye tutunmalar\u0131 ve insan\u0131n, co\u011frafyadan ve ya\u015ftan ba\u011f\u0131ms\u0131z olarak, kendini yeniden  ve yeniden ke\u015ffedebilece\u011fini g\u00f6zler \u00f6n\u00fcne seriyor.<\/p>\n","protected":false},"excerpt":{"rendered":"<p>\u201cBiliyorduk ki Sindirella olacaklar\u0131n fark\u0131ndayd\u0131.Sindirella \u015fa\u015fk\u0131nl\u0131k yerine ba\u015fka \u015feyler, daha ziyade teslimiyet ve hayal k\u0131r\u0131kl\u0131\u011f\u0131 gibi \u015feyler hissetmi\u015f olmal\u0131yd\u0131. Ve hangi kad\u0131n bunu sayamayaca\u011f\u0131 kadar \u00e7ok<span class=\"excerpt-hellip\"> [\u2026]<\/span><\/p>\n","protected":false},"featured_media":0,"template":"","meta":{"_monsterinsights_skip_tracking":false,"_monsterinsights_sitenote_active":false,"_monsterinsights_sitenote_note":"","_monsterinsights_sitenote_category":0},"product_brand":[],"product_cat":[12291,12711],"product_tag":[],"class_list":{"0":"post-758993","1":"product","2":"type-product","3":"status-publish","5":"product_cat-edebiyat","6":"product_cat-roman-oyku","7":"pa_cilt-ciltsiz","8":"pa_tur-kitap","9":"pa_yayinevi-epsilon-yayinlari","10":"pa_yazar-rachel-kapelke-dale","12":"first","13":"instock","14":"sale","15":"shipping-taxable","16":"purchasable","17":"product-type-simple"},"_links":{"self":[{"href":"https:\/\/roveyayinevi.com.tr\/index.php\/wp-json\/wp\/v2\/product\/758993","targetHints":{"allow":["GET"]}}],"collection":[{"href":"https:\/\/roveyayinevi.com.tr\/index.php\/wp-json\/wp\/v2\/product"}],"about":[{"href":"https:\/\/roveyayinevi.com.tr\/index.php\/wp-json\/wp\/v2\/types\/product"}],"wp:attachment":[{"href":"https:\/\/roveyayinevi.com.tr\/index.php\/wp-json\/wp\/v2\/media?parent=758993"}],"wp:term":[{"taxonomy":"product_brand","embeddable":true,"href":"https:\/\/roveyayinevi.com.tr\/index.php\/wp-json\/wp\/v2\/product_brand?post=758993"},{"taxonomy":"product_cat","embeddable":true,"href":"https:\/\/roveyayinevi.com.tr\/index.php\/wp-json\/wp\/v2\/product_cat?post=758993"},{"taxonomy":"product_tag","embeddable":true,"href":"https:\/\/roveyayinevi.com.tr\/index.php\/wp-json\/wp\/v2\/product_tag?post=758993"}],"curies":[{"name":"wp","href":"https:\/\/api.w.org\/{rel}","templated":true}]}}