{"id":758967,"date":"2025-08-28T08:20:59","date_gmt":"2025-08-28T05:20:59","guid":{"rendered":"https:\/\/roveyayinevi.com.tr\/index.php\/urun\/kilit-ve-anahtarin-hasbihali\/"},"modified":"2026-04-16T03:11:50","modified_gmt":"2026-04-16T00:11:50","slug":"kilit-ve-anahtarin-hasbihali","status":"publish","type":"product","link":"https:\/\/roveyayinevi.com.tr\/index.php\/urun\/kilit-ve-anahtarin-hasbihali\/","title":{"rendered":"Kilit ve Anahtar\u0131n Hasbihali"},"content":{"rendered":"<p>A\u015fk, k\u00fcllerinden yeniden ve yeniden do\u011furuyordu pervaneyi. Nefessiz kald\u0131\u011f\u0131n\u0131z oldu mu? El yordam\u0131yla \u00e7\u0131k\u0131\u015fa varmak istedi\u011finiz ne var ki karanl\u0131\u011f\u0131n kuytusunda kayboldu\u011funuz. Umars\u0131zca \u00e7\u0131rp\u0131n\u0131rken hazinenin tan\u0131\u011f\u0131 oldu\u011funuzu hat\u0131rlars\u0131n\u0131z. Tezah\u00fcrler gelir ve ge\u00e7erken tan\u0131k olman\u0131n kadim bilgisi korkular\u0131n\u0131z\u0131 eritecek, \u015fimdinin sonsuzlu\u011funa ta\u015f\u0131yacakt\u0131r sizi.<\/p>\n","protected":false},"excerpt":{"rendered":"<p>A\u015fk, k\u00fcllerinden yeniden ve yeniden do\u011furuyordu pervaneyi. Nefessiz kald\u0131\u011f\u0131n\u0131z oldu mu? El yordam\u0131yla \u00e7\u0131k\u0131\u015fa varmak istedi\u011finiz ne var ki karanl\u0131\u011f\u0131n kuytusunda kayboldu\u011funuz. Umars\u0131zca \u00e7\u0131rp\u0131n\u0131rken hazinenin tan\u0131\u011f\u0131<span class=\"excerpt-hellip\"> [\u2026]<\/span><\/p>\n","protected":false},"featured_media":0,"template":"","meta":{"_monsterinsights_skip_tracking":false,"_monsterinsights_sitenote_active":false,"_monsterinsights_sitenote_note":"","_monsterinsights_sitenote_category":0},"product_brand":[],"product_cat":[12291,12711],"product_tag":[],"class_list":{"0":"post-758967","1":"product","2":"type-product","3":"status-publish","5":"product_cat-edebiyat","6":"product_cat-roman-oyku","7":"pa_cilt-ciltsiz","8":"pa_tur-kitap","9":"pa_yayinevi-kitap-muptelasi-yayinlari","10":"pa_yazar-pinar-cula","12":"first","13":"instock","14":"sale","15":"shipping-taxable","16":"purchasable","17":"product-type-simple"},"_links":{"self":[{"href":"https:\/\/roveyayinevi.com.tr\/index.php\/wp-json\/wp\/v2\/product\/758967","targetHints":{"allow":["GET"]}}],"collection":[{"href":"https:\/\/roveyayinevi.com.tr\/index.php\/wp-json\/wp\/v2\/product"}],"about":[{"href":"https:\/\/roveyayinevi.com.tr\/index.php\/wp-json\/wp\/v2\/types\/product"}],"wp:attachment":[{"href":"https:\/\/roveyayinevi.com.tr\/index.php\/wp-json\/wp\/v2\/media?parent=758967"}],"wp:term":[{"taxonomy":"product_brand","embeddable":true,"href":"https:\/\/roveyayinevi.com.tr\/index.php\/wp-json\/wp\/v2\/product_brand?post=758967"},{"taxonomy":"product_cat","embeddable":true,"href":"https:\/\/roveyayinevi.com.tr\/index.php\/wp-json\/wp\/v2\/product_cat?post=758967"},{"taxonomy":"product_tag","embeddable":true,"href":"https:\/\/roveyayinevi.com.tr\/index.php\/wp-json\/wp\/v2\/product_tag?post=758967"}],"curies":[{"name":"wp","href":"https:\/\/api.w.org\/{rel}","templated":true}]}}