{"id":758960,"date":"2025-08-28T08:20:47","date_gmt":"2025-08-28T05:20:47","guid":{"rendered":"https:\/\/roveyayinevi.com.tr\/index.php\/urun\/deli-dumrul-4\/"},"modified":"2026-04-16T03:11:50","modified_gmt":"2026-04-16T00:11:50","slug":"deli-dumrul-4","status":"publish","type":"product","link":"https:\/\/roveyayinevi.com.tr\/index.php\/urun\/deli-dumrul-4\/","title":{"rendered":"Deli Dumrul"},"content":{"rendered":"<p>Eski zaman i\u00e7inde, O\u011fuz kavminde Deli Dumrul adl\u0131 bir yi\u011fit vard\u0131. \u00c7ocukken dokuz vah\u015fi bo\u011fay\u0131 \u00f6ld\u00fcrd\u00fc\u011f\u00fc ve daha ba\u015fka b\u00fcy\u00fck i\u015fler yapt\u0131\u011f\u0131 i\u00e7in, deli derlerdi ona. \u015eimdi de kuru bir nehir yata\u011f\u0131na bir k\u00f6pr\u00fc kurmu\u015f, t\u00fcm kervanlar\u0131 ve yolcular\u0131 bu k\u00f6pr\u00fcden ge\u00e7meye zorlard\u0131. Her ge\u00e7enden otuz ak\u00e7e al\u0131yordu. Kim paray\u0131 vermeyip ba\u015fka bir yerden ge\u00e7mek istese, adamak\u0131ll\u0131 d\u00f6v\u00fcyor ve k\u0131rk ak\u00e7esini de al\u0131yordu.Azraile bile kafa tutuyordu.\u00c7\u00fcnk\u00fc deliydi       \u0130slamiyet&#8217;in T\u00fcrkler aras\u0131nda yeni yeni benimsendi\u011fi  d\u00f6nemde Allah&#8217;\u0131n yery\u00fcz\u00fcne g\u00f6nderdi\u011fi Azrail ile Deli Dumrul&#8217;un m\u00fccadelesini konu alan hik\u00e2yede, ilah\u00ee g\u00fcce itaat ve ya\u015fam\u0131n ger\u00e7eklerini kabullenme k\u0131nusu i\u015flenmektedir. <\/p>\n","protected":false},"excerpt":{"rendered":"<p>Eski zaman i\u00e7inde, O\u011fuz kavminde Deli Dumrul adl\u0131 bir yi\u011fit vard\u0131. \u00c7ocukken dokuz vah\u015fi bo\u011fay\u0131 \u00f6ld\u00fcrd\u00fc\u011f\u00fc ve daha ba\u015fka b\u00fcy\u00fck i\u015fler yapt\u0131\u011f\u0131 i\u00e7in, deli derlerdi ona.<span class=\"excerpt-hellip\"> [\u2026]<\/span><\/p>\n","protected":false},"featured_media":0,"template":"","meta":{"_monsterinsights_skip_tracking":false,"_monsterinsights_sitenote_active":false,"_monsterinsights_sitenote_note":"","_monsterinsights_sitenote_category":0},"product_brand":[],"product_cat":[12274,12467],"product_tag":[],"class_list":{"0":"post-758960","1":"product","2":"type-product","3":"status-publish","5":"product_cat-cocuk-ve-genclik-kitaplari","6":"product_cat-dunya-klasikleri","7":"pa_cilt-ciltsiz","8":"pa_tur-kitap","9":"pa_yayinevi-kitappazari-yayinlari","10":"pa_yazar-samed-behrengi","12":"first","13":"instock","14":"sale","15":"shipping-taxable","16":"purchasable","17":"product-type-simple"},"_links":{"self":[{"href":"https:\/\/roveyayinevi.com.tr\/index.php\/wp-json\/wp\/v2\/product\/758960","targetHints":{"allow":["GET"]}}],"collection":[{"href":"https:\/\/roveyayinevi.com.tr\/index.php\/wp-json\/wp\/v2\/product"}],"about":[{"href":"https:\/\/roveyayinevi.com.tr\/index.php\/wp-json\/wp\/v2\/types\/product"}],"wp:attachment":[{"href":"https:\/\/roveyayinevi.com.tr\/index.php\/wp-json\/wp\/v2\/media?parent=758960"}],"wp:term":[{"taxonomy":"product_brand","embeddable":true,"href":"https:\/\/roveyayinevi.com.tr\/index.php\/wp-json\/wp\/v2\/product_brand?post=758960"},{"taxonomy":"product_cat","embeddable":true,"href":"https:\/\/roveyayinevi.com.tr\/index.php\/wp-json\/wp\/v2\/product_cat?post=758960"},{"taxonomy":"product_tag","embeddable":true,"href":"https:\/\/roveyayinevi.com.tr\/index.php\/wp-json\/wp\/v2\/product_tag?post=758960"}],"curies":[{"name":"wp","href":"https:\/\/api.w.org\/{rel}","templated":true}]}}