{"id":758952,"date":"2025-08-28T08:20:33","date_gmt":"2025-08-28T05:20:33","guid":{"rendered":"https:\/\/roveyayinevi.com.tr\/index.php\/urun\/degirmen-17\/"},"modified":"2026-04-16T03:11:50","modified_gmt":"2026-04-16T00:11:50","slug":"degirmen-17","status":"publish","type":"product","link":"https:\/\/roveyayinevi.com.tr\/index.php\/urun\/degirmen-17\/","title":{"rendered":"De\u011firmen"},"content":{"rendered":"<p>Siz sevemezsiniz. Sevmeyi yaln\u0131z bizler biliriz&#8230; Dinle ada\u015f\u0131m, sana bir \u00e7ingenenin a\u015fk\u0131n\u0131 anlatay\u0131m&#8230; B\u00fct\u00fcn \u00e7ergilerde onun cesareti, onun g\u00fczelli\u011fi, onun alg\u0131s\u0131 s\u00f6ylenirdi. Ba\u015fka \u00e7ingeneler gibi \u00e7almazd\u0131 o, bir kere nota bilirdi. \u015eehir mektebini okumu\u015f, bitirmi\u015fti: sonra i\u00e7liydi&#8230; San\u0131rd\u0131n ki klarneti \u00e7alarken havay\u0131 ci\u011ferlerinden de\u011fil do\u011frudan do\u011fruya y\u00fcre\u011finden veriyor. Geceleri tek ba\u015f\u0131na bir a\u011fac\u0131n dibine \u00e7ekilirdi. Biz de \u00e7ad\u0131rlar\u0131n \u00f6n\u00fcne \u00e7\u0131k\u0131p y\u00fcz\u00fc koyun yatar, \u00e7enemizi topra\u011fa dayayarak onu dinlerdik. Acaba birisini sevdi\u011fi i\u00e7in mi, yoksa hi\u00e7 kimseyi sevemedi\u011fi i\u00e7in mi, bu kadar yan\u0131k, bu kadar derinden \u00e7al\u0131yordu? Hi\u00e7bir sevgilisi yoktu. Ne ge\u00e7ti\u011fimiz T\u00fcrkmen k\u00f6ylerindeki al yanakl\u0131 g\u00fczeller, ne de ince dudakl\u0131 \u00e7ingene k\u0131zlar\u0131 onun bak\u0131\u015flar\u0131n\u0131 bir andan fazla \u00fczerlerinde al\u0131koyabilirlerdi&#8230; Bir g\u00fcn De\u011firmenci\u2019nin kolsuz k\u0131z\u0131na a\u015f\u0131k oldu ve ona olan a\u015fk\u0131 i\u00e7in kendi kolunu feda etti.. <\/p>\n","protected":false},"excerpt":{"rendered":"<p>Siz sevemezsiniz. Sevmeyi yaln\u0131z bizler biliriz&#8230; Dinle ada\u015f\u0131m, sana bir \u00e7ingenenin a\u015fk\u0131n\u0131 anlatay\u0131m&#8230; B\u00fct\u00fcn \u00e7ergilerde onun cesareti, onun g\u00fczelli\u011fi, onun alg\u0131s\u0131 s\u00f6ylenirdi. Ba\u015fka \u00e7ingeneler gibi \u00e7almazd\u0131<span class=\"excerpt-hellip\"> [\u2026]<\/span><\/p>\n","protected":false},"featured_media":0,"template":"","meta":{"_monsterinsights_skip_tracking":false,"_monsterinsights_sitenote_active":false,"_monsterinsights_sitenote_note":"","_monsterinsights_sitenote_category":0},"product_brand":[],"product_cat":[12291,18202],"product_tag":[],"class_list":{"0":"post-758952","1":"product","2":"type-product","3":"status-publish","5":"product_cat-edebiyat","6":"product_cat-hikaye","7":"pa_cilt-ciltsiz","8":"pa_tur-kitap","9":"pa_yayinevi-kitappazari-yayinlari","10":"pa_yazar-sabahattin-ali","12":"first","13":"instock","14":"sale","15":"shipping-taxable","16":"purchasable","17":"product-type-simple"},"_links":{"self":[{"href":"https:\/\/roveyayinevi.com.tr\/index.php\/wp-json\/wp\/v2\/product\/758952","targetHints":{"allow":["GET"]}}],"collection":[{"href":"https:\/\/roveyayinevi.com.tr\/index.php\/wp-json\/wp\/v2\/product"}],"about":[{"href":"https:\/\/roveyayinevi.com.tr\/index.php\/wp-json\/wp\/v2\/types\/product"}],"wp:attachment":[{"href":"https:\/\/roveyayinevi.com.tr\/index.php\/wp-json\/wp\/v2\/media?parent=758952"}],"wp:term":[{"taxonomy":"product_brand","embeddable":true,"href":"https:\/\/roveyayinevi.com.tr\/index.php\/wp-json\/wp\/v2\/product_brand?post=758952"},{"taxonomy":"product_cat","embeddable":true,"href":"https:\/\/roveyayinevi.com.tr\/index.php\/wp-json\/wp\/v2\/product_cat?post=758952"},{"taxonomy":"product_tag","embeddable":true,"href":"https:\/\/roveyayinevi.com.tr\/index.php\/wp-json\/wp\/v2\/product_tag?post=758952"}],"curies":[{"name":"wp","href":"https:\/\/api.w.org\/{rel}","templated":true}]}}