{"id":758935,"date":"2025-08-28T08:19:58","date_gmt":"2025-08-28T05:19:58","guid":{"rendered":"https:\/\/roveyayinevi.com.tr\/index.php\/urun\/kurk-mantolu-madonna-32\/"},"modified":"2025-11-21T10:12:00","modified_gmt":"2025-11-21T07:12:00","slug":"kurk-mantolu-madonna-32","status":"publish","type":"product","link":"https:\/\/roveyayinevi.com.tr\/index.php\/urun\/kurk-mantolu-madonna-32\/","title":{"rendered":"K\u00fcrk Mantolu Madonna"},"content":{"rendered":"<p>Yazd\u0131\u011f\u0131 hikaye, roman ve \u015fiirleriyle \u00e7e\u015fitli s\u0131k\u0131nt\u0131lar ya\u015fayan, hapislere d\u00fc\u015fen, daha sonra \u00f6ld\u00fcr\u00fclen ve uzun s\u00fcre unutulan Sabahattin Ali, son y\u0131llarda adeta yeniden ke\u015ffedildi ve kitaplar\u0131 en \u00e7ok ilgi g\u00f6ren yazarlardan oldu. Yaz\u0131lmas\u0131n\u0131n \u00fczerinden yetmi\u015f y\u0131l\u0131 a\u015fk\u0131n bir s\u00fcre ge\u00e7tikten sonra en \u00e7ok okunanlar listesinden ad\u0131 eksilmeyen, T\u00fcrkiye okurunun ba\u015fucu kitaplar\u0131ndan olan K\u00fcrk Mantolu Madonna; Sabahattin Ali\u2019nin en \u00f6nemli romanlar\u0131ndan biri. \u00c7al\u0131\u015ft\u0131\u011f\u0131 dairede i\u00e7ine kapan\u0131k, ezilen, a\u015fa\u011f\u0131lanan, ailesi taraf\u0131ndan da yokmu\u015f gibi kar\u015f\u0131lanan, insanlardan uzak ve hayattan kopuk Raif Efendi\u2019nin asl\u0131nda m\u00fcthi\u015f bir hikayesi vard\u0131r. Berlin\u2019de bir galeride g\u00f6rd\u00fc\u011f\u00fc K\u00fcrk Mantolu Madonna tablosuna vurulmu\u015f ve daha sonra resimdeki kad\u0131n Maria Puder ile hi\u00e7 beklemedi\u011fi b\u00fcy\u00fck bir a\u015fk ya\u015famaya ba\u015flam\u0131\u015ft\u0131r. Raif Efendi ve Maria Puder\u2019in s\u00fcr\u00fckleyici ve etkileyici a\u015fk\u0131 s\u00fcrprizlerle dolu ve beklenmedik geli\u015fmelere yol a\u00e7acakt\u0131r. Raif Efendi\u2019yi d\u00fcnyadan koparan, insanlardan uzakla\u015ft\u0131ran, yaln\u0131zl\u0131\u011fa iten hayat\u0131n roman\u0131 i\u00e7inize i\u015fleyecek&#8230; <\/p>\n","protected":false},"excerpt":{"rendered":"<p>Yazd\u0131\u011f\u0131 hikaye, roman ve \u015fiirleriyle \u00e7e\u015fitli s\u0131k\u0131nt\u0131lar ya\u015fayan, hapislere d\u00fc\u015fen, daha sonra \u00f6ld\u00fcr\u00fclen ve uzun s\u00fcre unutulan Sabahattin Ali, son y\u0131llarda adeta yeniden ke\u015ffedildi ve kitaplar\u0131<span class=\"excerpt-hellip\"> [\u2026]<\/span><\/p>\n","protected":false},"featured_media":0,"template":"","meta":{"_monsterinsights_skip_tracking":false,"_monsterinsights_sitenote_active":false,"_monsterinsights_sitenote_note":"","_monsterinsights_sitenote_category":0},"product_brand":[],"product_cat":[12291,12711],"product_tag":[],"class_list":{"0":"post-758935","1":"product","2":"type-product","3":"status-publish","5":"product_cat-edebiyat","6":"product_cat-roman-oyku","7":"pa_cilt-ciltsiz","8":"pa_tur-kitap","9":"pa_yayinevi-kitappazari-yayinlari","10":"pa_yazar-sabahattin-ali","12":"first","13":"instock","14":"sale","15":"shipping-taxable","16":"purchasable","17":"product-type-simple"},"_links":{"self":[{"href":"https:\/\/roveyayinevi.com.tr\/index.php\/wp-json\/wp\/v2\/product\/758935","targetHints":{"allow":["GET"]}}],"collection":[{"href":"https:\/\/roveyayinevi.com.tr\/index.php\/wp-json\/wp\/v2\/product"}],"about":[{"href":"https:\/\/roveyayinevi.com.tr\/index.php\/wp-json\/wp\/v2\/types\/product"}],"wp:attachment":[{"href":"https:\/\/roveyayinevi.com.tr\/index.php\/wp-json\/wp\/v2\/media?parent=758935"}],"wp:term":[{"taxonomy":"product_brand","embeddable":true,"href":"https:\/\/roveyayinevi.com.tr\/index.php\/wp-json\/wp\/v2\/product_brand?post=758935"},{"taxonomy":"product_cat","embeddable":true,"href":"https:\/\/roveyayinevi.com.tr\/index.php\/wp-json\/wp\/v2\/product_cat?post=758935"},{"taxonomy":"product_tag","embeddable":true,"href":"https:\/\/roveyayinevi.com.tr\/index.php\/wp-json\/wp\/v2\/product_tag?post=758935"}],"curies":[{"name":"wp","href":"https:\/\/api.w.org\/{rel}","templated":true}]}}