{"id":758927,"date":"2025-08-28T08:19:42","date_gmt":"2025-08-28T05:19:42","guid":{"rendered":"https:\/\/roveyayinevi.com.tr\/index.php\/urun\/donusum-31\/"},"modified":"2026-04-16T03:11:50","modified_gmt":"2026-04-16T00:11:50","slug":"donusum-31","status":"publish","type":"product","link":"https:\/\/roveyayinevi.com.tr\/index.php\/urun\/donusum-31\/","title":{"rendered":"D\u00f6n\u00fc\u015f\u00fcm"},"content":{"rendered":"<p>Pazarlamac\u0131l\u0131k yaparak ge\u00e7inen Gregor Samsa\u2019n\u0131n bir sabah uyand\u0131\u011f\u0131nda b\u00f6ce\u011fe d\u00f6n\u00fc\u015fmesini ve hayat\u0131n\u0131n geri kalan\u0131nda da bu haline al\u0131\u015fmaya \u00e7al\u0131\u015fmas\u0131n\u0131 anlat\u0131r. Gregor Samsa yeni hayat\u0131na al\u0131\u015f\u0131rken, ailesi de Gregor Samsa\u2019n\u0131n yeni haline ve Gregor\u2019un \u00e7al\u0131\u015fmad\u0131\u011f\u0131 bir hayata al\u0131\u015fmak zorundad\u0131r.        \u00d6yk\u00fcde; yaln\u0131zl\u0131k, d\u0131\u015flanm\u0131\u015fl\u0131k ve yabanc\u0131la\u015fma temalar\u0131 i\u015flenmektedir. Eser \u00fczerinden \u201ckapitalist d\u00fczene ayak uydurmay\u0131p sistemin istedi\u011fi gibi olmayan insanlar, yak\u0131n \u00e7evresindekiler ve toplum taraf\u0131ndan d\u0131\u015flan\u0131p otoritesini kaybeder\u201d tezi aktar\u0131lmaktad\u0131r. <\/p>\n","protected":false},"excerpt":{"rendered":"<p>Pazarlamac\u0131l\u0131k yaparak ge\u00e7inen Gregor Samsa\u2019n\u0131n bir sabah uyand\u0131\u011f\u0131nda b\u00f6ce\u011fe d\u00f6n\u00fc\u015fmesini ve hayat\u0131n\u0131n geri kalan\u0131nda da bu haline al\u0131\u015fmaya \u00e7al\u0131\u015fmas\u0131n\u0131 anlat\u0131r. Gregor Samsa yeni hayat\u0131na al\u0131\u015f\u0131rken, ailesi<span class=\"excerpt-hellip\"> [\u2026]<\/span><\/p>\n","protected":false},"featured_media":0,"template":"","meta":{"_monsterinsights_skip_tracking":false,"_monsterinsights_sitenote_active":false,"_monsterinsights_sitenote_note":"","_monsterinsights_sitenote_category":0},"product_brand":[],"product_cat":[12291,18202],"product_tag":[],"class_list":{"0":"post-758927","1":"product","2":"type-product","3":"status-publish","5":"product_cat-edebiyat","6":"product_cat-hikaye","7":"pa_cilt-ciltsiz","8":"pa_tur-kitap","9":"pa_yayinevi-kitappazari-yayinlari","10":"pa_yazar-franz-kafka","12":"first","13":"instock","14":"sale","15":"shipping-taxable","16":"purchasable","17":"product-type-simple"},"_links":{"self":[{"href":"https:\/\/roveyayinevi.com.tr\/index.php\/wp-json\/wp\/v2\/product\/758927","targetHints":{"allow":["GET"]}}],"collection":[{"href":"https:\/\/roveyayinevi.com.tr\/index.php\/wp-json\/wp\/v2\/product"}],"about":[{"href":"https:\/\/roveyayinevi.com.tr\/index.php\/wp-json\/wp\/v2\/types\/product"}],"wp:attachment":[{"href":"https:\/\/roveyayinevi.com.tr\/index.php\/wp-json\/wp\/v2\/media?parent=758927"}],"wp:term":[{"taxonomy":"product_brand","embeddable":true,"href":"https:\/\/roveyayinevi.com.tr\/index.php\/wp-json\/wp\/v2\/product_brand?post=758927"},{"taxonomy":"product_cat","embeddable":true,"href":"https:\/\/roveyayinevi.com.tr\/index.php\/wp-json\/wp\/v2\/product_cat?post=758927"},{"taxonomy":"product_tag","embeddable":true,"href":"https:\/\/roveyayinevi.com.tr\/index.php\/wp-json\/wp\/v2\/product_tag?post=758927"}],"curies":[{"name":"wp","href":"https:\/\/api.w.org\/{rel}","templated":true}]}}