{"id":758925,"date":"2025-08-28T08:19:38","date_gmt":"2025-08-28T05:19:38","guid":{"rendered":"https:\/\/roveyayinevi.com.tr\/index.php\/urun\/buyuk-ruyalar-ciltli\/"},"modified":"2026-04-11T03:22:03","modified_gmt":"2026-04-11T00:22:03","slug":"buyuk-ruyalar-ciltli","status":"publish","type":"product","link":"https:\/\/roveyayinevi.com.tr\/index.php\/urun\/buyuk-ruyalar-ciltli\/","title":{"rendered":"B\u00fcy\u00fck R\u00fcyalar (Ciltli)"},"content":{"rendered":"<p>B\u00fcy\u00fck Ay\u0131 ve K\u00fc\u00e7\u00fck Ay\u0131 uzun k\u0131\u015f uykusuna haz\u0131rlan\u0131yorlar. Ama K\u00fc\u00e7\u00fck Ay\u0131 endi\u015feli. Ya B\u00fcy\u00fck Uyku s\u0131ras\u0131nda r\u00fcyalar\u0131 biterse?   B\u00f6ylece k\u00fc\u00e7\u00fck bir ay\u0131, kocaman bir d\u00fcnyan\u0131n i\u00e7inde r\u00fcyalar\u0131 bulmak i\u00e7in b\u00fcy\u00fck bir maceraya at\u0131l\u0131yor. Sevilen yazar Michael Rosen ile Carnegie Madalyas\u0131 aday\u0131 \u00e7izer Daniel Egn\u00e9us\u2019tan umut, dayan\u0131kl\u0131l\u0131k ve bize g\u00fc\u00e7 veren r\u00fcyalara dair b\u00fcy\u00fcleyici bir hik\u00e2ye.<\/p>\n","protected":false},"excerpt":{"rendered":"<p>B\u00fcy\u00fck Ay\u0131 ve K\u00fc\u00e7\u00fck Ay\u0131 uzun k\u0131\u015f uykusuna haz\u0131rlan\u0131yorlar. Ama K\u00fc\u00e7\u00fck Ay\u0131 endi\u015feli. Ya B\u00fcy\u00fck Uyku s\u0131ras\u0131nda r\u00fcyalar\u0131 biterse? B\u00f6ylece k\u00fc\u00e7\u00fck bir ay\u0131, kocaman bir d\u00fcnyan\u0131n<span class=\"excerpt-hellip\"> [\u2026]<\/span><\/p>\n","protected":false},"featured_media":0,"template":"","meta":{"_monsterinsights_skip_tracking":false,"_monsterinsights_sitenote_active":false,"_monsterinsights_sitenote_note":"","_monsterinsights_sitenote_category":0},"product_brand":[],"product_cat":[12274,12284],"product_tag":[],"class_list":{"0":"post-758925","1":"product","2":"type-product","3":"status-publish","5":"product_cat-cocuk-ve-genclik-kitaplari","6":"product_cat-hikayeler","7":"pa_cilt-ciltli","8":"pa_tur-kitap","9":"pa_yayinevi-buyulu-fener-yayinlari","10":"pa_yazar-michael-rosen","12":"first","13":"instock","14":"sale","15":"shipping-taxable","16":"purchasable","17":"product-type-simple"},"_links":{"self":[{"href":"https:\/\/roveyayinevi.com.tr\/index.php\/wp-json\/wp\/v2\/product\/758925","targetHints":{"allow":["GET"]}}],"collection":[{"href":"https:\/\/roveyayinevi.com.tr\/index.php\/wp-json\/wp\/v2\/product"}],"about":[{"href":"https:\/\/roveyayinevi.com.tr\/index.php\/wp-json\/wp\/v2\/types\/product"}],"wp:attachment":[{"href":"https:\/\/roveyayinevi.com.tr\/index.php\/wp-json\/wp\/v2\/media?parent=758925"}],"wp:term":[{"taxonomy":"product_brand","embeddable":true,"href":"https:\/\/roveyayinevi.com.tr\/index.php\/wp-json\/wp\/v2\/product_brand?post=758925"},{"taxonomy":"product_cat","embeddable":true,"href":"https:\/\/roveyayinevi.com.tr\/index.php\/wp-json\/wp\/v2\/product_cat?post=758925"},{"taxonomy":"product_tag","embeddable":true,"href":"https:\/\/roveyayinevi.com.tr\/index.php\/wp-json\/wp\/v2\/product_tag?post=758925"}],"curies":[{"name":"wp","href":"https:\/\/api.w.org\/{rel}","templated":true}]}}