{"id":758923,"date":"2025-08-28T08:19:33","date_gmt":"2025-08-28T05:19:33","guid":{"rendered":"https:\/\/roveyayinevi.com.tr\/index.php\/urun\/milenaya-mektuplar-16\/"},"modified":"2026-04-16T03:11:49","modified_gmt":"2026-04-16T00:11:49","slug":"milenaya-mektuplar-16","status":"publish","type":"product","link":"https:\/\/roveyayinevi.com.tr\/index.php\/urun\/milenaya-mektuplar-16\/","title":{"rendered":"Milena&#8217;ya Mektuplar"},"content":{"rendered":"<p>\u201c  Milena\u2019ya Mektuplar\u201d Franz Kafka\u2019n\u0131n karma\u015f\u0131k ve yo\u011fun bir ili\u015fki ya\u015fad\u0131\u011f\u0131 evli bir \u00c7ek gazeteci ve \u00e7evirmen olan Milena Jesensk\u00e1\u2019ya yazd\u0131\u011f\u0131 mektuplar\u0131n bir derlemesidir. Mektuplar 1920 ile 1923 y\u0131llar\u0131 aras\u0131nda yaz\u0131lm\u0131\u015ft\u0131r ve orijinal dilleri Almancad\u0131r.        Kitap, Kafka\u2019n\u0131n Milena ile aras\u0131ndaki a\u015fk, tutku ve entelekt\u00fcel yolda\u015fl\u0131\u011f\u0131n bir kar\u0131\u015f\u0131m\u0131 olan derin ve karma\u015f\u0131k duygusal ba\u011f\u0131 inceliyor. Kafka, mektuplar arac\u0131l\u0131\u011f\u0131yla edebiyat, yaz\u0131 ve insanl\u0131k durumu hakk\u0131ndaki en i\u00e7ten d\u00fc\u015f\u00fcnce ve duygular\u0131n\u0131 da a\u00e7\u0131\u011fa vuruyor.        Mektuplar Kafka\u2019n\u0131n alametifarikas\u0131 olan i\u00e7 g\u00f6zlem, endi\u015fe ve kendinden \u015f\u00fcphe duyman\u0131n yan\u0131 s\u0131ra etraf\u0131ndaki d\u00fcnyaya dair keskin g\u00f6zlemleriyle doludur. Mektuplar, 20. y\u00fczy\u0131l\u0131n en etkili ve \u00fcnl\u00fc yazarlar\u0131ndan birinin zihnine nadir bir bak\u0131\u015f sunuyor.        Genel olarak, \u201cMilena\u2019ya Mektuplar\u201d iki ola\u011fan\u00fcst\u00fc birey aras\u0131ndaki ili\u015fkinin dokunakl\u0131 ve samimi bir tasviri olmas\u0131n\u0131n yan\u0131 s\u0131ra modern \u00e7a\u011f\u0131n en b\u00fcy\u00fck edebi zihinlerinden birinin zihnine b\u00fcy\u00fcleyici bir bak\u0131\u015f sunuyor <\/p>\n","protected":false},"excerpt":{"rendered":"<p>\u201c Milena\u2019ya Mektuplar\u201d Franz Kafka\u2019n\u0131n karma\u015f\u0131k ve yo\u011fun bir ili\u015fki ya\u015fad\u0131\u011f\u0131 evli bir \u00c7ek gazeteci ve \u00e7evirmen olan Milena Jesensk\u00e1\u2019ya yazd\u0131\u011f\u0131 mektuplar\u0131n bir derlemesidir. Mektuplar 1920<span class=\"excerpt-hellip\"> [\u2026]<\/span><\/p>\n","protected":false},"featured_media":0,"template":"","meta":{"_monsterinsights_skip_tracking":false,"_monsterinsights_sitenote_active":false,"_monsterinsights_sitenote_note":"","_monsterinsights_sitenote_category":0},"product_brand":[],"product_cat":[12291,12711],"product_tag":[],"class_list":{"0":"post-758923","1":"product","2":"type-product","3":"status-publish","5":"product_cat-edebiyat","6":"product_cat-roman-oyku","7":"pa_cilt-ciltsiz","8":"pa_tur-kitap","9":"pa_yayinevi-kitappazari-yayinlari","10":"pa_yazar-franz-kafka","12":"first","13":"instock","14":"sale","15":"shipping-taxable","16":"purchasable","17":"product-type-simple"},"_links":{"self":[{"href":"https:\/\/roveyayinevi.com.tr\/index.php\/wp-json\/wp\/v2\/product\/758923","targetHints":{"allow":["GET"]}}],"collection":[{"href":"https:\/\/roveyayinevi.com.tr\/index.php\/wp-json\/wp\/v2\/product"}],"about":[{"href":"https:\/\/roveyayinevi.com.tr\/index.php\/wp-json\/wp\/v2\/types\/product"}],"wp:attachment":[{"href":"https:\/\/roveyayinevi.com.tr\/index.php\/wp-json\/wp\/v2\/media?parent=758923"}],"wp:term":[{"taxonomy":"product_brand","embeddable":true,"href":"https:\/\/roveyayinevi.com.tr\/index.php\/wp-json\/wp\/v2\/product_brand?post=758923"},{"taxonomy":"product_cat","embeddable":true,"href":"https:\/\/roveyayinevi.com.tr\/index.php\/wp-json\/wp\/v2\/product_cat?post=758923"},{"taxonomy":"product_tag","embeddable":true,"href":"https:\/\/roveyayinevi.com.tr\/index.php\/wp-json\/wp\/v2\/product_tag?post=758923"}],"curies":[{"name":"wp","href":"https:\/\/api.w.org\/{rel}","templated":true}]}}