{"id":758909,"date":"2025-08-28T08:19:07","date_gmt":"2025-08-28T05:19:07","guid":{"rendered":"https:\/\/roveyayinevi.com.tr\/index.php\/urun\/karlar-eriyince\/"},"modified":"2026-04-05T03:14:19","modified_gmt":"2026-04-05T00:14:19","slug":"karlar-eriyince","status":"publish","type":"product","link":"https:\/\/roveyayinevi.com.tr\/index.php\/urun\/karlar-eriyince\/","title":{"rendered":"Karlar Eriyince"},"content":{"rendered":"<p>Cinayet\u2026 Sistemli h\u00e2le getirilen cinayetlerin adlar\u0131n\u0131 de\u011fi\u015ftirip servis etmek insan\u0131n y\u00fczlerce y\u0131ll\u0131k al\u0131\u015fkanl\u0131\u011f\u0131. Yurdunu terk etmek zorunda kalanlar hat\u0131ralar\u0131n\u0131n, sa\u00e7lar\u0131nda esen r\u00fczg\u00e2r\u0131n, kendi diliyle sulanan a\u011fa\u00e7lar\u0131n g\u00f6lgesinin \u00f6ld\u00fcr\u00fcl\u00fc\u015f\u00fcn\u00fcn y\u00fck\u00fcn\u00fc ta\u015f\u0131r. Bu roman, karlar erimeye ba\u015flay\u0131nca donmu\u015f h\u00e2lde bulunan Afrikal\u0131lar\u0131n ger\u00e7ek haberi \u00fczerinden yola \u00e7\u0131k\u0131larak kaleme al\u0131nd\u0131: Alt\u0131 \u00e7ocuk, iki kad\u0131n ve be\u015f erkek, bir de uyu\u015fturucu ka\u00e7ak\u00e7\u0131s\u0131 Doktor S\u0131\u00e7an\u2026 Kendi topra\u011f\u0131ndan neden g\u00f6\u00e7er insan ve neden ba\u015fka bir diyarda \u00e7i\u00e7eklenece\u011fine inan\u0131r? Cevab\u0131 bulan olmad\u0131. En iyisi roman kahramanlar\u0131n\u0131n s\u00f6zlerine kulak vermek: \u201cBilmek istedi\u011fin niyetim\u2026 Ve sen ezel s\u0131rlar\u0131na talip olmak niyetindesin. Bu s\u0131rr\u0131 bizden \u00f6nce \u00e7\u00f6zebilen oldu mu? Perdenin arkas\u0131nda m\u0131y\u0131z, \u00f6n\u00fcnde miyiz?..\u201d Doktor S\u0131\u00e7an, Makaful\u2019u s\u00fczd\u00fc. Aln\u0131ndaki terleri g\u00f6rd\u00fc, dudaklar\u0131 titriyor, nefesi kesik ve d\u00fczensiz \u00e7\u0131k\u0131yordu. Derin bir nefes ald\u0131: \u201cSenin g\u00f6zlerinde eceli g\u00f6rd\u00fcm. V\u00fccudunu saran alevlerin akl\u0131na oynayaca\u011f\u0131 oyunlar korkun\u00e7 olacak. Senin tuhaf say\u0131klamalar\u0131n aras\u0131nda benim anlatt\u0131klar\u0131m kaybolup gidecek. S\u0131r vermek i\u00e7in \u00f6len birinden daha iyisini bulamazs\u0131n. Ecelle pazarl\u0131\u011fa oturan yarg\u0131s\u0131z dinler. Perde arkas\u0131 yak\u0131nda sana apa\u00e7\u0131k g\u00f6sterilecek. G\u00f6lgelerin senin i\u00e7in s\u0131rl\u0131 kalmas\u0131na pek gerek yok.\u201d<\/p>\n","protected":false},"excerpt":{"rendered":"<p>Cinayet\u2026 Sistemli h\u00e2le getirilen cinayetlerin adlar\u0131n\u0131 de\u011fi\u015ftirip servis etmek insan\u0131n y\u00fczlerce y\u0131ll\u0131k al\u0131\u015fkanl\u0131\u011f\u0131. Yurdunu terk etmek zorunda kalanlar hat\u0131ralar\u0131n\u0131n, sa\u00e7lar\u0131nda esen r\u00fczg\u00e2r\u0131n, kendi diliyle sulanan a\u011fa\u00e7lar\u0131n<span class=\"excerpt-hellip\"> [\u2026]<\/span><\/p>\n","protected":false},"featured_media":0,"template":"","meta":{"_monsterinsights_skip_tracking":false,"_monsterinsights_sitenote_active":false,"_monsterinsights_sitenote_note":"","_monsterinsights_sitenote_category":0},"product_brand":[],"product_cat":[12291,12711],"product_tag":[],"class_list":{"0":"post-758909","1":"product","2":"type-product","3":"status-publish","5":"product_cat-edebiyat","6":"product_cat-roman-oyku","7":"pa_cilt-ciltsiz","8":"pa_tur-kitap","9":"pa_yayinevi-panama-yayincilik","10":"pa_yazar-ulku-demiray","12":"first","13":"instock","14":"sale","15":"shipping-taxable","16":"purchasable","17":"product-type-simple"},"_links":{"self":[{"href":"https:\/\/roveyayinevi.com.tr\/index.php\/wp-json\/wp\/v2\/product\/758909","targetHints":{"allow":["GET"]}}],"collection":[{"href":"https:\/\/roveyayinevi.com.tr\/index.php\/wp-json\/wp\/v2\/product"}],"about":[{"href":"https:\/\/roveyayinevi.com.tr\/index.php\/wp-json\/wp\/v2\/types\/product"}],"wp:attachment":[{"href":"https:\/\/roveyayinevi.com.tr\/index.php\/wp-json\/wp\/v2\/media?parent=758909"}],"wp:term":[{"taxonomy":"product_brand","embeddable":true,"href":"https:\/\/roveyayinevi.com.tr\/index.php\/wp-json\/wp\/v2\/product_brand?post=758909"},{"taxonomy":"product_cat","embeddable":true,"href":"https:\/\/roveyayinevi.com.tr\/index.php\/wp-json\/wp\/v2\/product_cat?post=758909"},{"taxonomy":"product_tag","embeddable":true,"href":"https:\/\/roveyayinevi.com.tr\/index.php\/wp-json\/wp\/v2\/product_tag?post=758909"}],"curies":[{"name":"wp","href":"https:\/\/api.w.org\/{rel}","templated":true}]}}