{"id":758907,"date":"2025-08-28T08:19:03","date_gmt":"2025-08-28T05:19:03","guid":{"rendered":"https:\/\/roveyayinevi.com.tr\/index.php\/urun\/adanmislik-2\/"},"modified":"2026-04-16T03:11:49","modified_gmt":"2026-04-16T00:11:49","slug":"adanmislik-2","status":"publish","type":"product","link":"https:\/\/roveyayinevi.com.tr\/index.php\/urun\/adanmislik-2\/","title":{"rendered":"Adanm\u0131\u015fl\u0131k"},"content":{"rendered":"<p>Baz\u0131 hik\u00e2yeler, sadece anlat\u0131lmakla kalmaz, ayn\u0131 zamanda okuyucuyu i\u00e7sel bir yolculu\u011fa \u00e7\u0131kar\u0131r. Adanm\u0131\u015fl\u0131k; a\u015fk\u0131n, fedak\u00e2rl\u0131\u011f\u0131n ve kutsall\u0131\u011f\u0131n hik\u00e2yesidir.   A\u015fk\u0131n daha derin ve evrensel boyutunu ke\u015ffetmeye davet eden Adanm\u0131\u015fl\u0131k, hayat\u0131n karma\u015f\u0131kl\u0131\u011f\u0131 i\u00e7inde a\u015fk\u0131n yeri \u00fczerine derinlemesine d\u00fc\u015f\u00fcnmeye \u00e7a\u011f\u0131ran bir davettir.   A\u015fk\u0131n felsefi bir bak\u0131\u015f a\u00e7\u0131s\u0131yla ele al\u0131nd\u0131\u011f\u0131, \u015fiirsel bir \u00fcslupla yaz\u0131lan bu eser, sevginin salt romantize bir duygu olmas\u0131ndan \u00f6te, evrenin temel bir g\u00fcc\u00fc oldu\u011funu hat\u0131rlat\u0131yor.   A\u015fk\u0131n derinliklerine dalmak, kendi adanm\u0131\u015fl\u0131k hikayenizi ke\u015ffetmek ve i\u00e7sel bir d\u00f6n\u00fc\u015f\u00fcn kap\u0131s\u0131n\u0131 aralamak istiyorsan\u0131z bu kitap, yolculu\u011funuzda size e\u015flik edecektir. <\/p>\n","protected":false},"excerpt":{"rendered":"<p>Baz\u0131 hik\u00e2yeler, sadece anlat\u0131lmakla kalmaz, ayn\u0131 zamanda okuyucuyu i\u00e7sel bir yolculu\u011fa \u00e7\u0131kar\u0131r. Adanm\u0131\u015fl\u0131k; a\u015fk\u0131n, fedak\u00e2rl\u0131\u011f\u0131n ve kutsall\u0131\u011f\u0131n hik\u00e2yesidir. A\u015fk\u0131n daha derin ve evrensel boyutunu ke\u015ffetmeye davet<span class=\"excerpt-hellip\"> [\u2026]<\/span><\/p>\n","protected":false},"featured_media":0,"template":"","meta":{"_monsterinsights_skip_tracking":false,"_monsterinsights_sitenote_active":false,"_monsterinsights_sitenote_note":"","_monsterinsights_sitenote_category":0},"product_brand":[],"product_cat":[12291,12509],"product_tag":[],"class_list":{"0":"post-758907","1":"product","2":"type-product","3":"status-publish","5":"product_cat-edebiyat","6":"product_cat-siir","7":"pa_cilt-ciltsiz","8":"pa_tur-kitap","9":"pa_yayinevi-alkun-kitap","10":"pa_yazar-serhat-seker","12":"first","13":"instock","14":"sale","15":"shipping-taxable","16":"purchasable","17":"product-type-simple"},"_links":{"self":[{"href":"https:\/\/roveyayinevi.com.tr\/index.php\/wp-json\/wp\/v2\/product\/758907","targetHints":{"allow":["GET"]}}],"collection":[{"href":"https:\/\/roveyayinevi.com.tr\/index.php\/wp-json\/wp\/v2\/product"}],"about":[{"href":"https:\/\/roveyayinevi.com.tr\/index.php\/wp-json\/wp\/v2\/types\/product"}],"wp:attachment":[{"href":"https:\/\/roveyayinevi.com.tr\/index.php\/wp-json\/wp\/v2\/media?parent=758907"}],"wp:term":[{"taxonomy":"product_brand","embeddable":true,"href":"https:\/\/roveyayinevi.com.tr\/index.php\/wp-json\/wp\/v2\/product_brand?post=758907"},{"taxonomy":"product_cat","embeddable":true,"href":"https:\/\/roveyayinevi.com.tr\/index.php\/wp-json\/wp\/v2\/product_cat?post=758907"},{"taxonomy":"product_tag","embeddable":true,"href":"https:\/\/roveyayinevi.com.tr\/index.php\/wp-json\/wp\/v2\/product_tag?post=758907"}],"curies":[{"name":"wp","href":"https:\/\/api.w.org\/{rel}","templated":true}]}}