{"id":758905,"date":"2025-08-28T08:19:01","date_gmt":"2025-08-28T05:19:01","guid":{"rendered":"https:\/\/roveyayinevi.com.tr\/index.php\/urun\/holistik-sifa-ve-dogal-taslar\/"},"modified":"2026-04-16T03:11:49","modified_gmt":"2026-04-16T00:11:49","slug":"holistik-sifa-ve-dogal-taslar","status":"publish","type":"product","link":"https:\/\/roveyayinevi.com.tr\/index.php\/urun\/holistik-sifa-ve-dogal-taslar\/","title":{"rendered":"Holistik \u015eifa ve Do\u011fal Ta\u015flar"},"content":{"rendered":"<p>Bu tahmin etti\u011finiz klasik bir do\u011fal ta\u015f kitab\u0131 de\u011fil. Hangi ta\u015f\u0131n ne i\u015fe yarad\u0131\u011f\u0131n\u0131n daha \u00f6tesinde. Ya\u015fam\u0131m\u0131zda t\u0131kanan alanlar\u0131n derinde yatan sebeplerini anlayarak kal\u0131c\u0131 sonu\u00e7lar yaratabilmek ve bu do\u011frultuda ta\u015flar\u0131 kullanmak amac\u0131m\u0131z. Sonu\u00e7tan ziyade sebepler \u00fczerinden yola \u00e7\u0131kaca\u011f\u0131z. Devay\u0131 bulmak i\u00e7in Yaradan\u2019\u0131n b\u0131rakt\u0131\u011f\u0131 \u015fifa izlerini takip edece\u011fiz. Her birimiz kendi ya\u015fam\u0131m\u0131z\u0131n orkestra \u015fefiyiz ve do\u011fada bir\u00e7ok \u015fifa enstr\u00fcman\u0131 mevcut. Bu enstr\u00fcmanlar\u0131 do\u011fru \u015fekilde kullanarak hayat\u0131 muhte\u015fem bir konsere \u00e7evirmek bizim elimizde. Ge\u00e7mi\u015f kadim \u015fifa y\u00f6ntemleri ile ilimden bilime her alanda hakikati anlayarak, i\u00e7 d\u00fcnyam\u0131za \u0131\u015f\u0131k tutaca\u011f\u0131z. Bu kendimize, derinlere bir yolculuk. Bu yolculukta bizim en b\u00fcy\u00fck destek\u00e7imiz, yarat\u0131ma \u015fahitlik ve \u015fehadet etmi\u015f ta\u015flar olacak. <\/p>\n","protected":false},"excerpt":{"rendered":"<p>Bu tahmin etti\u011finiz klasik bir do\u011fal ta\u015f kitab\u0131 de\u011fil. Hangi ta\u015f\u0131n ne i\u015fe yarad\u0131\u011f\u0131n\u0131n daha \u00f6tesinde. Ya\u015fam\u0131m\u0131zda t\u0131kanan alanlar\u0131n derinde yatan sebeplerini anlayarak kal\u0131c\u0131 sonu\u00e7lar yaratabilmek<span class=\"excerpt-hellip\"> [\u2026]<\/span><\/p>\n","protected":false},"featured_media":0,"template":"","meta":{"_monsterinsights_skip_tracking":false,"_monsterinsights_sitenote_active":false,"_monsterinsights_sitenote_note":"","_monsterinsights_sitenote_category":0},"product_brand":[],"product_cat":[13397,13365],"product_tag":[],"class_list":{"0":"post-758905","1":"product","2":"type-product","3":"status-publish","5":"product_cat-alternatif-tip-sifali-bitkiler","6":"product_cat-saglik","7":"pa_cilt-ciltsiz","8":"pa_tur-kitap","9":"pa_yayinevi-feniks-yayinlari","10":"pa_yazar-didem-iyidogan-demir","12":"first","13":"instock","14":"sale","15":"shipping-taxable","16":"purchasable","17":"product-type-simple"},"_links":{"self":[{"href":"https:\/\/roveyayinevi.com.tr\/index.php\/wp-json\/wp\/v2\/product\/758905","targetHints":{"allow":["GET"]}}],"collection":[{"href":"https:\/\/roveyayinevi.com.tr\/index.php\/wp-json\/wp\/v2\/product"}],"about":[{"href":"https:\/\/roveyayinevi.com.tr\/index.php\/wp-json\/wp\/v2\/types\/product"}],"wp:attachment":[{"href":"https:\/\/roveyayinevi.com.tr\/index.php\/wp-json\/wp\/v2\/media?parent=758905"}],"wp:term":[{"taxonomy":"product_brand","embeddable":true,"href":"https:\/\/roveyayinevi.com.tr\/index.php\/wp-json\/wp\/v2\/product_brand?post=758905"},{"taxonomy":"product_cat","embeddable":true,"href":"https:\/\/roveyayinevi.com.tr\/index.php\/wp-json\/wp\/v2\/product_cat?post=758905"},{"taxonomy":"product_tag","embeddable":true,"href":"https:\/\/roveyayinevi.com.tr\/index.php\/wp-json\/wp\/v2\/product_tag?post=758905"}],"curies":[{"name":"wp","href":"https:\/\/api.w.org\/{rel}","templated":true}]}}