{"id":758897,"date":"2025-08-28T08:18:46","date_gmt":"2025-08-28T05:18:46","guid":{"rendered":"https:\/\/roveyayinevi.com.tr\/index.php\/urun\/ubihlarin-masallari-ve-hikayeleri\/"},"modified":"2026-04-16T03:11:49","modified_gmt":"2026-04-16T00:11:49","slug":"ubihlarin-masallari-ve-hikayeleri","status":"publish","type":"product","link":"https:\/\/roveyayinevi.com.tr\/index.php\/urun\/ubihlarin-masallari-ve-hikayeleri\/","title":{"rendered":"Ub\u0131hlar\u0131n Masallar\u0131 ve Hikayeleri"},"content":{"rendered":"<p>Ub\u0131hlar, 1864 B\u00fcy\u00fck \u00c7erkes S\u00fcrg\u00fcn\u00fc ile Kafkasya\u2019dan Anadolu topraklar\u0131na s\u00fcrg\u00fcn edilmi\u015f bir \u00c7erkes halk\u0131d\u0131r. Ub\u0131h\u00e7a dili, son konu\u015fan\u0131 Tevfik Esen\u00e7\u2019in 1992 y\u0131l\u0131ndaki vefat\u0131yla yok olmu\u015ftur. Tevfik Esen\u00e7, farkl\u0131 \u00fclkelerden gelen bilim insanlar\u0131yla yapm\u0131\u015f oldu\u011fu bir\u00e7ok kaynak \u00e7al\u0131\u015fmay\u0131 miras olarak d\u00fcnyam\u0131za b\u0131rakm\u0131\u015f, bu dile ait bildi\u011fi her \u015feyi dilbilimcilerle ve hik\u00e2ye avc\u0131lar\u0131yla payla\u015fm\u0131\u015ft\u0131r. Tabii ki Ub\u0131hlar\u0131n masallar\u0131, hik\u00e2yeleri ve efsaneleri de bu k\u00fclt\u00fcrel miras\u0131n \u00f6nemli konular\u0131ndand\u0131r.   Torunu Burak Esen\u00e7, elinizde tuttu\u011funuz bu kitapla sizlere Ub\u0131hlar\u0131n fantastik d\u00fcnyas\u0131n\u0131n kap\u0131lar\u0131n\u0131 aral\u0131yor.<\/p>\n","protected":false},"excerpt":{"rendered":"<p>Ub\u0131hlar, 1864 B\u00fcy\u00fck \u00c7erkes S\u00fcrg\u00fcn\u00fc ile Kafkasya\u2019dan Anadolu topraklar\u0131na s\u00fcrg\u00fcn edilmi\u015f bir \u00c7erkes halk\u0131d\u0131r. Ub\u0131h\u00e7a dili, son konu\u015fan\u0131 Tevfik Esen\u00e7\u2019in 1992 y\u0131l\u0131ndaki vefat\u0131yla yok olmu\u015ftur. Tevfik<span class=\"excerpt-hellip\"> [\u2026]<\/span><\/p>\n","protected":false},"featured_media":0,"template":"","meta":{"_monsterinsights_skip_tracking":false,"_monsterinsights_sitenote_active":false,"_monsterinsights_sitenote_note":"","_monsterinsights_sitenote_category":0},"product_brand":[],"product_cat":[14060,12291],"product_tag":[],"class_list":{"0":"post-758897","1":"product","2":"type-product","3":"status-publish","5":"product_cat-antoloji","6":"product_cat-edebiyat","7":"pa_cilt-ciltsiz","8":"pa_tur-kitap","9":"pa_yayinevi-luna-yayinlari","10":"pa_yazar-burak-esenc","12":"first","13":"instock","14":"sale","15":"shipping-taxable","16":"purchasable","17":"product-type-simple"},"_links":{"self":[{"href":"https:\/\/roveyayinevi.com.tr\/index.php\/wp-json\/wp\/v2\/product\/758897","targetHints":{"allow":["GET"]}}],"collection":[{"href":"https:\/\/roveyayinevi.com.tr\/index.php\/wp-json\/wp\/v2\/product"}],"about":[{"href":"https:\/\/roveyayinevi.com.tr\/index.php\/wp-json\/wp\/v2\/types\/product"}],"wp:attachment":[{"href":"https:\/\/roveyayinevi.com.tr\/index.php\/wp-json\/wp\/v2\/media?parent=758897"}],"wp:term":[{"taxonomy":"product_brand","embeddable":true,"href":"https:\/\/roveyayinevi.com.tr\/index.php\/wp-json\/wp\/v2\/product_brand?post=758897"},{"taxonomy":"product_cat","embeddable":true,"href":"https:\/\/roveyayinevi.com.tr\/index.php\/wp-json\/wp\/v2\/product_cat?post=758897"},{"taxonomy":"product_tag","embeddable":true,"href":"https:\/\/roveyayinevi.com.tr\/index.php\/wp-json\/wp\/v2\/product_tag?post=758897"}],"curies":[{"name":"wp","href":"https:\/\/api.w.org\/{rel}","templated":true}]}}