{"id":758894,"date":"2025-08-28T08:18:43","date_gmt":"2025-08-28T05:18:43","guid":{"rendered":"https:\/\/roveyayinevi.com.tr\/index.php\/urun\/uygarligin-kaynaklarina-dogru\/"},"modified":"2026-04-16T03:11:49","modified_gmt":"2026-04-16T00:11:49","slug":"uygarligin-kaynaklarina-dogru","status":"publish","type":"product","link":"https:\/\/roveyayinevi.com.tr\/index.php\/urun\/uygarligin-kaynaklarina-dogru\/","title":{"rendered":"Uygarl\u0131\u011f\u0131n Kaynaklar\u0131na Do\u011fru"},"content":{"rendered":"<p>Bu kitap, 1995\u2019te aram\u0131zdan ayr\u0131lan yazar, \u015fair, ele\u015ftirmen ve gazeteci Onat Kutlar ile foto\u011fraf sanat\u00e7\u0131s\u0131 Yavuz Onar\u2019\u0131n 1983 y\u0131l\u0131nda Cumhuriyet gazetesi i\u00e7in haz\u0131rlad\u0131\u011f\u0131 \u201cUygarl\u0131\u011f\u0131n Kaynaklar\u0131na Do\u011fru\u201d ba\u015fl\u0131kl\u0131 r\u00f6portaj dizisindeki metinlerin tamam\u0131n\u0131 i\u00e7eriyor. Dizi, Atat\u00fcrk Baraj\u0131\u2019n\u0131n sular\u0131 alt\u0131nda kalmadan hemen \u00f6nce kurtarma kaz\u0131lar\u0131n\u0131n ba\u015flat\u0131ld\u0131\u011f\u0131 Kurban H\u00f6y\u00fck, Lidar H\u00f6y\u00fck ve Samsat H\u00f6y\u00fck\u2019teki \u00e7al\u0131\u015fmalar\u0131, \u00e7evredeki ya\u015fam\u0131, do\u011fal ve k\u00fclt\u00fcrel varl\u0131klar\u0131 belgelemesi a\u00e7\u0131s\u0131ndan b\u00fcy\u00fck \u00f6nem ta\u015f\u0131yor. Uygarl\u0131klar\u0131n kayna\u011f\u0131n\u0131 tan\u0131mak \u00fczere \u00e7\u0131k\u0131lan yolculuk, usta bir edebiyat\u00e7\u0131 ve bir foto\u011fraf sanat\u00e7\u0131s\u0131n\u0131n bak\u0131\u015f\u0131yla \u015fiirsel bir anlat\u0131ya d\u00f6n\u00fc\u015f\u00fcyor.      Biz Bat\u0131 Anadolu\u2019da ya\u015fayanlar i\u00e7in G\u00fcneydo\u011fu Anadolu, do\u011funun gizemli havas\u0131ndan izler ta\u015f\u0131r her zaman. Bu y\u00fczden ne zaman F\u0131rat Nehri\u2019ni sallar ya da k\u00f6pr\u00fclerle do\u011fuya do\u011fru ge\u00e7ecek olsam kendimi al\u0131\u015f\u0131lmad\u0131k g\u00f6r\u00fcnt\u00fclere, duygulara haz\u0131rlar\u0131m. (&#8230;) Ama bu kez durum bamba\u015fkayd\u0131. Yapmaya karar verdi\u011fimiz yolculuk, b\u00fcy\u00fck \u0131rma\u011f\u0131n, F\u0131rat\u2019\u0131n kaynaklar\u0131na do\u011fru de\u011fil, Anadolu uygarl\u0131klar\u0131n\u0131n binlerce y\u0131ll\u0131k kayna\u011f\u0131na do\u011fru olacakt\u0131.<\/p>\n","protected":false},"excerpt":{"rendered":"<p>Bu kitap, 1995\u2019te aram\u0131zdan ayr\u0131lan yazar, \u015fair, ele\u015ftirmen ve gazeteci Onat Kutlar ile foto\u011fraf sanat\u00e7\u0131s\u0131 Yavuz Onar\u2019\u0131n 1983 y\u0131l\u0131nda Cumhuriyet gazetesi i\u00e7in haz\u0131rlad\u0131\u011f\u0131 \u201cUygarl\u0131\u011f\u0131n Kaynaklar\u0131na Do\u011fru\u201d<span class=\"excerpt-hellip\"> [\u2026]<\/span><\/p>\n","protected":false},"featured_media":0,"template":"","meta":{"_monsterinsights_skip_tracking":false,"_monsterinsights_sitenote_active":false,"_monsterinsights_sitenote_note":"","_monsterinsights_sitenote_category":0},"product_brand":[],"product_cat":[12408,14197],"product_tag":[],"class_list":{"0":"post-758894","1":"product","2":"type-product","3":"status-publish","5":"product_cat-sanat","6":"product_cat-sanat-tarihi","7":"pa_cilt-ciltsiz","8":"pa_tur-kitap","9":"pa_yayinevi-yapi-kredi-yayinlari","10":"pa_yazar-onat-kutlar","12":"first","13":"instock","14":"sale","15":"shipping-taxable","16":"purchasable","17":"product-type-simple"},"_links":{"self":[{"href":"https:\/\/roveyayinevi.com.tr\/index.php\/wp-json\/wp\/v2\/product\/758894","targetHints":{"allow":["GET"]}}],"collection":[{"href":"https:\/\/roveyayinevi.com.tr\/index.php\/wp-json\/wp\/v2\/product"}],"about":[{"href":"https:\/\/roveyayinevi.com.tr\/index.php\/wp-json\/wp\/v2\/types\/product"}],"wp:attachment":[{"href":"https:\/\/roveyayinevi.com.tr\/index.php\/wp-json\/wp\/v2\/media?parent=758894"}],"wp:term":[{"taxonomy":"product_brand","embeddable":true,"href":"https:\/\/roveyayinevi.com.tr\/index.php\/wp-json\/wp\/v2\/product_brand?post=758894"},{"taxonomy":"product_cat","embeddable":true,"href":"https:\/\/roveyayinevi.com.tr\/index.php\/wp-json\/wp\/v2\/product_cat?post=758894"},{"taxonomy":"product_tag","embeddable":true,"href":"https:\/\/roveyayinevi.com.tr\/index.php\/wp-json\/wp\/v2\/product_tag?post=758894"}],"curies":[{"name":"wp","href":"https:\/\/api.w.org\/{rel}","templated":true}]}}