{"id":758890,"date":"2025-08-28T08:18:35","date_gmt":"2025-08-28T05:18:35","guid":{"rendered":"https:\/\/roveyayinevi.com.tr\/index.php\/urun\/nihilizmde-sen\/"},"modified":"2026-04-16T03:11:49","modified_gmt":"2026-04-16T00:11:49","slug":"nihilizmde-sen","status":"publish","type":"product","link":"https:\/\/roveyayinevi.com.tr\/index.php\/urun\/nihilizmde-sen\/","title":{"rendered":"Nihilizmde Sen"},"content":{"rendered":"<p>Zemheriyi soluyor m\u00fcptela an\u0131lar\u0131m Buza kesmi\u015f illegal hayallerim e\u015fli\u011finde Raks ediyor ruhumda hasret ve a\u015fk g\u00f6z g\u00f6ze \u00c7o\u011fald\u0131ksa \u00e7o\u011fal\u0131yor \u00f6zlem i\u00e7imdeki bo\u015flukta G\u00f6n\u00fcl h\u00fccremde h\u00fck\u00fcm giymi\u015f mahpusluk sevdam <\/p>\n","protected":false},"excerpt":{"rendered":"<p>Zemheriyi soluyor m\u00fcptela an\u0131lar\u0131m Buza kesmi\u015f illegal hayallerim e\u015fli\u011finde Raks ediyor ruhumda hasret ve a\u015fk g\u00f6z g\u00f6ze \u00c7o\u011fald\u0131ksa \u00e7o\u011fal\u0131yor \u00f6zlem i\u00e7imdeki bo\u015flukta G\u00f6n\u00fcl h\u00fccremde h\u00fck\u00fcm giymi\u015f<span class=\"excerpt-hellip\"> [\u2026]<\/span><\/p>\n","protected":false},"featured_media":0,"template":"","meta":{"_monsterinsights_skip_tracking":false,"_monsterinsights_sitenote_active":false,"_monsterinsights_sitenote_note":"","_monsterinsights_sitenote_category":0},"product_brand":[],"product_cat":[12291,12509],"product_tag":[],"class_list":{"0":"post-758890","1":"product","2":"type-product","3":"status-publish","5":"product_cat-edebiyat","6":"product_cat-siir","7":"pa_cilt-ciltsiz","8":"pa_tur-kitap","9":"pa_yayinevi-imla-yayinevi","10":"pa_yazar-gulsum-coskun","12":"first","13":"instock","14":"sale","15":"shipping-taxable","16":"purchasable","17":"product-type-simple"},"_links":{"self":[{"href":"https:\/\/roveyayinevi.com.tr\/index.php\/wp-json\/wp\/v2\/product\/758890","targetHints":{"allow":["GET"]}}],"collection":[{"href":"https:\/\/roveyayinevi.com.tr\/index.php\/wp-json\/wp\/v2\/product"}],"about":[{"href":"https:\/\/roveyayinevi.com.tr\/index.php\/wp-json\/wp\/v2\/types\/product"}],"wp:attachment":[{"href":"https:\/\/roveyayinevi.com.tr\/index.php\/wp-json\/wp\/v2\/media?parent=758890"}],"wp:term":[{"taxonomy":"product_brand","embeddable":true,"href":"https:\/\/roveyayinevi.com.tr\/index.php\/wp-json\/wp\/v2\/product_brand?post=758890"},{"taxonomy":"product_cat","embeddable":true,"href":"https:\/\/roveyayinevi.com.tr\/index.php\/wp-json\/wp\/v2\/product_cat?post=758890"},{"taxonomy":"product_tag","embeddable":true,"href":"https:\/\/roveyayinevi.com.tr\/index.php\/wp-json\/wp\/v2\/product_tag?post=758890"}],"curies":[{"name":"wp","href":"https:\/\/api.w.org\/{rel}","templated":true}]}}