{"id":758880,"date":"2025-08-28T08:18:17","date_gmt":"2025-08-28T05:18:17","guid":{"rendered":"https:\/\/roveyayinevi.com.tr\/index.php\/urun\/anaokulu-kedisi-hayat\/"},"modified":"2026-04-16T03:11:49","modified_gmt":"2026-04-16T00:11:49","slug":"anaokulu-kedisi-hayat","status":"publish","type":"product","link":"https:\/\/roveyayinevi.com.tr\/index.php\/urun\/anaokulu-kedisi-hayat\/","title":{"rendered":"Anaokulu Kedisi Hayat"},"content":{"rendered":"<p>Hayat\u2019\u0131n \u00f6yk\u00fcs\u00fc, engelleri a\u015fmada sevginin ve dayan\u0131\u015fman\u0131n g\u00fcc\u00fcn\u00fc \u00f6zg\u00fcn bir \u015fekilde yans\u0131t\u0131yor. Merakl\u0131 bir yavru kedinin ya\u015fad\u0131\u011f\u0131 bu macera, \u00e7ocuklar i\u00e7in de\u011ferli bir \u00f6\u011frenme deneyimi sunuyor. Sadece kendi yeteneklerini ve s\u0131n\u0131rlar\u0131n\u0131 bilmenin de\u011fil, ayn\u0131 zamanda arkada\u015flarla i\u015f birli\u011fi i\u00e7inde olman\u0131n, farkl\u0131 olan\u0131 kucaklaman\u0131n de\u011ferini de \u00f6\u011frenecekleri bir ser\u00fcvene d\u00f6n\u00fc\u015f\u00fcyor. Anaokulu Kedisi Hayat\u2019\u0131n d\u00fcnyas\u0131na kat\u0131l\u0131n ve her ya\u015ftan okurun kalbini \u0131s\u0131tacak bu dokunakl\u0131 \u00f6yk\u00fcn\u00fcn tad\u0131n\u0131 \u00e7\u0131kar\u0131n. <\/p>\n","protected":false},"excerpt":{"rendered":"<p>Hayat\u2019\u0131n \u00f6yk\u00fcs\u00fc, engelleri a\u015fmada sevginin ve dayan\u0131\u015fman\u0131n g\u00fcc\u00fcn\u00fc \u00f6zg\u00fcn bir \u015fekilde yans\u0131t\u0131yor. Merakl\u0131 bir yavru kedinin ya\u015fad\u0131\u011f\u0131 bu macera, \u00e7ocuklar i\u00e7in de\u011ferli bir \u00f6\u011frenme deneyimi sunuyor.<span class=\"excerpt-hellip\"> [\u2026]<\/span><\/p>\n","protected":false},"featured_media":0,"template":"","meta":{"_monsterinsights_skip_tracking":false,"_monsterinsights_sitenote_active":false,"_monsterinsights_sitenote_note":"","_monsterinsights_sitenote_category":0},"product_brand":[],"product_cat":[12274,12284],"product_tag":[],"class_list":{"0":"post-758880","1":"product","2":"type-product","3":"status-publish","5":"product_cat-cocuk-ve-genclik-kitaplari","6":"product_cat-hikayeler","7":"pa_cilt-ciltsiz","8":"pa_tur-kitap","9":"pa_yayinevi-kok-yayinevi","10":"pa_yazar-gunhan-tasdonduren","12":"first","13":"instock","14":"sale","15":"shipping-taxable","16":"purchasable","17":"product-type-simple"},"_links":{"self":[{"href":"https:\/\/roveyayinevi.com.tr\/index.php\/wp-json\/wp\/v2\/product\/758880","targetHints":{"allow":["GET"]}}],"collection":[{"href":"https:\/\/roveyayinevi.com.tr\/index.php\/wp-json\/wp\/v2\/product"}],"about":[{"href":"https:\/\/roveyayinevi.com.tr\/index.php\/wp-json\/wp\/v2\/types\/product"}],"wp:attachment":[{"href":"https:\/\/roveyayinevi.com.tr\/index.php\/wp-json\/wp\/v2\/media?parent=758880"}],"wp:term":[{"taxonomy":"product_brand","embeddable":true,"href":"https:\/\/roveyayinevi.com.tr\/index.php\/wp-json\/wp\/v2\/product_brand?post=758880"},{"taxonomy":"product_cat","embeddable":true,"href":"https:\/\/roveyayinevi.com.tr\/index.php\/wp-json\/wp\/v2\/product_cat?post=758880"},{"taxonomy":"product_tag","embeddable":true,"href":"https:\/\/roveyayinevi.com.tr\/index.php\/wp-json\/wp\/v2\/product_tag?post=758880"}],"curies":[{"name":"wp","href":"https:\/\/api.w.org\/{rel}","templated":true}]}}