{"id":758876,"date":"2025-08-28T08:18:10","date_gmt":"2025-08-28T05:18:10","guid":{"rendered":"https:\/\/roveyayinevi.com.tr\/index.php\/urun\/dinosaurium-dinozor-muzesine-hos-geldiniz-ciltli\/"},"modified":"2026-04-16T03:11:49","modified_gmt":"2026-04-16T00:11:49","slug":"dinosaurium-dinozor-muzesine-hos-geldiniz-ciltli","status":"publish","type":"product","link":"https:\/\/roveyayinevi.com.tr\/index.php\/urun\/dinosaurium-dinozor-muzesine-hos-geldiniz-ciltli\/","title":{"rendered":"Dinosaurium &#8211; Dinozor M\u00fczesine Ho\u015f Geldiniz (Ciltli)"},"content":{"rendered":"<p>Dinozor M\u00fczesine Ho\u015fgeldiniz: Dinosaurium Her zaman her ya\u015ftan okuyucuya a\u00e7\u0131k olan \u201cM\u00fczeye Ho\u015f Geldiniz\u201d serisinin en yenisi bu kez okuyucular\u0131n\u0131; bir zamanlar d\u00fcnyaya h\u00fckmeden dinozorlar\u0131, daha \u00f6nce hi\u00e7 bilmedikleri y\u00f6nleri ile ke\u015ffetmeye davet ediyor.Etkileyici bir sergi deneyimi sunmak i\u00e7in ustal\u0131kla haz\u0131rlanm\u0131\u015f dinozor g\u00f6rsellerini ve k\u00fc\u00e7\u00fcc\u00fck Troodon\u2019dan devasa Brachiosaurus\u2019a kadar Mezozoik canavarlar\u0131n ola\u011fan\u00fcst\u00fc koleksiyonunu incelemek i\u00e7in harika bir ansiklopedik kaynak olan DINOSAURIUM, her evin \u201ckapa\u011f\u0131 en s\u0131k a\u00e7\u0131lan\u201d kitab\u0131 olmaya aday!<\/p>\n","protected":false},"excerpt":{"rendered":"<p>Dinozor M\u00fczesine Ho\u015fgeldiniz: Dinosaurium Her zaman her ya\u015ftan okuyucuya a\u00e7\u0131k olan \u201cM\u00fczeye Ho\u015f Geldiniz\u201d serisinin en yenisi bu kez okuyucular\u0131n\u0131; bir zamanlar d\u00fcnyaya h\u00fckmeden dinozorlar\u0131, daha<span class=\"excerpt-hellip\"> [\u2026]<\/span><\/p>\n","protected":false},"featured_media":0,"template":"","meta":{"_monsterinsights_skip_tracking":false,"_monsterinsights_sitenote_active":false,"_monsterinsights_sitenote_note":"","_monsterinsights_sitenote_category":0},"product_brand":[],"product_cat":[12274],"product_tag":[],"class_list":{"0":"post-758876","1":"product","2":"type-product","3":"status-publish","5":"product_cat-cocuk-ve-genclik-kitaplari","6":"pa_cilt-ciltli","7":"pa_tur-kitap","8":"pa_yayinevi-megakids-yayincilik","9":"pa_yazar-lily-murray","11":"first","12":"instock","13":"sale","14":"shipping-taxable","15":"purchasable","16":"product-type-simple"},"_links":{"self":[{"href":"https:\/\/roveyayinevi.com.tr\/index.php\/wp-json\/wp\/v2\/product\/758876","targetHints":{"allow":["GET"]}}],"collection":[{"href":"https:\/\/roveyayinevi.com.tr\/index.php\/wp-json\/wp\/v2\/product"}],"about":[{"href":"https:\/\/roveyayinevi.com.tr\/index.php\/wp-json\/wp\/v2\/types\/product"}],"wp:attachment":[{"href":"https:\/\/roveyayinevi.com.tr\/index.php\/wp-json\/wp\/v2\/media?parent=758876"}],"wp:term":[{"taxonomy":"product_brand","embeddable":true,"href":"https:\/\/roveyayinevi.com.tr\/index.php\/wp-json\/wp\/v2\/product_brand?post=758876"},{"taxonomy":"product_cat","embeddable":true,"href":"https:\/\/roveyayinevi.com.tr\/index.php\/wp-json\/wp\/v2\/product_cat?post=758876"},{"taxonomy":"product_tag","embeddable":true,"href":"https:\/\/roveyayinevi.com.tr\/index.php\/wp-json\/wp\/v2\/product_tag?post=758876"}],"curies":[{"name":"wp","href":"https:\/\/api.w.org\/{rel}","templated":true}]}}