{"id":758854,"date":"2025-08-28T08:17:36","date_gmt":"2025-08-28T05:17:36","guid":{"rendered":"https:\/\/roveyayinevi.com.tr\/index.php\/urun\/kendi-penceremizden\/"},"modified":"2026-04-16T03:11:48","modified_gmt":"2026-04-16T00:11:48","slug":"kendi-penceremizden","status":"publish","type":"product","link":"https:\/\/roveyayinevi.com.tr\/index.php\/urun\/kendi-penceremizden\/","title":{"rendered":"Kendi Penceremizden"},"content":{"rendered":"<p>Bunal\u0131m\u0131n her \u00e7e\u015fidini ya\u015fayan g\u00fcn\u00fcm\u00fcz insan\u0131na bu stresli ya\u015famdan kurtulmas\u0131 i\u00e7in bir \u00e7\u0131k\u0131\u015f yolu kendi penceremizden g\u00f6sterilmeyecekse, \u015fu evrende birlikte soluk al\u0131p vermemizin ne anlam\u0131 ve ne de\u011feri olabilir? D\u0131\u015far\u0131 a\u00e7\u0131lan her pencere umuda, sevgiye, g\u00fczelli\u011fe ve hayata a\u00e7\u0131l\u0131yorsa o pencerenin bir anlam\u0131 ve mesaj\u0131 olur&#8230; De\u011filse yaraya merhem olmayan, umuda kanat aralamayan, sevgiyle, huzurla dolu bir ya\u015fam\u0131 mu\u015ftulamayan pencere, kapans\u0131n gitsin! G\u00f6n\u00fcl ve ruh pencereleri birbirine a\u00e7\u0131k olan insanlar\u0131n varl\u0131\u011f\u0131yla ancak bir toplum i\u00e7ine d\u00fc\u015ft\u00fc\u011f\u00fc stres, bunal\u0131m ve kaostan \u00e7\u0131kabilir&#8230; \u0130nsan\u0131n huzuru ve mutlulu\u011fu i\u00e7in ba\u015fka da bir \u00e7\u0131k\u0131\u015f yolu g\u00f6z\u00fckmemektedir bu hayatta\u2026 B\u00fct\u00fcn bu i\u00e7 karart\u0131c\u0131 ger\u00e7ekli\u011fe kar\u015f\u0131n, edebiyat ve sanat d\u00fcnyas\u0131na bakmay\u0131 ihmal etmemek gerekiyor. Biliyoruz ve inan\u0131yoruz ki, k\u00fclt\u00fcr ve edebiyat d\u00fcnyas\u0131, sanat d\u00fcnyas\u0131 \u00f6zg\u00fcn bir bi\u00e7imde geli\u015fip insan ruhunda yer etti\u011fi oranda hayat, bir anlam, bir g\u00fczellik ve bir tat kazan\u0131r. \u0130nsana, ger\u00e7ek manada de\u011fer veren bir zihniyetten do\u011fan, bir sanat\u0131n, bir yaz\u0131n\u0131n, bir etkinli\u011fin ancak toplumu sar\u0131p sarmalay\u0131p kucaklamas\u0131 m\u00fcmk\u00fcn olabilir&#8230; Bu ruh ve ideal, d\u00fcnyadaki t\u00fcm m\u00fchterislerin sahip olma h\u0131rs\u0131yla yapt\u0131klar\u0131 plan ve projeleri de\u015fifre edecek ve insanl\u0131\u011fa \u0131\u015f\u0131\u011f\u0131n penceresini a\u00e7acakt\u0131r. Yeter ki o m\u00fchterislere teslim olmas\u0131nlar ve ta\u015f\u0131d\u0131klar\u0131 de\u011ferlere sahip \u00e7\u0131ks\u0131nlar. G\u00fczele, iyili\u011fe, k\u00fclt\u00fcre, sanata ve edebiyata ula\u015fmak i\u00e7in sarf edilen bir gayreti okuyacaks\u0131n\u0131z bu \u00e7al\u0131\u015fmada. \u0130nsana verilen de\u011fere, onu y\u00fcceltmeye ve hak etti\u011fi yerde g\u00f6rmeye y\u00f6nelik bu gayret, umar\u0131m g\u00fczel insanlar\u0131n ilgisini \u00e7eker ve onlara fayda sa\u011flar. <\/p>\n","protected":false},"excerpt":{"rendered":"<p>Bunal\u0131m\u0131n her \u00e7e\u015fidini ya\u015fayan g\u00fcn\u00fcm\u00fcz insan\u0131na bu stresli ya\u015famdan kurtulmas\u0131 i\u00e7in bir \u00e7\u0131k\u0131\u015f yolu kendi penceremizden g\u00f6sterilmeyecekse, \u015fu evrende birlikte soluk al\u0131p vermemizin ne anlam\u0131 ve<span class=\"excerpt-hellip\"> [\u2026]<\/span><\/p>\n","protected":false},"featured_media":0,"template":"","meta":{"_monsterinsights_skip_tracking":false,"_monsterinsights_sitenote_active":false,"_monsterinsights_sitenote_note":"","_monsterinsights_sitenote_category":0},"product_brand":[],"product_cat":[12777,12291],"product_tag":[],"class_list":{"0":"post-758854","1":"product","2":"type-product","3":"status-publish","5":"product_cat-deneme","6":"product_cat-edebiyat","7":"pa_cilt-ciltsiz","8":"pa_tur-kitap","9":"pa_yayinevi-soncag","10":"pa_yazar-nizameddin-duran","12":"first","13":"instock","14":"sale","15":"shipping-taxable","16":"purchasable","17":"product-type-simple"},"_links":{"self":[{"href":"https:\/\/roveyayinevi.com.tr\/index.php\/wp-json\/wp\/v2\/product\/758854","targetHints":{"allow":["GET"]}}],"collection":[{"href":"https:\/\/roveyayinevi.com.tr\/index.php\/wp-json\/wp\/v2\/product"}],"about":[{"href":"https:\/\/roveyayinevi.com.tr\/index.php\/wp-json\/wp\/v2\/types\/product"}],"wp:attachment":[{"href":"https:\/\/roveyayinevi.com.tr\/index.php\/wp-json\/wp\/v2\/media?parent=758854"}],"wp:term":[{"taxonomy":"product_brand","embeddable":true,"href":"https:\/\/roveyayinevi.com.tr\/index.php\/wp-json\/wp\/v2\/product_brand?post=758854"},{"taxonomy":"product_cat","embeddable":true,"href":"https:\/\/roveyayinevi.com.tr\/index.php\/wp-json\/wp\/v2\/product_cat?post=758854"},{"taxonomy":"product_tag","embeddable":true,"href":"https:\/\/roveyayinevi.com.tr\/index.php\/wp-json\/wp\/v2\/product_tag?post=758854"}],"curies":[{"name":"wp","href":"https:\/\/api.w.org\/{rel}","templated":true}]}}