{"id":758852,"date":"2025-08-28T08:17:31","date_gmt":"2025-08-28T05:17:31","guid":{"rendered":"https:\/\/roveyayinevi.com.tr\/index.php\/urun\/kan-ahdi\/"},"modified":"2026-04-16T03:11:48","modified_gmt":"2026-04-16T00:11:48","slug":"kan-ahdi","status":"publish","type":"product","link":"https:\/\/roveyayinevi.com.tr\/index.php\/urun\/kan-ahdi\/","title":{"rendered":"Kan Ahdi"},"content":{"rendered":"<p>\u00c7oktan ya\u015fanm\u0131\u015f bir zamanda, olmu\u015f olanda olacak olan i\u00e7in olmakta olana t\u00fcm iradelerin \u00fczerinde bir h\u00fck\u00fcmle oyun kurulmu\u015f ve Unutulmu\u015f olan Kan Ahdi&#8217;nin vaatleri ger\u00e7ekle\u015fmi\u015f bedel i\u00e7in geliyordu. Ahdedilmi\u015f olan Kaderin Se\u00e7ti\u011fi kanl\u0131 yoldan sona do\u011fru ilerlerken Sonsuzluktan Do\u011fan ile \u0130nyadorva&#8217;daki ya\u015fam\u0131n sonu ve Korak&#8217;\u0131n yok olu\u015funu getirecek olan bir m\u00fccadelenin i\u00e7erisine girmek \u00fczere. Kibirleri alt\u0131nda ezilen insanlar sonsuzlu\u011fun yozla\u015fm\u0131\u015f \u015fehvetine do\u011fru ilerlerken Kaderin Se\u00e7ti\u011fi, kaderi sona ta\u015f\u0131yacak olan yolda, ayd\u0131nl\u0131\u011f\u0131n ve karanl\u0131\u011f\u0131n aras\u0131nda \u00fc\u00e7\u00fcnc\u00fc bir yol aray\u0131\u015f\u0131nda. Asla var olmam\u0131\u015f ve var olmayacak tek yolda ilerlerken Korak, Ahdedildi\u011fi \u00fczere kan kusacak.   Mutluluk g\u00f6zya\u015flar\u0131 d\u00f6kece\u011fiz g\u00f6zlerimiz kuruyana kadar! Karanl\u0131klar\u0131n i\u00e7erisinde ya\u015fayaca\u011f\u0131z benli\u011fimiz solana kadar! Bekleyece\u011fiz g\u00f6ren g\u00f6zlere gece \u00e7\u00f6kene kadar! G\u00fcne\u015f do\u011funca sava\u015f\u0131p \u00f6lece\u011fiz nehirler kuruyana kadar! Kaderin Se\u00e7ti\u011fi bizi sona ta\u015f\u0131rken, ate\u015f, k\u00fcl ve toprakta Koruyaca\u011f\u0131z onu, kaderi sona ta\u015f\u0131yana kadar!   Brollhal ve o\u011fullar\u0131 K\u00f6r Muhaf\u0131zlar\u0131n do\u011fu\u015fu ve yeminleri D\u00fcnyan\u0131n \u00c7\u00f6k\u00fc\u015f\u00fcnden Sonra II. Eramsar \u00c7a\u011f\u0131 \u2013 Zaman\u0131n Olmad\u0131\u011f\u0131 Tarihler<\/p>\n","protected":false},"excerpt":{"rendered":"<p>\u00c7oktan ya\u015fanm\u0131\u015f bir zamanda, olmu\u015f olanda olacak olan i\u00e7in olmakta olana t\u00fcm iradelerin \u00fczerinde bir h\u00fck\u00fcmle oyun kurulmu\u015f ve Unutulmu\u015f olan Kan Ahdi&#8217;nin vaatleri ger\u00e7ekle\u015fmi\u015f bedel<span class=\"excerpt-hellip\"> [\u2026]<\/span><\/p>\n","protected":false},"featured_media":0,"template":"","meta":{"_monsterinsights_skip_tracking":false,"_monsterinsights_sitenote_active":false,"_monsterinsights_sitenote_note":"","_monsterinsights_sitenote_category":0},"product_brand":[],"product_cat":[12291,14777],"product_tag":[],"class_list":{"0":"post-758852","1":"product","2":"type-product","3":"status-publish","5":"product_cat-edebiyat","6":"product_cat-fantastik","7":"pa_cilt-ciltsiz","8":"pa_tur-kitap","9":"pa_yayinevi-perseus","10":"pa_yazar-onur-can-sumer","12":"first","13":"instock","14":"sale","15":"shipping-taxable","16":"purchasable","17":"product-type-simple"},"_links":{"self":[{"href":"https:\/\/roveyayinevi.com.tr\/index.php\/wp-json\/wp\/v2\/product\/758852","targetHints":{"allow":["GET"]}}],"collection":[{"href":"https:\/\/roveyayinevi.com.tr\/index.php\/wp-json\/wp\/v2\/product"}],"about":[{"href":"https:\/\/roveyayinevi.com.tr\/index.php\/wp-json\/wp\/v2\/types\/product"}],"wp:attachment":[{"href":"https:\/\/roveyayinevi.com.tr\/index.php\/wp-json\/wp\/v2\/media?parent=758852"}],"wp:term":[{"taxonomy":"product_brand","embeddable":true,"href":"https:\/\/roveyayinevi.com.tr\/index.php\/wp-json\/wp\/v2\/product_brand?post=758852"},{"taxonomy":"product_cat","embeddable":true,"href":"https:\/\/roveyayinevi.com.tr\/index.php\/wp-json\/wp\/v2\/product_cat?post=758852"},{"taxonomy":"product_tag","embeddable":true,"href":"https:\/\/roveyayinevi.com.tr\/index.php\/wp-json\/wp\/v2\/product_tag?post=758852"}],"curies":[{"name":"wp","href":"https:\/\/api.w.org\/{rel}","templated":true}]}}