{"id":758836,"date":"2025-08-28T08:17:02","date_gmt":"2025-08-28T05:17:02","guid":{"rendered":"https:\/\/roveyayinevi.com.tr\/index.php\/urun\/ne-kaldi-bizden-geriye\/"},"modified":"2026-04-16T03:11:48","modified_gmt":"2026-04-16T00:11:48","slug":"ne-kaldi-bizden-geriye","status":"publish","type":"product","link":"https:\/\/roveyayinevi.com.tr\/index.php\/urun\/ne-kaldi-bizden-geriye\/","title":{"rendered":"Ne Kald\u0131 Bizden Geriye"},"content":{"rendered":"<p>\u201cYolda\u015flar, nasip olmazsa g\u00f6rmek o g\u00fcn\u00fc, \u00f6l\u00fcrsem kurtulu\u015ftan \u00f6nce yani, al\u0131p g\u00f6t\u00fcr\u00fcn Anadolu\u2019da bir k\u00f6y mezarl\u0131\u011f\u0131na g\u00f6m\u00fcn beni.\u201d \u2013 N\u00e2z\u0131m Hikmet   Nas\u0131l sonu\u00e7lan\u0131rsa sonu\u00e7lans\u0131n verilen t\u00fcm m\u00fccadelelerden geriye kalanlar umutlara dokunan bir iz b\u0131rak\u0131r. Bazen g\u00fcn\u00fc, bazen toplumu, bazen de d\u00fcnyay\u0131 daha iyiye g\u00f6t\u00fcrebilme umudunun izidir bu. Ne Kald\u0131 Bizden Geriye, toplumsal hareketlerin etkisiyle, Askeri Hava Lisesi\u2019nde \u015fekillenen antiemperyalist m\u00fccadele d\u00fc\u015f\u00fcncesinin yolculu\u011fu. Ordudaki farkl\u0131 cuntalar ve bask\u0131lar kar\u015f\u0131s\u0131nda vatan\u0131 ve ulusu u\u011fruna inand\u0131\u011f\u0131 de\u011ferleri savunan Mehmet Alkaya\u2019n\u0131n tan\u0131kl\u0131\u011f\u0131, T\u00fcrkiye tarihinin darbelerle ku\u015fat\u0131lm\u0131\u015f, 27 May\u0131s\u2019tan 12 Eyl\u00fcl\u2019e kadar olan s\u00fcrecini anlat\u0131yor.   \u00dcstelik bu tan\u0131kl\u0131k, yaln\u0131zca onun hik\u00e2yesi de\u011fil, ayn\u0131 zamanda toplumun ve d\u00f6nemin de portresi. Toplumsal hareketlerin i\u00e7inde yer alm\u0131\u015f bir eski askerin g\u00f6z\u00fcnden, ideallerin, umutlar\u0131n ve hayal k\u0131r\u0131kl\u0131klar\u0131n\u0131n kar\u0131\u015f\u0131m\u0131n\u0131 sunuyor. Ge\u00e7mi\u015fin izleriyle toplumsal de\u011fi\u015fimin nas\u0131l \u015fekillendi\u011fine \u0131\u015f\u0131k tutuyor ve toplumsal haf\u0131zam\u0131za katk\u0131 sa\u011fl\u0131yor. <\/p>\n","protected":false},"excerpt":{"rendered":"<p>\u201cYolda\u015flar, nasip olmazsa g\u00f6rmek o g\u00fcn\u00fc, \u00f6l\u00fcrsem kurtulu\u015ftan \u00f6nce yani, al\u0131p g\u00f6t\u00fcr\u00fcn Anadolu\u2019da bir k\u00f6y mezarl\u0131\u011f\u0131na g\u00f6m\u00fcn beni.\u201d \u2013 N\u00e2z\u0131m Hikmet Nas\u0131l sonu\u00e7lan\u0131rsa sonu\u00e7lans\u0131n verilen t\u00fcm<span class=\"excerpt-hellip\"> [\u2026]<\/span><\/p>\n","protected":false},"featured_media":0,"template":"","meta":{"_monsterinsights_skip_tracking":false,"_monsterinsights_sitenote_active":false,"_monsterinsights_sitenote_note":"","_monsterinsights_sitenote_category":0},"product_brand":[],"product_cat":[12291,30969],"product_tag":[],"class_list":{"0":"post-758836","1":"product","2":"type-product","3":"status-publish","5":"product_cat-edebiyat","6":"product_cat-soylesi-edebiyat","7":"pa_cilt-ciltsiz","8":"pa_tur-kitap","9":"pa_yayinevi-destek-yayinlari","10":"pa_yazar-mehmet-alkaya","12":"first","13":"instock","14":"sale","15":"shipping-taxable","16":"purchasable","17":"product-type-simple"},"_links":{"self":[{"href":"https:\/\/roveyayinevi.com.tr\/index.php\/wp-json\/wp\/v2\/product\/758836","targetHints":{"allow":["GET"]}}],"collection":[{"href":"https:\/\/roveyayinevi.com.tr\/index.php\/wp-json\/wp\/v2\/product"}],"about":[{"href":"https:\/\/roveyayinevi.com.tr\/index.php\/wp-json\/wp\/v2\/types\/product"}],"wp:attachment":[{"href":"https:\/\/roveyayinevi.com.tr\/index.php\/wp-json\/wp\/v2\/media?parent=758836"}],"wp:term":[{"taxonomy":"product_brand","embeddable":true,"href":"https:\/\/roveyayinevi.com.tr\/index.php\/wp-json\/wp\/v2\/product_brand?post=758836"},{"taxonomy":"product_cat","embeddable":true,"href":"https:\/\/roveyayinevi.com.tr\/index.php\/wp-json\/wp\/v2\/product_cat?post=758836"},{"taxonomy":"product_tag","embeddable":true,"href":"https:\/\/roveyayinevi.com.tr\/index.php\/wp-json\/wp\/v2\/product_tag?post=758836"}],"curies":[{"name":"wp","href":"https:\/\/api.w.org\/{rel}","templated":true}]}}

Ne Kaldı Bizden Geriye

<p>“Yoldaşlar, nasip olmazsa görmek o günü, ölürsem kurtuluştan önce yani, alıp götürün Anadolu’da bir köy mezarlığına gömün beni.” – Nâzım Hikmet   Nasıl sonuçlanırsa sonuçlansın verilen tüm mücadelelerden geriye kalanlar umutlara dokunan bir iz bırakır. Bazen günü, bazen toplumu, bazen de dünyayı daha iyiye götürebilme umudunun izidir bu. Ne Kaldı Bizden Geriye, toplumsal hareketlerin etkisiyle, Askeri Hava Lisesi’nde şekillenen antiemperyalist mücadele düşüncesinin yolculuğu. Ordudaki farklı cuntalar ve baskılar karşısında vatanı ve ulusu uğruna inandığı değerleri savunan Mehmet Alkaya’nın tanıklığı, Türkiye tarihinin darbelerle kuşatılmış, 27 Mayıs’tan 12 Eylül’e kadar olan sürecini anlatıyor.   Üstelik bu tanıklık, yalnızca onun hikâyesi değil, aynı zamanda toplumun ve dönemin de portresi. Toplumsal hareketlerin içinde yer almış bir eski askerin gözünden, ideallerin, umutların ve hayal kırıklıklarının karışımını sunuyor. Geçmişin izleriyle toplumsal değişimin nasıl şekillendiğine ışık tutuyor ve toplumsal hafızamıza katkı sağlıyor. </p>

<p>“Yoldaşlar, nasip olmazsa görmek o günü, ölürsem kurtuluştan önce yani, alıp götürün Anadolu’da bir köy mezarlığına gömün beni.” – Nâzım Hikmet Nasıl sonuçlanırsa sonuçlansın verilen tüm<span class="excerpt-hellip"> […]</span></p>
