{"id":758830,"date":"2025-08-28T08:16:51","date_gmt":"2025-08-28T05:16:51","guid":{"rendered":"https:\/\/roveyayinevi.com.tr\/index.php\/urun\/gercekligin-butunune-ancak-sezgi-yoluyla-ulasiriz\/"},"modified":"2026-04-16T03:11:48","modified_gmt":"2026-04-16T00:11:48","slug":"gercekligin-butunune-ancak-sezgi-yoluyla-ulasiriz","status":"publish","type":"product","link":"https:\/\/roveyayinevi.com.tr\/index.php\/urun\/gercekligin-butunune-ancak-sezgi-yoluyla-ulasiriz\/","title":{"rendered":"Ger\u00e7ekli\u011fin B\u00fct\u00fcn\u00fcne Ancak Sezgi Yoluyla Ula\u015f\u0131r\u0131z"},"content":{"rendered":"<p>&#8220;Yarat\u0131l\u0131\u015f bir gizem de\u011fildir, \u00f6zg\u00fcr eylemlerimiz s\u0131ras\u0131nda duyumsad\u0131\u011f\u0131m\u0131z \u015feydir.&#8221; Analiz ederek kavrayan zek\u00e2n\u0131n d\u0131\u015f\u0131nda bir bilme bi\u00e7imi m\u00fcmk\u00fcn m\u00fcd\u00fcr? \u0130\u00e7inde ya\u015fad\u0131\u011f\u0131m\u0131z kesintisiz de\u011fi\u015fimi, kavramlarla hareketsiz hale getirmeden, par\u00e7as\u0131 oldu\u011fumuz b\u00fct\u00fcnsel yarat\u0131m\u0131 kucaklayan bir bilme bi\u00e7imi&#8230; Hatta kolumuzdaki saatlerle \u00f6l\u00e7t\u00fc\u011f\u00fcm\u00fcz anlar\u0131n, asl\u0131nda bir ezginin notalar\u0131 kadar b\u00fct\u00fcnsel oldu\u011funu fark eden ve zaman\u0131 mek\u00e2na d\u00f6n\u00fc\u015ft\u00fcrmeyen b\u00fct\u00fcnsel bir kavray\u0131\u015f&#8230; \u00d6yle bir kavray\u0131\u015f ki tabiat\u0131 gere\u011fi geriye do\u011fru bakmaya zorlanm\u0131\u015f akl\u0131n tersine, y\u00f6n\u00fc ya\u015fama do\u011fru olan bir d\u00fc\u015f\u00fcnme bi\u00e7imi&#8230; 20. y\u00fczy\u0131l\u0131n en \u00f6nemli filozoflar\u0131ndan Henri Bergson\u2019a g\u00f6re, d\u00fcnyay\u0131 ger\u00e7ekten oldu\u011fu gibi kavramak ancak \u201csezgi\u201d sayesinde m\u00fcmk\u00fcnd\u00fcr. Sezgi, analiz eden akl\u0131n tersine, kendini nesnesinin yerine koyarak, onu i\u00e7eriden ve b\u00fct\u00fcnsel olarak kavrayan bilgidir. Sizleri zamana, mek\u00e2na, harekete, belle\u011fe, dile, bildi\u011finiz t\u00fcm metafizik kavramlara yeniden bakmaya davet eden Bergson\u2019la kendinizi bamba\u015fka bir ger\u00e7ekli\u011fin i\u00e7inde bulacaks\u0131n\u0131z. <\/p>\n","protected":false},"excerpt":{"rendered":"<p>&#8220;Yarat\u0131l\u0131\u015f bir gizem de\u011fildir, \u00f6zg\u00fcr eylemlerimiz s\u0131ras\u0131nda duyumsad\u0131\u011f\u0131m\u0131z \u015feydir.&#8221; Analiz ederek kavrayan zek\u00e2n\u0131n d\u0131\u015f\u0131nda bir bilme bi\u00e7imi m\u00fcmk\u00fcn m\u00fcd\u00fcr? \u0130\u00e7inde ya\u015fad\u0131\u011f\u0131m\u0131z kesintisiz de\u011fi\u015fimi, kavramlarla hareketsiz hale<span class=\"excerpt-hellip\"> [\u2026]<\/span><\/p>\n","protected":false},"featured_media":0,"template":"","meta":{"_monsterinsights_skip_tracking":false,"_monsterinsights_sitenote_active":false,"_monsterinsights_sitenote_note":"","_monsterinsights_sitenote_category":0},"product_brand":[],"product_cat":[12388],"product_tag":[],"class_list":{"0":"post-758830","1":"product","2":"type-product","3":"status-publish","5":"product_cat-felsefe","6":"pa_cilt-ciltsiz","7":"pa_tur-kitap","8":"pa_yayinevi-destek-yayinlari","9":"pa_yazar-melis-uygur-biblika","11":"first","12":"instock","13":"sale","14":"shipping-taxable","15":"purchasable","16":"product-type-simple"},"_links":{"self":[{"href":"https:\/\/roveyayinevi.com.tr\/index.php\/wp-json\/wp\/v2\/product\/758830","targetHints":{"allow":["GET"]}}],"collection":[{"href":"https:\/\/roveyayinevi.com.tr\/index.php\/wp-json\/wp\/v2\/product"}],"about":[{"href":"https:\/\/roveyayinevi.com.tr\/index.php\/wp-json\/wp\/v2\/types\/product"}],"wp:attachment":[{"href":"https:\/\/roveyayinevi.com.tr\/index.php\/wp-json\/wp\/v2\/media?parent=758830"}],"wp:term":[{"taxonomy":"product_brand","embeddable":true,"href":"https:\/\/roveyayinevi.com.tr\/index.php\/wp-json\/wp\/v2\/product_brand?post=758830"},{"taxonomy":"product_cat","embeddable":true,"href":"https:\/\/roveyayinevi.com.tr\/index.php\/wp-json\/wp\/v2\/product_cat?post=758830"},{"taxonomy":"product_tag","embeddable":true,"href":"https:\/\/roveyayinevi.com.tr\/index.php\/wp-json\/wp\/v2\/product_tag?post=758830"}],"curies":[{"name":"wp","href":"https:\/\/api.w.org\/{rel}","templated":true}]}}