{"id":758827,"date":"2025-08-28T08:15:52","date_gmt":"2025-08-28T05:15:52","guid":{"rendered":"https:\/\/roveyayinevi.com.tr\/index.php\/urun\/tanrica-bilgeligi\/"},"modified":"2026-04-16T03:11:48","modified_gmt":"2026-04-16T00:11:48","slug":"tanrica-bilgeligi","status":"publish","type":"product","link":"https:\/\/roveyayinevi.com.tr\/index.php\/urun\/tanrica-bilgeligi\/","title":{"rendered":"Tanr\u0131\u00e7a Bilgeli\u011fi"},"content":{"rendered":"<p>Kadim medeniyetler bir zamanlar di\u015fi tanr\u0131sal varl\u0131klara taparlard\u0131 ve kad\u0131nlar, topluluklar\u0131n\u0131n liderleri, dan\u0131\u015fmanlar\u0131 ve \u015fifac\u0131lar\u0131yd\u0131lar. Ancak \u00e7a\u011flar ge\u00e7tik\u00e7e Tanr\u0131\u00e7a\u2019n\u0131n bilgeli\u011fi unutuldu ve tu\u0308m du\u0308nyada insanlar kadim di\u015fil bilgelikle olan ba\u011flant\u0131lar\u0131n\u0131 kaybettiler. \u00d6nde gelen bir \u00f6\u011fretmen ve kad\u0131nlar\u0131n bilgelik gelenekleri hakk\u0131nda kitaplar yazan Tanishka bu pratik rehberde, ba\u015fl\u0131ca Tanr\u0131\u00e7a ku\u0308ltu\u0308rlerini tan\u0131t\u0131yor ve onlar\u0131n \u00f6\u011freti ve pratiklerinin bugu\u0308n ya\u015fam\u0131n\u0131z\u0131 nas\u0131l gu\u0308\u00e7lendirebilece\u011fini ve d\u00f6nu\u0308\u015ftu\u0308rebilece\u011fini \u00f6\u011fretiyor.<\/p>\n","protected":false},"excerpt":{"rendered":"<p>Kadim medeniyetler bir zamanlar di\u015fi tanr\u0131sal varl\u0131klara taparlard\u0131 ve kad\u0131nlar, topluluklar\u0131n\u0131n liderleri, dan\u0131\u015fmanlar\u0131 ve \u015fifac\u0131lar\u0131yd\u0131lar. Ancak \u00e7a\u011flar ge\u00e7tik\u00e7e Tanr\u0131\u00e7a\u2019n\u0131n bilgeli\u011fi unutuldu ve tu\u0308m du\u0308nyada insanlar kadim<span class=\"excerpt-hellip\"> [\u2026]<\/span><\/p>\n","protected":false},"featured_media":0,"template":"","meta":{"_monsterinsights_skip_tracking":false,"_monsterinsights_sitenote_active":false,"_monsterinsights_sitenote_note":"","_monsterinsights_sitenote_category":0},"product_brand":[],"product_cat":[12291,12745],"product_tag":[],"class_list":{"0":"post-758827","1":"product","2":"type-product","3":"status-publish","5":"product_cat-edebiyat","6":"product_cat-tarihi-roman","7":"pa_cilt-ciltsiz","8":"pa_tur-kitap","9":"pa_yayinevi-butik-yayinlari","10":"pa_yazar-tanishka","12":"first","13":"instock","14":"sale","15":"shipping-taxable","16":"purchasable","17":"product-type-simple"},"_links":{"self":[{"href":"https:\/\/roveyayinevi.com.tr\/index.php\/wp-json\/wp\/v2\/product\/758827","targetHints":{"allow":["GET"]}}],"collection":[{"href":"https:\/\/roveyayinevi.com.tr\/index.php\/wp-json\/wp\/v2\/product"}],"about":[{"href":"https:\/\/roveyayinevi.com.tr\/index.php\/wp-json\/wp\/v2\/types\/product"}],"wp:attachment":[{"href":"https:\/\/roveyayinevi.com.tr\/index.php\/wp-json\/wp\/v2\/media?parent=758827"}],"wp:term":[{"taxonomy":"product_brand","embeddable":true,"href":"https:\/\/roveyayinevi.com.tr\/index.php\/wp-json\/wp\/v2\/product_brand?post=758827"},{"taxonomy":"product_cat","embeddable":true,"href":"https:\/\/roveyayinevi.com.tr\/index.php\/wp-json\/wp\/v2\/product_cat?post=758827"},{"taxonomy":"product_tag","embeddable":true,"href":"https:\/\/roveyayinevi.com.tr\/index.php\/wp-json\/wp\/v2\/product_tag?post=758827"}],"curies":[{"name":"wp","href":"https:\/\/api.w.org\/{rel}","templated":true}]}}