{"id":758820,"date":"2025-08-28T08:15:42","date_gmt":"2025-08-28T05:15:42","guid":{"rendered":"https:\/\/roveyayinevi.com.tr\/index.php\/urun\/muayyen-gunler\/"},"modified":"2026-04-16T03:11:47","modified_gmt":"2026-04-16T00:11:47","slug":"muayyen-gunler","status":"publish","type":"product","link":"https:\/\/roveyayinevi.com.tr\/index.php\/urun\/muayyen-gunler\/","title":{"rendered":"Muayyen G\u00fcnler"},"content":{"rendered":"<p>\u0130nsanlar\u0131n yakla\u015f\u0131k yar\u0131s\u0131n\u0131n, hayatlar\u0131 boyunca y\u00fczlerce defa ya\u015fad\u0131\u011f\u0131 regl s\u00fcreci hakk\u0131nda tam olarak ne biliyoruz? Bildiklerimiz neden bu kadar k\u0131s\u0131tl\u0131 ve mu\u011flak?   Bu sorulardan yola \u00e7\u0131kan biyolojik antropolog Kate Clancy, g\u00fcn\u00fcm\u00fczde h\u00e2l\u00e2 bir\u00e7ok toplumda f\u0131s\u0131lt\u0131yla konu\u015fulan ve gizlenmeye \u00e7al\u0131\u015f\u0131lan menstr\u00fcasyonu hem biyolojik a\u00e7\u0131dan hem de toplumsal ve k\u00fclt\u00fcrel a\u00e7\u0131lardan ele al\u0131yor. Menstr\u00fcasyon neden ve nas\u0131l ger\u00e7ekle\u015fir? Evrim s\u00fcrecinde insanl\u0131\u011fa nas\u0131l bir katk\u0131s\u0131 olmu\u015ftur? \u201cNormal regl d\u00f6ng\u00fcs\u00fc\u201d diye bir \u015fey var m\u0131d\u0131r? Bedenin enerji mekanizmas\u0131, ba\u011f\u0131\u015f\u0131kl\u0131k sistemi ve psikososyal stres fakt\u00f6rleri regl d\u00f6ng\u00fcs\u00fcn\u00fc nas\u0131l etkiler? Gelecek, menstr\u00fcasyon i\u00e7in ne gibi yenilikler ve bak\u0131\u015f a\u00e7\u0131lar\u0131 getirebilir?   Menstr\u00fcasyonu bireysel bir tecr\u00fcbe olarak de\u011fil toplumsal bir mesele olarak g\u00f6ren Clancy \u015f\u00f6yle diyor: \u201cUmar\u0131m bu kitab\u0131 benim yazd\u0131\u011f\u0131m kadar hevesle okursunuz, rahmin failli\u011fine ve uyum sa\u011flama becerisine dair \u00f6\u011frendiklerinizden keyif al\u0131rs\u0131n\u0131z ve en az\u0131ndan menstr\u00fcasyona ve menstr\u00fcel onar\u0131ma kar\u015f\u0131 biraz sayg\u0131 duymaya ba\u015flars\u0131n\u0131z. Umar\u0131m menstr\u00fcasyonla ilgili yanl\u0131\u015f kan\u0131lar\u0131 a\u00e7\u0131\u011fa \u00e7\u0131karmak s\u00f6z konusu oldu\u011funda iktidar, toplumsal cinsiyet ve \u0131rk aras\u0131ndaki ba\u011flant\u0131lar\u0131n ne kadar girift oldu\u011funu g\u00f6r\u00fcrs\u00fcn\u00fcz. Yazd\u0131klar\u0131m\u0131n, bedensel \u00f6zerklik i\u00e7in m\u00fccadele etti\u011fimiz ve radikal gelecekler hayal etti\u011fimiz bir d\u00fcnyan\u0131n neye benzeyebilece\u011fine dair yeni fikirlerin yeti\u015fece\u011fi bereketli bir toprak sunmas\u0131n\u0131 diliyorum.\u201d   <\/p>\n","protected":false},"excerpt":{"rendered":"<p>\u0130nsanlar\u0131n yakla\u015f\u0131k yar\u0131s\u0131n\u0131n, hayatlar\u0131 boyunca y\u00fczlerce defa ya\u015fad\u0131\u011f\u0131 regl s\u00fcreci hakk\u0131nda tam olarak ne biliyoruz? Bildiklerimiz neden bu kadar k\u0131s\u0131tl\u0131 ve mu\u011flak? Bu sorulardan yola \u00e7\u0131kan<span class=\"excerpt-hellip\"> [\u2026]<\/span><\/p>\n","protected":false},"featured_media":0,"template":"","meta":{"_monsterinsights_skip_tracking":false,"_monsterinsights_sitenote_active":false,"_monsterinsights_sitenote_note":"","_monsterinsights_sitenote_category":0},"product_brand":[],"product_cat":[13365],"product_tag":[],"class_list":{"0":"post-758820","1":"product","2":"type-product","3":"status-publish","5":"product_cat-saglik","6":"pa_cilt-ciltsiz","7":"pa_tur-kitap","8":"pa_yayinevi-metis-yayinlari","9":"pa_yazar-kate-clancy","11":"first","12":"instock","13":"sale","14":"shipping-taxable","15":"purchasable","16":"product-type-simple"},"_links":{"self":[{"href":"https:\/\/roveyayinevi.com.tr\/index.php\/wp-json\/wp\/v2\/product\/758820","targetHints":{"allow":["GET"]}}],"collection":[{"href":"https:\/\/roveyayinevi.com.tr\/index.php\/wp-json\/wp\/v2\/product"}],"about":[{"href":"https:\/\/roveyayinevi.com.tr\/index.php\/wp-json\/wp\/v2\/types\/product"}],"wp:attachment":[{"href":"https:\/\/roveyayinevi.com.tr\/index.php\/wp-json\/wp\/v2\/media?parent=758820"}],"wp:term":[{"taxonomy":"product_brand","embeddable":true,"href":"https:\/\/roveyayinevi.com.tr\/index.php\/wp-json\/wp\/v2\/product_brand?post=758820"},{"taxonomy":"product_cat","embeddable":true,"href":"https:\/\/roveyayinevi.com.tr\/index.php\/wp-json\/wp\/v2\/product_cat?post=758820"},{"taxonomy":"product_tag","embeddable":true,"href":"https:\/\/roveyayinevi.com.tr\/index.php\/wp-json\/wp\/v2\/product_tag?post=758820"}],"curies":[{"name":"wp","href":"https:\/\/api.w.org\/{rel}","templated":true}]}}