{"id":758816,"date":"2025-08-28T08:15:36","date_gmt":"2025-08-28T05:15:36","guid":{"rendered":"https:\/\/roveyayinevi.com.tr\/index.php\/urun\/otizmin-maskesini-indirmek\/"},"modified":"2026-04-16T03:11:47","modified_gmt":"2026-04-16T00:11:47","slug":"otizmin-maskesini-indirmek","status":"publish","type":"product","link":"https:\/\/roveyayinevi.com.tr\/index.php\/urun\/otizmin-maskesini-indirmek\/","title":{"rendered":"Otizm\u2019in Maskesini \u0130ndirmek"},"content":{"rendered":"<p>Kar\u015f\u0131n\u0131za \u00e7\u0131kan her bariz Otistik ki\u015fiye kar\u015f\u0131l\u0131k n\u00f6rotipik olarak g\u00f6ru\u0308nen say\u0131s\u0131z \u201cmaskelenmi\u015f\u201d Otistik insan bulunmaktad\u0131r. Kendini maskeleme, Otistik ki\u015filerin belirgin Otistik davran\u0131\u015flar\u0131 gizlemede ba\u015fvurduklar\u0131 yayg\u0131n bir ba\u015fa \u00e7\u0131kma mekanizmas\u0131d\u0131r; ama\u00e7, zihinsel sa\u011fl\u0131klar\u0131 pahas\u0131na, yu\u0308zeysel bir ki\u015filik benimseyerek toplumsal normlara uymakt\u0131r. Bu giri\u015fim, zarars\u0131z stimming hareketlerini bast\u0131rmay\u0131, ileti\u015fim zorluklar\u0131n\u0131 \u00f6rtbas etmek ad\u0131na zorla mu\u0308tevaz\u0131 ve yumu\u015fak tav\u0131rlar sergilemeyi ve de muhta\u00e7 veya \u201ctuhaf\u201d olarak g\u00f6ru\u0308lmemek i\u00e7in kendini \u015fiddetli anksiyeteye yol a\u00e7an durumlara sokmay\u0131 i\u00e7erebilir.   Otizm\u2019in Maskesini \u0130ndirmek\u2019te Dr. Devon Price, maskeleme ile ilgili ki\u015fisel deneyimlerini payla\u015ft\u0131\u011f\u0131 gibi \u015fimdiye kadar a\u011f\u0131rl\u0131kl\u0131 olarak d\u0131\u015far\u0131dan bir bak\u0131\u015f a\u00e7\u0131s\u0131yla tasvir edilen n\u00f6ro\u00e7e\u015fitlili\u011fe dair yeni bir anlat\u0131 sunuyor; bunu tarih, sosyal bilim ara\u015ft\u0131rmalar\u0131, tavsiyeler ve ki\u015fisel profilleri harmanlayarak yap\u0131yor. Dr. Price ve di\u011fer pek \u00e7ok ki\u015fi i\u00e7in Otizm, e\u015fsizli\u011fin ve gu\u0308zelli\u011fin derin bir kayna\u011f\u0131d\u0131r. Fakat ne yaz\u0131k ki n\u00f6rotipik bir du\u0308nyada ya\u015famak, Otizm\u2019in ayn\u0131 zamanda inan\u0131lmaz bir yabanc\u0131la\u015fma ve ac\u0131 kayna\u011f\u0131 olabilece\u011fi anlam\u0131na da geliyor. \u00c7o\u011fu maskelenmi\u015f Otistik birey, ger\u00e7ekte kim oldu\u011funu ke\u015ffetmeden \u00f6nce onlarca y\u0131l mu\u0308cadele etmektedir. Ayr\u0131ca \u0131rk, cinsiyet, cinsel y\u00f6nelim, s\u0131n\u0131f ve di\u011fer fakt\u00f6rler a\u00e7\u0131s\u0131ndan marjinalle\u015ftirilme olas\u0131l\u0131klar\u0131 daha yu\u0308ksektir, ki bu da ac\u0131 \u00e7ekmelerine ve g\u00f6ru\u0308nmez olmalar\u0131na katk\u0131da bulunmaktad\u0131r. Neyse ki Dr. Price bu bireylere maskelerini indirmeleri i\u00e7in sa\u011flam bir zemin haz\u0131rl\u0131yor ve kendilerini \u00f6zgu\u0308rce ifade edebilmeleri i\u00e7in \u015fu egzersizleri sunuyor:   \u2022 \u00d6zel ilgi alanlar\u0131n\u0131n kutlanmas\u0131 \u2022 Otistik ili\u015fkilerin geli\u015ftirilmesi \u2022 Otistik kli\u015felerin yeniden \u00e7er\u00e7evelenmesi \u2022 Ve de\u011ferlerinizi yeniden ke\u015ffetmek   Otistik bireylerin ihtiya\u00e7lar\u0131n\u0131, \u00e7e\u015fitliliklerini ve benzersiz gu\u0308\u00e7lerini onurland\u0131rman\u0131n ve b\u00f6ylece art\u0131k kendilerini maskelemek zorunda kalmamalar\u0131n\u0131n zaman\u0131 \u00e7oktan geldi&#8230; Ve art\u0131k tu\u0308m farkl\u0131l\u0131klar\u0131n toplum taraf\u0131ndan daha fazla kabul g\u00f6rmesinin ve benimsenmesinin zaman\u0131 da gelmi\u015ftir. N\u00f6ro\u00e7e\u015fitlili\u011fi kucaklayarak hepimiz \u201cuyumsuz\u201d bir ya\u015fam\u0131n \u00f6du\u0308llerini toplayabilir ve hem Otistik hem de n\u00f6rotipik bireyler olarak \u00f6zgu\u0308n bir \u015fekilde ya\u015famay\u0131 \u00f6\u011frenebiliriz. <\/p>\n","protected":false},"excerpt":{"rendered":"<p>Kar\u015f\u0131n\u0131za \u00e7\u0131kan her bariz Otistik ki\u015fiye kar\u015f\u0131l\u0131k n\u00f6rotipik olarak g\u00f6ru\u0308nen say\u0131s\u0131z \u201cmaskelenmi\u015f\u201d Otistik insan bulunmaktad\u0131r. Kendini maskeleme, Otistik ki\u015filerin belirgin Otistik davran\u0131\u015flar\u0131 gizlemede ba\u015fvurduklar\u0131 yayg\u0131n bir<span class=\"excerpt-hellip\"> [\u2026]<\/span><\/p>\n","protected":false},"featured_media":0,"template":"","meta":{"_monsterinsights_skip_tracking":false,"_monsterinsights_sitenote_active":false,"_monsterinsights_sitenote_note":"","_monsterinsights_sitenote_category":0},"product_brand":[],"product_cat":[20502,12357],"product_tag":[],"class_list":{"0":"post-758816","1":"product","2":"type-product","3":"status-publish","5":"product_cat-basvuru-kitaplari-psikoloji","6":"product_cat-psikoloji","7":"pa_cilt-ciltsiz","8":"pa_tur-kitap","9":"pa_yayinevi-butik-yayinlari","10":"pa_yazar-devon-price","12":"first","13":"instock","14":"sale","15":"shipping-taxable","16":"purchasable","17":"product-type-simple"},"_links":{"self":[{"href":"https:\/\/roveyayinevi.com.tr\/index.php\/wp-json\/wp\/v2\/product\/758816","targetHints":{"allow":["GET"]}}],"collection":[{"href":"https:\/\/roveyayinevi.com.tr\/index.php\/wp-json\/wp\/v2\/product"}],"about":[{"href":"https:\/\/roveyayinevi.com.tr\/index.php\/wp-json\/wp\/v2\/types\/product"}],"wp:attachment":[{"href":"https:\/\/roveyayinevi.com.tr\/index.php\/wp-json\/wp\/v2\/media?parent=758816"}],"wp:term":[{"taxonomy":"product_brand","embeddable":true,"href":"https:\/\/roveyayinevi.com.tr\/index.php\/wp-json\/wp\/v2\/product_brand?post=758816"},{"taxonomy":"product_cat","embeddable":true,"href":"https:\/\/roveyayinevi.com.tr\/index.php\/wp-json\/wp\/v2\/product_cat?post=758816"},{"taxonomy":"product_tag","embeddable":true,"href":"https:\/\/roveyayinevi.com.tr\/index.php\/wp-json\/wp\/v2\/product_tag?post=758816"}],"curies":[{"name":"wp","href":"https:\/\/api.w.org\/{rel}","templated":true}]}}