{"id":758812,"date":"2025-08-28T08:15:30","date_gmt":"2025-08-28T05:15:30","guid":{"rendered":"https:\/\/roveyayinevi.com.tr\/index.php\/urun\/travmayi-iyilestirmek-2\/"},"modified":"2026-04-16T03:11:47","modified_gmt":"2026-04-16T00:11:47","slug":"travmayi-iyilestirmek-2","status":"publish","type":"product","link":"https:\/\/roveyayinevi.com.tr\/index.php\/urun\/travmayi-iyilestirmek-2\/","title":{"rendered":"Travmay\u0131 \u0130yile\u015ftirmek"},"content":{"rendered":"<p>Travma hayat\u0131n bir ger\u00e7e\u011fi ama m\u00fcebbetlik bir cezaya d\u00f6n\u00fc\u015fmek zorunda de\u011fil!   Travma insan \u0131st\u0131rab\u0131n\u0131n en \u00e7ok ka\u00e7\u0131n\u0131lan, g\u00f6rmezden gelinen, ink\u00e2r edilen, yanl\u0131\u015f anla\u015f\u0131lan ve tedavi edilmeyen sebebi. \u0130lgin\u00e7tir, pek \u00e7ok ki\u015fi ya\u015fad\u0131\u011f\u0131 semptomlar\u0131n alt\u0131nda yatan nedenin bir travma olabilece\u011fi bilgisine sahip de\u011fil. Oysa biz unutsak da, unuttu\u011fumuzu sansak da bedenimiz travman\u0131n m\u00fchr\u00fcn\u00fc ta\u015f\u0131maya devam ediyor. Ara\u015ft\u0131rmalar kazalardan, felaketlerden kurtulanlar\u0131n, \u00e7ocukluk travmas\u0131 olanlar\u0131n kayg\u0131 ve depresyondan a\u00e7\u0131klanamayan fiziksel a\u011fr\u0131lara, yorgunlu\u011fa, hastal\u0131klara uzanan, hayat boyu s\u00fcren semptomlardan mustarip oldu\u011funu g\u00f6steriyor. Ama iyile\u015fmek m\u00fcmk\u00fcn\u2026 T\u00fcm d\u00fcnya Peter Levine\u2019i travma \u00fczerine k\u00fclt kitab\u0131 Kaplan\u0131 Uyand\u0131rmak ile tan\u0131d\u0131. Ve t\u00fcm co\u011frafyalardan insanlar, psikoterap\u00f6tik alanlardaki profesyoneller, bu zorluklar\u0131n \u00fcstesinden etkin bir \u015fekilde gelebilmek i\u00e7in Levine\u2019in \u00e7\u0131\u011f\u0131r a\u00e7an Somatik Deneyimleme\u00ae y\u00f6ntemlerine y\u00f6neliyor. Travmay\u0131 \u0130yile\u015ftirmek\u2019te Dr. Levine, geni\u015f kitleler taraf\u0131ndan be\u011fenilen eseri Kaplan\u0131 Uyand\u0131rmak\u2019ta ilk kez ortaya att\u0131\u011f\u0131 teoriyi en kolay bi\u00e7imde kullanman\u0131z i\u00e7in bir el k\u0131lavuzuna d\u00f6n\u00fc\u015ft\u00fcr\u00fcyor. On \u0130ki A\u015famal\u0131 Travmay\u0131 \u0130yile\u015ftirme Program\u0131\u2019yla hepimizin iyile\u015fme yolculu\u011funa \u0131\u015f\u0131k tutuyor. <\/p>\n","protected":false},"excerpt":{"rendered":"<p>Travma hayat\u0131n bir ger\u00e7e\u011fi ama m\u00fcebbetlik bir cezaya d\u00f6n\u00fc\u015fmek zorunda de\u011fil! Travma insan \u0131st\u0131rab\u0131n\u0131n en \u00e7ok ka\u00e7\u0131n\u0131lan, g\u00f6rmezden gelinen, ink\u00e2r edilen, yanl\u0131\u015f anla\u015f\u0131lan ve tedavi edilmeyen<span class=\"excerpt-hellip\"> [\u2026]<\/span><\/p>\n","protected":false},"featured_media":0,"template":"","meta":{"_monsterinsights_skip_tracking":false,"_monsterinsights_sitenote_active":false,"_monsterinsights_sitenote_note":"","_monsterinsights_sitenote_category":0},"product_brand":[],"product_cat":[20502,12357],"product_tag":[],"class_list":{"0":"post-758812","1":"product","2":"type-product","3":"status-publish","5":"product_cat-basvuru-kitaplari-psikoloji","6":"product_cat-psikoloji","7":"pa_cilt-ciltsiz","8":"pa_tur-kitap","9":"pa_yayinevi-butik-yayinlari","10":"pa_yazar-peter-a-levine","12":"first","13":"instock","14":"sale","15":"shipping-taxable","16":"purchasable","17":"product-type-simple"},"_links":{"self":[{"href":"https:\/\/roveyayinevi.com.tr\/index.php\/wp-json\/wp\/v2\/product\/758812","targetHints":{"allow":["GET"]}}],"collection":[{"href":"https:\/\/roveyayinevi.com.tr\/index.php\/wp-json\/wp\/v2\/product"}],"about":[{"href":"https:\/\/roveyayinevi.com.tr\/index.php\/wp-json\/wp\/v2\/types\/product"}],"wp:attachment":[{"href":"https:\/\/roveyayinevi.com.tr\/index.php\/wp-json\/wp\/v2\/media?parent=758812"}],"wp:term":[{"taxonomy":"product_brand","embeddable":true,"href":"https:\/\/roveyayinevi.com.tr\/index.php\/wp-json\/wp\/v2\/product_brand?post=758812"},{"taxonomy":"product_cat","embeddable":true,"href":"https:\/\/roveyayinevi.com.tr\/index.php\/wp-json\/wp\/v2\/product_cat?post=758812"},{"taxonomy":"product_tag","embeddable":true,"href":"https:\/\/roveyayinevi.com.tr\/index.php\/wp-json\/wp\/v2\/product_tag?post=758812"}],"curies":[{"name":"wp","href":"https:\/\/api.w.org\/{rel}","templated":true}]}}