{"id":758806,"date":"2025-08-28T08:15:21","date_gmt":"2025-08-28T05:15:21","guid":{"rendered":"https:\/\/roveyayinevi.com.tr\/index.php\/urun\/gece-diye-bir-sey-yoktur\/"},"modified":"2026-04-16T03:11:47","modified_gmt":"2026-04-16T00:11:47","slug":"gece-diye-bir-sey-yoktur","status":"publish","type":"product","link":"https:\/\/roveyayinevi.com.tr\/index.php\/urun\/gece-diye-bir-sey-yoktur\/","title":{"rendered":"Gece Diye Bir \u015eey Yoktur!"},"content":{"rendered":"<p>Bayan G\u00fcne\u015f, d\u00fcnyan\u0131n d\u00f6rt bir yan\u0131n\u0131 \u0131\u015f\u0131\u011fa bo\u011farken bir \u015feyden o kadar emin ki: &#8220;Gece diye bir \u015fey yoktur!&#8221; Bayan G\u00fcne\u015f&#8217;e e\u015flik ederken belki siz onu Bay Gece&#8217;nin varl\u0131\u011f\u0131na ikna edebilirsiniz. Bakal\u0131m g\u00fcnd\u00fczleri Bay Gece\u2019nin nerelerde sakland\u0131\u011f\u0131n\u0131 bulabilecek misiniz? \u00c7ocuklar Nuri Kurucu\u2019nun kalemiyle Bayan G\u00fcne\u015f ile g\u00fcnd\u00fczleri saklanan Bay Gece\u2019nin e\u011flenceli hik\u00e2yesini ve Burcu Karacalar\u2019\u0131n s\u0131cak desenlerini \u00e7ok sevecekler.<\/p>\n","protected":false},"excerpt":{"rendered":"<p>Bayan G\u00fcne\u015f, d\u00fcnyan\u0131n d\u00f6rt bir yan\u0131n\u0131 \u0131\u015f\u0131\u011fa bo\u011farken bir \u015feyden o kadar emin ki: &#8220;Gece diye bir \u015fey yoktur!&#8221; Bayan G\u00fcne\u015f&#8217;e e\u015flik ederken belki siz onu<span class=\"excerpt-hellip\"> [\u2026]<\/span><\/p>\n","protected":false},"featured_media":0,"template":"","meta":{"_monsterinsights_skip_tracking":false,"_monsterinsights_sitenote_active":false,"_monsterinsights_sitenote_note":"","_monsterinsights_sitenote_category":0},"product_brand":[],"product_cat":[12274,12284],"product_tag":[],"class_list":{"0":"post-758806","1":"product","2":"type-product","3":"status-publish","5":"product_cat-cocuk-ve-genclik-kitaplari","6":"product_cat-hikayeler","7":"pa_cilt-ciltsiz","8":"pa_tur-kitap","9":"pa_yayinevi-bilgi-yayinevi-cocuk","10":"pa_yazar-nuri-kurucu","12":"first","13":"instock","14":"sale","15":"shipping-taxable","16":"purchasable","17":"product-type-simple"},"_links":{"self":[{"href":"https:\/\/roveyayinevi.com.tr\/index.php\/wp-json\/wp\/v2\/product\/758806","targetHints":{"allow":["GET"]}}],"collection":[{"href":"https:\/\/roveyayinevi.com.tr\/index.php\/wp-json\/wp\/v2\/product"}],"about":[{"href":"https:\/\/roveyayinevi.com.tr\/index.php\/wp-json\/wp\/v2\/types\/product"}],"wp:attachment":[{"href":"https:\/\/roveyayinevi.com.tr\/index.php\/wp-json\/wp\/v2\/media?parent=758806"}],"wp:term":[{"taxonomy":"product_brand","embeddable":true,"href":"https:\/\/roveyayinevi.com.tr\/index.php\/wp-json\/wp\/v2\/product_brand?post=758806"},{"taxonomy":"product_cat","embeddable":true,"href":"https:\/\/roveyayinevi.com.tr\/index.php\/wp-json\/wp\/v2\/product_cat?post=758806"},{"taxonomy":"product_tag","embeddable":true,"href":"https:\/\/roveyayinevi.com.tr\/index.php\/wp-json\/wp\/v2\/product_tag?post=758806"}],"curies":[{"name":"wp","href":"https:\/\/api.w.org\/{rel}","templated":true}]}}