{"id":758794,"date":"2025-08-28T08:15:01","date_gmt":"2025-08-28T05:15:01","guid":{"rendered":"https:\/\/roveyayinevi.com.tr\/index.php\/urun\/ataturk-ve-arkeoloji\/"},"modified":"2026-04-16T03:11:47","modified_gmt":"2026-04-16T00:11:47","slug":"ataturk-ve-arkeoloji","status":"publish","type":"product","link":"https:\/\/roveyayinevi.com.tr\/index.php\/urun\/ataturk-ve-arkeoloji\/","title":{"rendered":"Atat\u00fcrk ve Arkeoloji"},"content":{"rendered":"<p>Osmanl\u0131 \u0130mparatorlu\u011fu topraklar\u0131nda, d\u00fcnyada e\u015fi benzeri g\u00f6r\u00fclmemi\u015f, \u00e7ok b\u00fcy\u00fck bir tarihi miras yat\u0131yordu. Bilhassa arkeolojik kal\u0131nt\u0131 a\u00e7\u0131s\u0131ndan d\u00fcnyan\u0131n en zengin topraklar\u0131na sahiptik. En eski d\u00f6rt nehir uygarl\u0131\u011f\u0131ndan Mezopotamya ve M\u0131s\u0131r, Helen uygarl\u0131\u011f\u0131n\u0131n merkezleri Suriye, K\u00fc\u00e7\u00fck Asya ve tek ba\u015f\u0131na bir arkeolojik cennet say\u0131labilecek Filistin, Osmanl\u0131 egemenli\u011findeydi. Bunun herkes fark\u0131ndayd\u0131; \u0130ngiliz arkeologlar, Alman arkeologlar, Amerikal\u0131 arkeologlar&#8230; Peki Osmanl\u0131 h\u00fck\u00fcmeti? Onlar fark\u0131nda m\u0131yd\u0131? Arkeolog Dr. Ula\u015f T\u00f6re Sivrio\u011flu, Atat\u00fcrk ve Arkeoloji adl\u0131 eserinde bizi \u00f6nce Osmanl\u0131 topraklar\u0131nda tarihi bir gezintiye \u00e7\u0131kar\u0131yor, sonra elimiz kolumuz ba\u011fl\u0131 bir \u015fekilde, k\u00fclt\u00fcrel miras\u0131m\u0131z\u0131n \u00f6nemli bir k\u0131sm\u0131n\u0131n d\u00fcnyan\u0131n se\u00e7kin m\u00fczelerine olan yolculuklar\u0131n\u0131 izliyoruz. Bat\u0131 \u00fclkeleri i\u00e7in nas\u0131l bir \u201ca\u00e7\u0131k b\u00fcfeye\u201d d\u00f6n\u00fc\u015ft\u00fc\u011f\u00fcm\u00fcz\u00fc okuyoruz sat\u0131r sat\u0131r\u2026 Sonra cumhuriyet kuruluyor, Mustafa Kemal Atat\u00fcrk geliyor ve t\u00fcm miras\u0131m\u0131z\u0131n izini yeniden s\u00fcrmeye ba\u015fl\u0131yor.  Elinizdeki kitap, T\u00fcrkiye Cumhuriyeti\u2019nin kurucu lideri Mustafa Kemal Atat\u00fcrk\u2019\u00fcn k\u00fclt\u00fcrel miras\u0131m\u0131z\u0131 nas\u0131l koruma alt\u0131na al\u0131p y\u00fcceltti\u011finin ve T\u00fcrkiye\u2019de arkeoloji biliminin temellerinin nas\u0131l at\u0131ld\u0131\u011f\u0131n\u0131n hik\u00e2yesi\u2026<\/p>\n","protected":false},"excerpt":{"rendered":"<p>Osmanl\u0131 \u0130mparatorlu\u011fu topraklar\u0131nda, d\u00fcnyada e\u015fi benzeri g\u00f6r\u00fclmemi\u015f, \u00e7ok b\u00fcy\u00fck bir tarihi miras yat\u0131yordu. Bilhassa arkeolojik kal\u0131nt\u0131 a\u00e7\u0131s\u0131ndan d\u00fcnyan\u0131n en zengin topraklar\u0131na sahiptik. En eski d\u00f6rt nehir<span class=\"excerpt-hellip\"> [\u2026]<\/span><\/p>\n","protected":false},"featured_media":0,"template":"","meta":{"_monsterinsights_skip_tracking":false,"_monsterinsights_sitenote_active":false,"_monsterinsights_sitenote_note":"","_monsterinsights_sitenote_category":0},"product_brand":[],"product_cat":[12530,12304],"product_tag":[],"class_list":{"0":"post-758794","1":"product","2":"type-product","3":"status-publish","5":"product_cat-mustafa-kemal-ataturk","6":"product_cat-tarih","7":"pa_cilt-ciltsiz","8":"pa_tur-kitap","9":"pa_yayinevi-kafka-yayinevi","10":"pa_yazar-tore-sivrioglu","12":"first","13":"instock","14":"sale","15":"shipping-taxable","16":"purchasable","17":"product-type-simple"},"_links":{"self":[{"href":"https:\/\/roveyayinevi.com.tr\/index.php\/wp-json\/wp\/v2\/product\/758794","targetHints":{"allow":["GET"]}}],"collection":[{"href":"https:\/\/roveyayinevi.com.tr\/index.php\/wp-json\/wp\/v2\/product"}],"about":[{"href":"https:\/\/roveyayinevi.com.tr\/index.php\/wp-json\/wp\/v2\/types\/product"}],"wp:attachment":[{"href":"https:\/\/roveyayinevi.com.tr\/index.php\/wp-json\/wp\/v2\/media?parent=758794"}],"wp:term":[{"taxonomy":"product_brand","embeddable":true,"href":"https:\/\/roveyayinevi.com.tr\/index.php\/wp-json\/wp\/v2\/product_brand?post=758794"},{"taxonomy":"product_cat","embeddable":true,"href":"https:\/\/roveyayinevi.com.tr\/index.php\/wp-json\/wp\/v2\/product_cat?post=758794"},{"taxonomy":"product_tag","embeddable":true,"href":"https:\/\/roveyayinevi.com.tr\/index.php\/wp-json\/wp\/v2\/product_tag?post=758794"}],"curies":[{"name":"wp","href":"https:\/\/api.w.org\/{rel}","templated":true}]}}