{"id":758791,"date":"2025-08-28T08:14:56","date_gmt":"2025-08-28T05:14:56","guid":{"rendered":"https:\/\/roveyayinevi.com.tr\/index.php\/urun\/tipografik\/"},"modified":"2026-04-16T03:11:47","modified_gmt":"2026-04-16T00:11:47","slug":"tipografik","status":"publish","type":"product","link":"https:\/\/roveyayinevi.com.tr\/index.php\/urun\/tipografik\/","title":{"rendered":"Tipografik"},"content":{"rendered":"<p>Tipografi, yaz\u0131 karakterlerinin d\u00fczenlenmesi ve kullan\u0131m\u0131n\u0131 i\u00e7erir. Do\u011fru tipografi se\u00e7imi, metnin anlam\u0131n\u0131 vurgulayabilir ve izleyicinin dikkatini \u00e7ekebilir. Kitap, tipografinin temel kurallar\u0131n\u0131 anlatarak, metinlerin daha etkili ve estetik bir bi\u00e7imde sunulmas\u0131na yard\u0131mc\u0131 olmay\u0131 ama\u00e7lamaktad\u0131r. Bu kitap, hem grafik tasar\u0131m hem de tipografi konular\u0131nda temel kavramlar\u0131 kavramak isteyen \u00f6\u011frenciler, profesyoneller ve merakl\u0131lar i\u00e7in bir kaynak olarak tasarland\u0131. \u0130leri d\u00fczeydeki konular\u0131 basit ve anla\u015f\u0131l\u0131r bir \u015fekilde a\u00e7\u0131klamay\u0131 hedefleyerek, okuyucular\u0131n kendi yarat\u0131c\u0131 potansiyellerini geli\u015ftirmelerine olanak tan\u0131may\u0131 ama\u00e7l\u0131yoruz. Bu kitap, grafik tasar\u0131m ve tipografi d\u00fcnyas\u0131na yeni bir perspektif kazand\u0131rman\u0131za ve yarat\u0131c\u0131 projelerinizde daha g\u00fcvenli ad\u0131mlar atman\u0131za yard\u0131mc\u0131 olur. <\/p>\n","protected":false},"excerpt":{"rendered":"<p>Tipografi, yaz\u0131 karakterlerinin d\u00fczenlenmesi ve kullan\u0131m\u0131n\u0131 i\u00e7erir. Do\u011fru tipografi se\u00e7imi, metnin anlam\u0131n\u0131 vurgulayabilir ve izleyicinin dikkatini \u00e7ekebilir. Kitap, tipografinin temel kurallar\u0131n\u0131 anlatarak, metinlerin daha etkili ve<span class=\"excerpt-hellip\"> [\u2026]<\/span><\/p>\n","protected":false},"featured_media":0,"template":"","meta":{"_monsterinsights_skip_tracking":false,"_monsterinsights_sitenote_active":false,"_monsterinsights_sitenote_note":"","_monsterinsights_sitenote_category":0},"product_brand":[],"product_cat":[19373,12408],"product_tag":[],"class_list":{"0":"post-758791","1":"product","2":"type-product","3":"status-publish","5":"product_cat-grafik-sanatlar","6":"product_cat-sanat","7":"pa_cilt-ciltsiz","8":"pa_tur-kitap","9":"pa_yayinevi-soncag-akademik-kitaplar","10":"pa_yazar-mustafa-gunay","12":"first","13":"instock","14":"sale","15":"shipping-taxable","16":"purchasable","17":"product-type-simple"},"_links":{"self":[{"href":"https:\/\/roveyayinevi.com.tr\/index.php\/wp-json\/wp\/v2\/product\/758791","targetHints":{"allow":["GET"]}}],"collection":[{"href":"https:\/\/roveyayinevi.com.tr\/index.php\/wp-json\/wp\/v2\/product"}],"about":[{"href":"https:\/\/roveyayinevi.com.tr\/index.php\/wp-json\/wp\/v2\/types\/product"}],"wp:attachment":[{"href":"https:\/\/roveyayinevi.com.tr\/index.php\/wp-json\/wp\/v2\/media?parent=758791"}],"wp:term":[{"taxonomy":"product_brand","embeddable":true,"href":"https:\/\/roveyayinevi.com.tr\/index.php\/wp-json\/wp\/v2\/product_brand?post=758791"},{"taxonomy":"product_cat","embeddable":true,"href":"https:\/\/roveyayinevi.com.tr\/index.php\/wp-json\/wp\/v2\/product_cat?post=758791"},{"taxonomy":"product_tag","embeddable":true,"href":"https:\/\/roveyayinevi.com.tr\/index.php\/wp-json\/wp\/v2\/product_tag?post=758791"}],"curies":[{"name":"wp","href":"https:\/\/api.w.org\/{rel}","templated":true}]}}