{"id":758785,"date":"2025-08-28T08:14:48","date_gmt":"2025-08-28T05:14:48","guid":{"rendered":"https:\/\/roveyayinevi.com.tr\/index.php\/urun\/haberler-bir-kullanma-kilavuzu\/"},"modified":"2026-04-16T03:11:47","modified_gmt":"2026-04-16T00:11:47","slug":"haberler-bir-kullanma-kilavuzu","status":"publish","type":"product","link":"https:\/\/roveyayinevi.com.tr\/index.php\/urun\/haberler-bir-kullanma-kilavuzu\/","title":{"rendered":"Haberler Bir Kullanma K\u0131lavuzu"},"content":{"rendered":"<p>T\u00fcm d\u00fcnyan\u0131n, g\u00fcnl\u00fck hayat\u0131n alt\u0131ndaki felsefi mekanizmalar\u0131 anla\u015f\u0131l\u0131r bir dille \u00e7\u00f6z\u00fcmledi\u011fi kitaplar\u0131yla tan\u0131y\u0131p sevdi\u011fi Alain de Botton, bu kez haberleri mercek alt\u0131na al\u0131yor. Politika, D\u00fcnyadan Haberler, Ekonomi, \u00dcnl\u00fcler, Felaket, T\u00fcketim gibi ba\u015fl\u0131klar alt\u0131nda haberlerin nas\u0131l okunabilece\u011fine dair bir k\u0131lavuz sunuyor. Her g\u00fcn maruz b\u0131rak\u0131ld\u0131\u011f\u0131m\u0131z bu bilgi y\u0131\u011f\u0131n\u0131n\u0131n ger\u00e7eklik alg\u0131m\u0131z\u0131 nas\u0131l \u015fekillendirdi\u011fine ve nas\u0131l analiz edilmesi gerekti\u011fine i\u015faret ediyor.   \u201cGelin g\u00f6r\u00fcn ki garip bir \u015fekilde, haberlerin saat ba\u015f\u0131 \u00f6n\u00fcm\u00fcze koydu\u011fu s\u00f6zc\u00fckler ve imgeler hakk\u0131nda bize e\u011fitim vermeye kimse pek yeltenmez. Othello\u2019nun konusundan ne anlam \u00e7\u0131kar\u0131laca\u011f\u0131n\u0131 bilmenin, New York Post\u2019un \u00f6n sayfas\u0131n\u0131n nas\u0131l \u00e7\u00f6z\u00fcmlenece\u011fini bilmekten daha \u00f6nemli oldu\u011fu d\u00fc\u015f\u00fcn\u00fcl\u00fcr. (\u2026) Verilen haberlerin ger\u00e7eklik alg\u0131m\u0131z\u0131 etkilemekte ve ruh halimizi (burada ruh kelimesi herhangi bir do\u011fa\u00fcst\u00fc \u00e7a\u011fr\u0131\u015f\u0131m i\u00e7ermez) \u015fekillendirmekte nas\u0131l \u015fiddetli bir etkisi oldu\u011fu bize asla sistematik olarak anlat\u0131lmaz.\u201d <\/p>\n","protected":false},"excerpt":{"rendered":"<p>T\u00fcm d\u00fcnyan\u0131n, g\u00fcnl\u00fck hayat\u0131n alt\u0131ndaki felsefi mekanizmalar\u0131 anla\u015f\u0131l\u0131r bir dille \u00e7\u00f6z\u00fcmledi\u011fi kitaplar\u0131yla tan\u0131y\u0131p sevdi\u011fi Alain de Botton, bu kez haberleri mercek alt\u0131na al\u0131yor. Politika, D\u00fcnyadan Haberler,<span class=\"excerpt-hellip\"> [\u2026]<\/span><\/p>\n","protected":false},"featured_media":0,"template":"","meta":{"_monsterinsights_skip_tracking":false,"_monsterinsights_sitenote_active":false,"_monsterinsights_sitenote_note":"","_monsterinsights_sitenote_category":0},"product_brand":[],"product_cat":[12291,12711],"product_tag":[],"class_list":{"0":"post-758785","1":"product","2":"type-product","3":"status-publish","5":"product_cat-edebiyat","6":"product_cat-roman-oyku","7":"pa_cilt-ciltsiz","8":"pa_tur-kitap","9":"pa_yayinevi-everest-yayinlari","10":"pa_yazar-alain-de-botton","12":"first","13":"instock","14":"sale","15":"shipping-taxable","16":"purchasable","17":"product-type-simple"},"_links":{"self":[{"href":"https:\/\/roveyayinevi.com.tr\/index.php\/wp-json\/wp\/v2\/product\/758785","targetHints":{"allow":["GET"]}}],"collection":[{"href":"https:\/\/roveyayinevi.com.tr\/index.php\/wp-json\/wp\/v2\/product"}],"about":[{"href":"https:\/\/roveyayinevi.com.tr\/index.php\/wp-json\/wp\/v2\/types\/product"}],"wp:attachment":[{"href":"https:\/\/roveyayinevi.com.tr\/index.php\/wp-json\/wp\/v2\/media?parent=758785"}],"wp:term":[{"taxonomy":"product_brand","embeddable":true,"href":"https:\/\/roveyayinevi.com.tr\/index.php\/wp-json\/wp\/v2\/product_brand?post=758785"},{"taxonomy":"product_cat","embeddable":true,"href":"https:\/\/roveyayinevi.com.tr\/index.php\/wp-json\/wp\/v2\/product_cat?post=758785"},{"taxonomy":"product_tag","embeddable":true,"href":"https:\/\/roveyayinevi.com.tr\/index.php\/wp-json\/wp\/v2\/product_tag?post=758785"}],"curies":[{"name":"wp","href":"https:\/\/api.w.org\/{rel}","templated":true}]}}