{"id":758781,"date":"2025-08-28T08:14:41","date_gmt":"2025-08-28T05:14:41","guid":{"rendered":"https:\/\/roveyayinevi.com.tr\/index.php\/urun\/golgenin-gunesi-2-vatan-ugruna\/"},"modified":"2026-04-16T03:11:47","modified_gmt":"2026-04-16T00:11:47","slug":"golgenin-gunesi-2-vatan-ugruna","status":"publish","type":"product","link":"https:\/\/roveyayinevi.com.tr\/index.php\/urun\/golgenin-gunesi-2-vatan-ugruna\/","title":{"rendered":"G\u00f6lgenin G\u00fcne\u015fi 2 &#8211; Vatan U\u011fruna"},"content":{"rendered":"<p>Hayat\u0131m\u0131n tam da en g\u00fczel zamanlar\u0131n\u0131 ya\u015fayaca\u011f\u0131m s\u0131rada, sevdi\u011fim adamla mesle\u011fim aras\u0131nda s\u0131k\u0131\u015f\u0131p kalm\u0131\u015f \u00e7\u0131rp\u0131n\u0131yordum. Benim i\u00e7in bu araf, zindandan ba\u015fka bir \u015fey de\u011fildi. \u0130kisi de vazge\u00e7emeyece\u011fim, s\u0131rt\u0131m\u0131 d\u00f6nemeyece\u011fim \u015feylerdi. Ben, G\u00f6lge\u2019nin G\u00fcne\u015f\u2019i. \u0130lk defa Pala\u2019n\u0131n G\u00fcne\u015f\u2019i olmak isterken k\u00e2buslar\u0131 olmu\u015ftum. Onu hastane odas\u0131nda yaral\u0131 h\u00e2lde b\u0131rak\u0131p gitti\u011fimde, asl\u0131nda kalbimi de orada b\u0131rakt\u0131\u011f\u0131m\u0131 biliyordum. \u015eimdi ise sonumun me\u00e7hul oldu\u011fu bu yerde, onca d\u00fc\u015fman\u0131n aras\u0131nda tek d\u00fc\u015f\u00fcnd\u00fc\u011f\u00fcm, olur da geri d\u00f6nebilirsem kar\u015f\u0131la\u015faca\u011f\u0131m o kara g\u00f6zlerdi&#8230;   \u201cAld\u0131n intikam\u0131n\u0131. Beni it gibi arkanda yaral\u0131 h\u00e2lde b\u0131rak\u0131p gittin. Nas\u0131l b\u0131rakt\u0131n Bahar? Hi\u00e7 mi \u00fcz\u00fclmedin? Akl\u0131na gelmedi mi \u00e7ekece\u011fim ac\u0131?\u201d   \u201cBeni anla istedim. Beni, bu mesle\u011fe olan a\u015fk\u0131m\u0131 anla istedim. Hi\u00e7 yoktan ben senin gibi arkandan i\u015f \u00e7evirmedim. G\u00f6rev ald\u0131m ve g\u00f6reve gittim.\u201d<\/p>\n","protected":false},"excerpt":{"rendered":"<p>Hayat\u0131m\u0131n tam da en g\u00fczel zamanlar\u0131n\u0131 ya\u015fayaca\u011f\u0131m s\u0131rada, sevdi\u011fim adamla mesle\u011fim aras\u0131nda s\u0131k\u0131\u015f\u0131p kalm\u0131\u015f \u00e7\u0131rp\u0131n\u0131yordum. Benim i\u00e7in bu araf, zindandan ba\u015fka bir \u015fey de\u011fildi. \u0130kisi de<span class=\"excerpt-hellip\"> [\u2026]<\/span><\/p>\n","protected":false},"featured_media":0,"template":"","meta":{"_monsterinsights_skip_tracking":false,"_monsterinsights_sitenote_active":false,"_monsterinsights_sitenote_note":"","_monsterinsights_sitenote_category":0},"product_brand":[],"product_cat":[12291,12711],"product_tag":[],"class_list":{"0":"post-758781","1":"product","2":"type-product","3":"status-publish","5":"product_cat-edebiyat","6":"product_cat-roman-oyku","7":"pa_cilt-ciltsiz","8":"pa_tur-kitap","9":"pa_yayinevi-parola-yayinlari","10":"pa_yazar-meryem-soylu","12":"first","13":"instock","14":"sale","15":"shipping-taxable","16":"purchasable","17":"product-type-simple"},"_links":{"self":[{"href":"https:\/\/roveyayinevi.com.tr\/index.php\/wp-json\/wp\/v2\/product\/758781","targetHints":{"allow":["GET"]}}],"collection":[{"href":"https:\/\/roveyayinevi.com.tr\/index.php\/wp-json\/wp\/v2\/product"}],"about":[{"href":"https:\/\/roveyayinevi.com.tr\/index.php\/wp-json\/wp\/v2\/types\/product"}],"wp:attachment":[{"href":"https:\/\/roveyayinevi.com.tr\/index.php\/wp-json\/wp\/v2\/media?parent=758781"}],"wp:term":[{"taxonomy":"product_brand","embeddable":true,"href":"https:\/\/roveyayinevi.com.tr\/index.php\/wp-json\/wp\/v2\/product_brand?post=758781"},{"taxonomy":"product_cat","embeddable":true,"href":"https:\/\/roveyayinevi.com.tr\/index.php\/wp-json\/wp\/v2\/product_cat?post=758781"},{"taxonomy":"product_tag","embeddable":true,"href":"https:\/\/roveyayinevi.com.tr\/index.php\/wp-json\/wp\/v2\/product_tag?post=758781"}],"curies":[{"name":"wp","href":"https:\/\/api.w.org\/{rel}","templated":true}]}}