{"id":758763,"date":"2025-08-28T08:14:14","date_gmt":"2025-08-28T05:14:14","guid":{"rendered":"https:\/\/roveyayinevi.com.tr\/index.php\/urun\/dakikalar-icinde-fizik\/"},"modified":"2026-04-16T03:11:46","modified_gmt":"2026-04-16T00:11:46","slug":"dakikalar-icinde-fizik","status":"publish","type":"product","link":"https:\/\/roveyayinevi.com.tr\/index.php\/urun\/dakikalar-icinde-fizik\/","title":{"rendered":"Dakikalar \u0130\u00e7inde Fizik"},"content":{"rendered":"<p>HEYECAN VER\u0130C\u0130 B\u0130R F\u0130Z\u0130K YOLCULU\u011eUK\u00f6keni Antik Yunan\u2019a kadar uzanan klasik mekanikten nas\u0131l yararlan\u0131l\u0131yor? Teleskop ve mikroskop nas\u0131l \u00e7al\u0131\u015f\u0131yor? S\u0131cakl\u0131k ilk defa nas\u0131l \u00f6l\u00e7\u00fcld\u00fc? Evren hakk\u0131nda bilgi edinmemizin en \u00f6nemli yollar\u0131ndan elektromanyetizma nedir? K\u0131z\u0131l\u00f6tesi ve ultraviyole radyasyon nas\u0131l ke\u015ffedildi? X \u0131\u015f\u0131nlar\u0131 bize ne s\u00f6yler? Ayd\u0131nlatma sistemlerinden ameliyatlara kadar pek \u00e7ok alanda yararlan\u0131lan lazer asl\u0131nda nedir? Dakikalar \u0130\u00e7inde serisinden Fizik; \u00e7ok h\u0131zl\u0131 okunabilen, okunduk\u00e7a hayret ettiren, olduk\u00e7a zevkli bir bilim kitab\u0131. Sadece yukar\u0131daki sorular\u0131 cevaplamakla kalm\u0131yor, evrenimizin nas\u0131l i\u015fledi\u011fine kadar say\u0131s\u0131z konuda detay veriyor. Madde, maddenin halleri, atomun yap\u0131s\u0131, elektrik motoru, jenerat\u00f6r, analog ve dijital elektronik, n\u00fckleer silahlar, kuantum fizi\u011fi, B\u00fcy\u00fck Hadron \u00c7arp\u0131\u015ft\u0131r\u0131c\u0131s\u0131, kozmoloji, \u0131\u015f\u0131k h\u0131z\u0131, zaman makineleri, b\u00fcy\u00fck patlama, karanl\u0131k madde, evren ve daha pek \u00e7ok fizik kavram\u0131; \u00e7izimler, foto\u011fraflar ve 200 g\u00f6rsel e\u015fli\u011finde t\u00fcm merakl\u0131lara en kolay bi\u00e7imde anlat\u0131l\u0131yor.<\/p>\n","protected":false},"excerpt":{"rendered":"<p>HEYECAN VER\u0130C\u0130 B\u0130R F\u0130Z\u0130K YOLCULU\u011eUK\u00f6keni Antik Yunan\u2019a kadar uzanan klasik mekanikten nas\u0131l yararlan\u0131l\u0131yor? Teleskop ve mikroskop nas\u0131l \u00e7al\u0131\u015f\u0131yor? S\u0131cakl\u0131k ilk defa nas\u0131l \u00f6l\u00e7\u00fcld\u00fc? Evren hakk\u0131nda bilgi<span class=\"excerpt-hellip\"> [\u2026]<\/span><\/p>\n","protected":false},"featured_media":0,"template":"","meta":{"_monsterinsights_skip_tracking":false,"_monsterinsights_sitenote_active":false,"_monsterinsights_sitenote_note":"","_monsterinsights_sitenote_category":0},"product_brand":[],"product_cat":[13005,13006],"product_tag":[],"class_list":{"0":"post-758763","1":"product","2":"type-product","3":"status-publish","5":"product_cat-bilim-muhendislik","6":"product_cat-populer-bilim","7":"pa_cilt-ciltsiz","8":"pa_tur-kitap","9":"pa_yayinevi-kronik-kitap","10":"pa_yazar-giles-sparrow","12":"first","13":"instock","14":"sale","15":"shipping-taxable","16":"purchasable","17":"product-type-simple"},"_links":{"self":[{"href":"https:\/\/roveyayinevi.com.tr\/index.php\/wp-json\/wp\/v2\/product\/758763","targetHints":{"allow":["GET"]}}],"collection":[{"href":"https:\/\/roveyayinevi.com.tr\/index.php\/wp-json\/wp\/v2\/product"}],"about":[{"href":"https:\/\/roveyayinevi.com.tr\/index.php\/wp-json\/wp\/v2\/types\/product"}],"wp:attachment":[{"href":"https:\/\/roveyayinevi.com.tr\/index.php\/wp-json\/wp\/v2\/media?parent=758763"}],"wp:term":[{"taxonomy":"product_brand","embeddable":true,"href":"https:\/\/roveyayinevi.com.tr\/index.php\/wp-json\/wp\/v2\/product_brand?post=758763"},{"taxonomy":"product_cat","embeddable":true,"href":"https:\/\/roveyayinevi.com.tr\/index.php\/wp-json\/wp\/v2\/product_cat?post=758763"},{"taxonomy":"product_tag","embeddable":true,"href":"https:\/\/roveyayinevi.com.tr\/index.php\/wp-json\/wp\/v2\/product_tag?post=758763"}],"curies":[{"name":"wp","href":"https:\/\/api.w.org\/{rel}","templated":true}]}}