{"id":758762,"date":"2025-08-28T08:14:13","date_gmt":"2025-08-28T05:14:13","guid":{"rendered":"https:\/\/roveyayinevi.com.tr\/index.php\/urun\/stalin-2-cilt-kutulu\/"},"modified":"2026-04-16T03:11:46","modified_gmt":"2026-04-16T00:11:46","slug":"stalin-2-cilt-kutulu","status":"publish","type":"product","link":"https:\/\/roveyayinevi.com.tr\/index.php\/urun\/stalin-2-cilt-kutulu\/","title":{"rendered":"Stalin (2 Cilt Kutulu)"},"content":{"rendered":"<p>STAL\u0130N D\u00dcNYA TAR\u0130H\u0130N\u0130 DE\u011e\u0130\u015eT\u0130REN L\u0130DER\u0130N FIRTINALI HAYATI   \u201cStalin hakk\u0131nda yeni bir \u015feyler \u00f6\u011frenebilece\u011fimi d\u00fc\u015f\u00fcnm\u00fcyordum fakat yan\u0131lm\u0131\u015f\u0131m. \u0130nan\u0131lmaz bir performans.\u201d \u2013 Henry Kissinger \u201c[Montefiore] Bu b\u00fcy\u00fcleyici kitab\u0131nda her iyi tarih\u00e7inin yapmas\u0131 gerekti\u011fi gibi, konuya dair bilgimizin s\u0131n\u0131rlar\u0131n\u0131 zorlamaya odaklan\u0131yor; insani de\u011ferlerin tersy\u00fcz edildi\u011fi bir d\u00fcnyada g\u00fcnl\u00fck ya\u015fam ve aile ili\u015fkilerine dair zengin detaylar sunuyor. \u2026 [Montefiore] Stalin\u2019in karizmas\u0131, jeopolitik meseleleri esrarengiz bir \u015fekilde kavramas\u0131, yabanc\u0131 devlet adamlar\u0131n\u0131 zekice idare etmesi ve edebiyata olan ger\u00e7ek tutkusu gibi niteliklerini anlat\u0131rken de titizlikle adil davran\u0131yor.\u201d \u2013 Antony Beevor Kimilerine g\u00f6re kurtar\u0131c\u0131, kimilerine g\u00f6re fatih, kimilerine g\u00f6reyse ac\u0131mas\u0131z bir katil. Yaln\u0131zca kendi \u00e7a\u011f\u0131n\u0131 de\u011fil, gelecek \u00e7a\u011flar\u0131 da etkilemeyi ba\u015faran, ard\u0131nda g\u00fc\u00e7l\u00fc bir miras b\u0131rakan bu gizemli adam, \u00f6l\u00fcm\u00fcn\u00fcn ard\u0131ndan ge\u00e7en onlarca y\u0131la ra\u011fmen h\u00e2l\u00e2 \u00fczerinde uzla\u015f\u0131lamam\u0131\u015f biri. \u00dcnl\u00fc \u0130ngiliz tarih\u00e7i Simon Sebag Montefiore ise G\u00fcrcistan\u2019\u0131n m\u00fctevaz\u0131 bir kasabas\u0131nda d\u00fcnyaya gelen bu efsanevi adam\u0131n hayat\u0131ndaki s\u0131r perdesini aralamay\u0131 hedefliyor. Simon Sebag Montefiore\u2019nin 20\u2019den fazla dile \u00e7evrilen ve uluslararas\u0131 \u00e7ok satanlar listelerine giren Gen\u00e7 Stalin ve K\u0131z\u0131l \u00c7ar\u2019\u0131n Saray\u0131 kitaplar\u0131, Kronik Kitap etiketiyle \u00f6zel kutu ve tasar\u0131m\u0131yla okurlarla bulu\u015fuyor. Okurlar\u0131m\u0131z Stalin setinin ilk cildi olan Gen\u00e7 Stalin\u2019de, ad\u0131ndan da anla\u015f\u0131laca\u011f\u0131 \u00fczere Stalin\u2019in i\u00e7ine do\u011fdu\u011fu d\u00fcnyay\u0131, ailesini, geli\u015fmesini ve delifi\u015fek \u00e7a\u011flar\u0131n\u0131 okuyacaklar. Stalin \u00c7ar\u2019\u0131n ajan\u0131 m\u0131yd\u0131 yoksa Lenin\u2019in haydudu mu? Karizmatik bir ayakkab\u0131c\u0131n\u0131n o\u011flunun ad\u0131m ad\u0131m nas\u0131l romantik bir \u015fair, \u00fcretken bir a\u015f\u0131k, dahi bir gangster ve cani bir devrimci haline geli\u015fini soluk solu\u011fa okuyaca\u011f\u0131n\u0131z Gen\u00e7 Stalin, Yosif Visariyonovi\u00e7 Cuga\u015fvili\u2019nin nas\u0131l Stalin oldu\u011funu t\u00fcm \u00e7\u0131plakl\u0131\u011f\u0131yla g\u00f6zler \u00f6n\u00fcne seriyor. \u0130kinci cilt olan K\u0131z\u0131l \u00c7ar\u2019\u0131n Saray\u0131 ise iktidar\u0131 ele ge\u00e7iren bu dev adam\u0131n siyasi manevralar\u0131n\u0131, korkular\u0131n\u0131, ya\u015fad\u0131\u011f\u0131 ihanetleri, aile hayat\u0131n\u0131, \u00f6l\u00fcmc\u00fcl ac\u0131mas\u0131zl\u0131\u011f\u0131n\u0131 ve ba\u015f d\u00fc\u015fman\u0131 Hitler\u2019i nas\u0131l alt etti\u011fini b\u00fcy\u00fcleyici detaylarla anlat\u0131yor. D\u00f6nemin en korkulan liderlerinden birinin karanl\u0131kta kalan y\u00f6nlerini ayd\u0131nlatmay\u0131 hedefleyen bu cesur \u00e7al\u0131\u015fma, titiz ara\u015ft\u0131rmalar ve ustaca anlat\u0131yla hedefine ula\u015farak kendisini modern tarihyaz\u0131m\u0131n\u0131n klasiklerinden biri haline getirdi. \u00dcnl\u00fc tarih\u00e7i Montefiore\u2019nin kaleminden Stalin, d\u00fcnyaya kal\u0131c\u0131 damga vurmu\u015f bir liderin T\u00fcrkiye\u2019de yay\u0131mlanan en kapsaml\u0131 biyografisi olma \u00f6zelli\u011fini ta\u015f\u0131yor.<\/p>\n","protected":false},"excerpt":{"rendered":"<p>STAL\u0130N D\u00dcNYA TAR\u0130H\u0130N\u0130 DE\u011e\u0130\u015eT\u0130REN L\u0130DER\u0130N FIRTINALI HAYATI \u201cStalin hakk\u0131nda yeni bir \u015feyler \u00f6\u011frenebilece\u011fimi d\u00fc\u015f\u00fcnm\u00fcyordum fakat yan\u0131lm\u0131\u015f\u0131m. \u0130nan\u0131lmaz bir performans.\u201d \u2013 Henry Kissinger \u201c[Montefiore] Bu b\u00fcy\u00fcleyici kitab\u0131nda<span class=\"excerpt-hellip\"> [\u2026]<\/span><\/p>\n","protected":false},"featured_media":0,"template":"","meta":{"_monsterinsights_skip_tracking":false,"_monsterinsights_sitenote_active":false,"_monsterinsights_sitenote_note":"","_monsterinsights_sitenote_category":0},"product_brand":[],"product_cat":[13946,12304],"product_tag":[],"class_list":{"0":"post-758762","1":"product","2":"type-product","3":"status-publish","5":"product_cat-biyografi-otobiyografi","6":"product_cat-tarih","7":"pa_cilt-ciltsiz","8":"pa_tur-kitap","9":"pa_yayinevi-kronik-kitap","10":"pa_yazar-simon-sebag-montefiore","12":"first","13":"instock","14":"sale","15":"shipping-taxable","16":"purchasable","17":"product-type-simple"},"_links":{"self":[{"href":"https:\/\/roveyayinevi.com.tr\/index.php\/wp-json\/wp\/v2\/product\/758762","targetHints":{"allow":["GET"]}}],"collection":[{"href":"https:\/\/roveyayinevi.com.tr\/index.php\/wp-json\/wp\/v2\/product"}],"about":[{"href":"https:\/\/roveyayinevi.com.tr\/index.php\/wp-json\/wp\/v2\/types\/product"}],"wp:attachment":[{"href":"https:\/\/roveyayinevi.com.tr\/index.php\/wp-json\/wp\/v2\/media?parent=758762"}],"wp:term":[{"taxonomy":"product_brand","embeddable":true,"href":"https:\/\/roveyayinevi.com.tr\/index.php\/wp-json\/wp\/v2\/product_brand?post=758762"},{"taxonomy":"product_cat","embeddable":true,"href":"https:\/\/roveyayinevi.com.tr\/index.php\/wp-json\/wp\/v2\/product_cat?post=758762"},{"taxonomy":"product_tag","embeddable":true,"href":"https:\/\/roveyayinevi.com.tr\/index.php\/wp-json\/wp\/v2\/product_tag?post=758762"}],"curies":[{"name":"wp","href":"https:\/\/api.w.org\/{rel}","templated":true}]}}