{"id":758759,"date":"2025-08-28T08:14:08","date_gmt":"2025-08-28T05:14:08","guid":{"rendered":"https:\/\/roveyayinevi.com.tr\/index.php\/urun\/doguda-bir-mevsim\/"},"modified":"2026-03-12T03:21:14","modified_gmt":"2026-03-12T00:21:14","slug":"doguda-bir-mevsim","status":"publish","type":"product","link":"https:\/\/roveyayinevi.com.tr\/index.php\/urun\/doguda-bir-mevsim\/","title":{"rendered":"Do\u011fuda Bir Mevsim"},"content":{"rendered":"<p>\u00c7aylar\u0131 bittik\u00e7e dolduruyorlard\u0131. \u00d6nemli konulara de\u011finiyorlar, konu\u015fmalar uzay\u0131p gidiyordu. K\u00f6y okullar\u0131n\u0131n \u00e7ok \u00f6nemli oldu\u011fundan bahsetti Sevgi. \u201cK\u00f6y okullar\u0131n tarihimizde \u00e7ok \u00f6nemli bir yeri var. Hi\u00e7 k\u00fc\u00e7\u00fcmsenmeyecek ve devam ettirilmesi gereken bir \u00f6nem. E\u011fitimde K\u00f6y enstit\u00fcleri de \u00e7ok \u00f6nemli bir yer tutuyordu. Bu okullar sanat\u00e7\u0131lar, ayd\u0131nlar, yazarlar yeti\u015ftirdi.\u201d <\/p>\n","protected":false},"excerpt":{"rendered":"<p>\u00c7aylar\u0131 bittik\u00e7e dolduruyorlard\u0131. \u00d6nemli konulara de\u011finiyorlar, konu\u015fmalar uzay\u0131p gidiyordu. K\u00f6y okullar\u0131n\u0131n \u00e7ok \u00f6nemli oldu\u011fundan bahsetti Sevgi. \u201cK\u00f6y okullar\u0131n tarihimizde \u00e7ok \u00f6nemli bir yeri var. Hi\u00e7 k\u00fc\u00e7\u00fcmsenmeyecek<span class=\"excerpt-hellip\"> [\u2026]<\/span><\/p>\n","protected":false},"featured_media":0,"template":"","meta":{"_monsterinsights_skip_tracking":false,"_monsterinsights_sitenote_active":false,"_monsterinsights_sitenote_note":"","_monsterinsights_sitenote_category":0},"product_brand":[],"product_cat":[12291,12711],"product_tag":[],"class_list":{"0":"post-758759","1":"product","2":"type-product","3":"status-publish","5":"product_cat-edebiyat","6":"product_cat-roman-oyku","7":"pa_cilt-ciltsiz","8":"pa_tur-kitap","9":"pa_yayinevi-kirmizi-cati-yayinlari","10":"pa_yazar-muserref-kaya","12":"first","13":"instock","14":"sale","15":"shipping-taxable","16":"purchasable","17":"product-type-simple"},"_links":{"self":[{"href":"https:\/\/roveyayinevi.com.tr\/index.php\/wp-json\/wp\/v2\/product\/758759","targetHints":{"allow":["GET"]}}],"collection":[{"href":"https:\/\/roveyayinevi.com.tr\/index.php\/wp-json\/wp\/v2\/product"}],"about":[{"href":"https:\/\/roveyayinevi.com.tr\/index.php\/wp-json\/wp\/v2\/types\/product"}],"wp:attachment":[{"href":"https:\/\/roveyayinevi.com.tr\/index.php\/wp-json\/wp\/v2\/media?parent=758759"}],"wp:term":[{"taxonomy":"product_brand","embeddable":true,"href":"https:\/\/roveyayinevi.com.tr\/index.php\/wp-json\/wp\/v2\/product_brand?post=758759"},{"taxonomy":"product_cat","embeddable":true,"href":"https:\/\/roveyayinevi.com.tr\/index.php\/wp-json\/wp\/v2\/product_cat?post=758759"},{"taxonomy":"product_tag","embeddable":true,"href":"https:\/\/roveyayinevi.com.tr\/index.php\/wp-json\/wp\/v2\/product_tag?post=758759"}],"curies":[{"name":"wp","href":"https:\/\/api.w.org\/{rel}","templated":true}]}}