{"id":758756,"date":"2025-08-28T08:14:03","date_gmt":"2025-08-28T05:14:03","guid":{"rendered":"https:\/\/roveyayinevi.com.tr\/index.php\/urun\/sairler-abartir\/"},"modified":"2026-03-12T03:21:14","modified_gmt":"2026-03-12T00:21:14","slug":"sairler-abartir","status":"publish","type":"product","link":"https:\/\/roveyayinevi.com.tr\/index.php\/urun\/sairler-abartir\/","title":{"rendered":"\u015eairler Abart\u0131r"},"content":{"rendered":"<p>\u015eairlere yazd\u0131ran bilgi, idrak, ilham ve kelam yetene\u011fidir. G\u00f6zle g\u00f6r\u00fcnenin ilerisinde g\u00f6n\u00fclden g\u00f6r\u00fclen, seyredilen, hissedilenleri   m\u0131sra, k\u0131t&#8217;a ve nihayet \u015fiir halinde serdetmektir. Yunus&#8217;u sar\u0131 \u00e7i\u00e7ekle konu\u015fturan g\u00f6n\u00fcl g\u00f6z\u00fc, Mehmet Akif&#8217;e emsalsiz \u0130stiklal Mar\u015f\u0131n\u0131 yazd\u0131ran istiklal arzusudur\u2026 Necip Faz\u0131l&#8217;\u0131n \u2018\u00c7ile\u2019sidir yazd\u0131ran. Naz\u0131m Hikmet dizelerinde \u2018yarin yana\u011f\u0131ndan gayr\u0131s\u0131\u2019n\u0131 payla\u015fal\u0131m derken k\u0131skand\u0131\u011f\u0131n\u0131 s\u00f6yl\u00fcyordu bize. \u0130stanbul\u2019a yedi tepeden bakt\u0131ran da bir ba\u015fka duygu hayranl\u0131\u011f\u0131n ifadesiydi. Ka\u015flar\u0131 \u00e7atmak mimikler, laf atmak s\u00f6zle tepki belirtmek t\u0131r. \u015eiir ise duygular\u0131n sanatsal kal\u0131pta arz\u0131d\u0131r. <\/p>\n","protected":false},"excerpt":{"rendered":"<p>\u015eairlere yazd\u0131ran bilgi, idrak, ilham ve kelam yetene\u011fidir. G\u00f6zle g\u00f6r\u00fcnenin ilerisinde g\u00f6n\u00fclden g\u00f6r\u00fclen, seyredilen, hissedilenleri m\u0131sra, k\u0131t&#8217;a ve nihayet \u015fiir halinde serdetmektir. Yunus&#8217;u sar\u0131 \u00e7i\u00e7ekle konu\u015fturan<span class=\"excerpt-hellip\"> [\u2026]<\/span><\/p>\n","protected":false},"featured_media":0,"template":"","meta":{"_monsterinsights_skip_tracking":false,"_monsterinsights_sitenote_active":false,"_monsterinsights_sitenote_note":"","_monsterinsights_sitenote_category":0},"product_brand":[],"product_cat":[12291,12509],"product_tag":[],"class_list":{"0":"post-758756","1":"product","2":"type-product","3":"status-publish","5":"product_cat-edebiyat","6":"product_cat-siir","7":"pa_cilt-ciltsiz","8":"pa_tur-kitap","9":"pa_yayinevi-kirmizi-cati-yayinlari","10":"pa_yazar-ismail-muezzinoglu","12":"first","13":"instock","14":"sale","15":"shipping-taxable","16":"purchasable","17":"product-type-simple"},"_links":{"self":[{"href":"https:\/\/roveyayinevi.com.tr\/index.php\/wp-json\/wp\/v2\/product\/758756","targetHints":{"allow":["GET"]}}],"collection":[{"href":"https:\/\/roveyayinevi.com.tr\/index.php\/wp-json\/wp\/v2\/product"}],"about":[{"href":"https:\/\/roveyayinevi.com.tr\/index.php\/wp-json\/wp\/v2\/types\/product"}],"wp:attachment":[{"href":"https:\/\/roveyayinevi.com.tr\/index.php\/wp-json\/wp\/v2\/media?parent=758756"}],"wp:term":[{"taxonomy":"product_brand","embeddable":true,"href":"https:\/\/roveyayinevi.com.tr\/index.php\/wp-json\/wp\/v2\/product_brand?post=758756"},{"taxonomy":"product_cat","embeddable":true,"href":"https:\/\/roveyayinevi.com.tr\/index.php\/wp-json\/wp\/v2\/product_cat?post=758756"},{"taxonomy":"product_tag","embeddable":true,"href":"https:\/\/roveyayinevi.com.tr\/index.php\/wp-json\/wp\/v2\/product_tag?post=758756"}],"curies":[{"name":"wp","href":"https:\/\/api.w.org\/{rel}","templated":true}]}}