{"id":758740,"date":"2025-08-28T08:13:39","date_gmt":"2025-08-28T05:13:39","guid":{"rendered":"https:\/\/roveyayinevi.com.tr\/index.php\/urun\/renklerle-piyano-ogretimi\/"},"modified":"2026-04-16T03:11:45","modified_gmt":"2026-04-16T00:11:45","slug":"renklerle-piyano-ogretimi","status":"publish","type":"product","link":"https:\/\/roveyayinevi.com.tr\/index.php\/urun\/renklerle-piyano-ogretimi\/","title":{"rendered":"Renklerle Piyano \u00d6\u011fretimi"},"content":{"rendered":"<p>P\u0130YANO \u00c7ALMA! \u00c7ocukken \u00f6\u011frenilmesi gereken on \u015feyden birinin \u201c\u00e7alg\u0131 \u00e7alma\u201d oldu\u011funu d\u00fc\u015f\u00fcn\u00fcyorum. Evet, ama hangi \u00e7alg\u0131?   \u00c7alg\u0131lar bir bak\u0131ma \u00e7i\u00e7eklere benzer. Nas\u0131l ki her \u00e7i\u00e7e\u011fin ayr\u0131 rengi, ayr\u0131 deseni ve ayr\u0131 kokusu varsa ve nas\u0131l ki g\u00f6rsel d\u00fcnyam\u0131z\u0131 bezeyen, zenginle\u015ftiren anlamlar i\u00e7erirse, \u00e7alg\u0131lar da t\u0131n\u0131lar\u0131yla i\u015fitsel d\u00fcnyam\u0131z\u0131 s\u00fcsler, zenginle\u015ftirir. \u00d6rne\u011fin; ba\u011flama da\u011f ba\u015f\u0131nda a\u00e7an bir \u00e7i\u011fdem, ut saks\u0131da l\u00e2le, gitar hercai menek\u015fe, keman vazoda masam\u0131z\u0131 s\u00fcsleyen g\u00fcld\u00fcr. Piyano asil ve zarif bir orkide, arp fantastik imgeler \u00e7a\u011fr\u0131\u015ft\u0131ran begonvil\u2026   Ne \u00e7i\u011fdemden vazge\u00e7ebiliriz ne l\u00e2leden ne g\u00fclden. Hi\u00e7biri di\u011ferinin se\u00e7ene\u011fi de\u011fildir. \u00c7i\u011fdem bahar\u0131n m\u00fcjdecisi g\u00fczel bir k\u0131r \u00e7i\u00e7e\u011fidir, ancak kente ta\u015f\u0131nd\u0131\u011f\u0131nda boynu b\u00fck\u00fcl\u00fcr, solar. L\u00e2lenin karizmas\u0131 tart\u0131\u015f\u0131lamaz, ne yaz\u0131k ki \u00f6mr\u00fc k\u0131sad\u0131r. G\u00fcl, kokusu ve g\u00f6rselli\u011fiyle e\u015fsiz bir \u00e7i\u00e7ektir, ancak dikenleri vard\u0131r y\u0131rtar, kanat\u0131r. Begonvil nazl\u0131d\u0131r, orkide pahal\u0131\u2026   RENKLERLE P\u0130YANO \u00d6\u011eRET\u0130M\u0130 son derece yal\u0131n bir y\u00f6ntemdir. Ses ve notalar\u0131 renkli grafikle g\u00f6steren bu y\u00f6ntem d\u00fcnyada bir ilktir. Bu y\u00f6ntem org \u00f6\u011fretiminde on y\u0131llar boyunca, binlerce \u00e7ocukla denenmi\u015f, ba\u015far\u0131s\u0131 test edilmi\u015ftir. B\u00f6ylelikle okul \u00f6ncesi d\u00f6nemi \u00e7ocuklar\u0131 da m\u00fczi\u011fin b\u00fcy\u00fcl\u00fc d\u00fcnyas\u0131yla tan\u0131\u015facaklard\u0131r. \u00c7ocuklar\u0131n piyanonun kapa\u011f\u0131na \u201ca\u00e7\u0131l susam a\u00e7\u0131l\u201d demeleri yeterli olacakt\u0131r.   RENKLERLE P\u0130YANO \u00d6\u011eRET\u0130M\u0130 orkide metaforu \u00fczerinden, hayat\u0131m\u0131z\u0131n en \u00f6zel d\u00f6nemi olan \u00e7ocuklu\u011fumuzu, renklerin c\u00fcmb\u00fc\u015f\u00fc ve seslerin armonisiyle zenginle\u015ftirecek! Salih Aydo\u011fan <\/p>\n","protected":false},"excerpt":{"rendered":"<p>P\u0130YANO \u00c7ALMA! \u00c7ocukken \u00f6\u011frenilmesi gereken on \u015feyden birinin \u201c\u00e7alg\u0131 \u00e7alma\u201d oldu\u011funu d\u00fc\u015f\u00fcn\u00fcyorum. Evet, ama hangi \u00e7alg\u0131? \u00c7alg\u0131lar bir bak\u0131ma \u00e7i\u00e7eklere benzer. Nas\u0131l ki her \u00e7i\u00e7e\u011fin ayr\u0131<span class=\"excerpt-hellip\"> [\u2026]<\/span><\/p>\n","protected":false},"featured_media":0,"template":"","meta":{"_monsterinsights_skip_tracking":false,"_monsterinsights_sitenote_active":false,"_monsterinsights_sitenote_note":"","_monsterinsights_sitenote_category":0},"product_brand":[],"product_cat":[14556],"product_tag":[],"class_list":{"0":"post-758740","1":"product","2":"type-product","3":"status-publish","5":"product_cat-muzik","6":"pa_cilt-ciltsiz","7":"pa_tur-kitap","8":"pa_yayinevi-arkadas-yayinlari-muzik-kitaplari","9":"pa_yazar-salih-aydogan","11":"first","12":"instock","13":"sale","14":"shipping-taxable","15":"purchasable","16":"product-type-simple"},"_links":{"self":[{"href":"https:\/\/roveyayinevi.com.tr\/index.php\/wp-json\/wp\/v2\/product\/758740","targetHints":{"allow":["GET"]}}],"collection":[{"href":"https:\/\/roveyayinevi.com.tr\/index.php\/wp-json\/wp\/v2\/product"}],"about":[{"href":"https:\/\/roveyayinevi.com.tr\/index.php\/wp-json\/wp\/v2\/types\/product"}],"wp:attachment":[{"href":"https:\/\/roveyayinevi.com.tr\/index.php\/wp-json\/wp\/v2\/media?parent=758740"}],"wp:term":[{"taxonomy":"product_brand","embeddable":true,"href":"https:\/\/roveyayinevi.com.tr\/index.php\/wp-json\/wp\/v2\/product_brand?post=758740"},{"taxonomy":"product_cat","embeddable":true,"href":"https:\/\/roveyayinevi.com.tr\/index.php\/wp-json\/wp\/v2\/product_cat?post=758740"},{"taxonomy":"product_tag","embeddable":true,"href":"https:\/\/roveyayinevi.com.tr\/index.php\/wp-json\/wp\/v2\/product_tag?post=758740"}],"curies":[{"name":"wp","href":"https:\/\/api.w.org\/{rel}","templated":true}]}}