{"id":758735,"date":"2025-08-28T08:13:31","date_gmt":"2025-08-28T05:13:31","guid":{"rendered":"https:\/\/roveyayinevi.com.tr\/index.php\/urun\/yuzyilin-en-buyuk-deprem-sinamasi-ve-turkiyede-afet-yonetimi\/"},"modified":"2026-04-16T03:11:45","modified_gmt":"2026-04-16T00:11:45","slug":"yuzyilin-en-buyuk-deprem-sinamasi-ve-turkiyede-afet-yonetimi","status":"publish","type":"product","link":"https:\/\/roveyayinevi.com.tr\/index.php\/urun\/yuzyilin-en-buyuk-deprem-sinamasi-ve-turkiyede-afet-yonetimi\/","title":{"rendered":"Y\u00fczy\u0131l\u0131n En B\u00fcy\u00fck Deprem S\u0131namas\u0131 Ve T\u00fcrkiye\u2019de Afet Y\u00f6netimi"},"content":{"rendered":"<p>\u0130\u00e7indekiler :          1. B\u00d6L\u00dcM: \u00c2fet Y\u00f6netimi        2. B\u00d6L\u00dcM: Kentsel D\u00f6n\u00fc\u015f\u00fcm        3. B\u00d6L\u00dcM: Do\u011fal \u00c2fetler ve Deprem <\/p>\n","protected":false},"excerpt":{"rendered":"<p>\u0130\u00e7indekiler : 1. B\u00d6L\u00dcM: \u00c2fet Y\u00f6netimi 2. B\u00d6L\u00dcM: Kentsel D\u00f6n\u00fc\u015f\u00fcm 3. B\u00d6L\u00dcM: Do\u011fal \u00c2fetler ve Deprem<\/p>\n","protected":false},"featured_media":0,"template":"","meta":{"_monsterinsights_skip_tracking":false,"_monsterinsights_sitenote_active":false,"_monsterinsights_sitenote_note":"","_monsterinsights_sitenote_category":0},"product_brand":[],"product_cat":[13005,40995],"product_tag":[],"class_list":{"0":"post-758735","1":"product","2":"type-product","3":"status-publish","5":"product_cat-bilim-muhendislik","6":"product_cat-sosyal-bilimler","7":"pa_cilt-ciltsiz","8":"pa_tur-kitap","9":"pa_yayinevi-gazi-kitabevi","10":"pa_yazar-kolektif","12":"first","13":"instock","14":"sale","15":"shipping-taxable","16":"purchasable","17":"product-type-simple"},"_links":{"self":[{"href":"https:\/\/roveyayinevi.com.tr\/index.php\/wp-json\/wp\/v2\/product\/758735","targetHints":{"allow":["GET"]}}],"collection":[{"href":"https:\/\/roveyayinevi.com.tr\/index.php\/wp-json\/wp\/v2\/product"}],"about":[{"href":"https:\/\/roveyayinevi.com.tr\/index.php\/wp-json\/wp\/v2\/types\/product"}],"wp:attachment":[{"href":"https:\/\/roveyayinevi.com.tr\/index.php\/wp-json\/wp\/v2\/media?parent=758735"}],"wp:term":[{"taxonomy":"product_brand","embeddable":true,"href":"https:\/\/roveyayinevi.com.tr\/index.php\/wp-json\/wp\/v2\/product_brand?post=758735"},{"taxonomy":"product_cat","embeddable":true,"href":"https:\/\/roveyayinevi.com.tr\/index.php\/wp-json\/wp\/v2\/product_cat?post=758735"},{"taxonomy":"product_tag","embeddable":true,"href":"https:\/\/roveyayinevi.com.tr\/index.php\/wp-json\/wp\/v2\/product_tag?post=758735"}],"curies":[{"name":"wp","href":"https:\/\/api.w.org\/{rel}","templated":true}]}}