{"id":758732,"date":"2025-08-28T08:13:27","date_gmt":"2025-08-28T05:13:27","guid":{"rendered":"https:\/\/roveyayinevi.com.tr\/index.php\/urun\/gizli-formul\/"},"modified":"2026-04-05T03:14:15","modified_gmt":"2026-04-05T00:14:15","slug":"gizli-formul","status":"publish","type":"product","link":"https:\/\/roveyayinevi.com.tr\/index.php\/urun\/gizli-formul\/","title":{"rendered":"Gizli Form\u00fcl"},"content":{"rendered":"<p>Ger\u00e7ekte kim oldu\u011funuzu ke\u015ffetmeye ve hayat\u0131n\u0131z\u0131 k\u00f6kten de\u011fi\u015ftirmeye haz\u0131r m\u0131s\u0131n\u0131z?\u0130nsan\u0131n en b\u00fcy\u00fck gereksinimi, kendine inanmas\u0131d\u0131r. Kendimize olan inanc\u0131m\u0131z tek de\u011filse bile en ilkel, en temel ve en umut verici ihtiyac\u0131m\u0131zd\u0131r. Sa\u011fl\u0131kl\u0131 bir \u015fekilde kendine inan\u00e7, ba\u015far\u0131n\u0131n en b\u00fcy\u00fck belirleyicisidir ama \u00e7o\u011fumuz bundan yoksunuz.Joseph Murphy, Gizli Form\u00fcl&#8217;de benlik duygunuzu g\u00fc\u00e7lendirmenin gizli anahtar\u0131n\u0131 ortaya koyuyor. Basit, ikna edici ve ba\u015ftan \u00e7\u0131kar\u0131c\u0131 ad\u0131mlarla, d\u00fc\u015f\u00fcncelerinizin metafizik g\u00fcc\u00fcn\u00fc ve zihninizin evrenin en y\u00fcksek yarat\u0131c\u0131 ilkesiyle ba\u011flant\u0131s\u0131n\u0131 ke\u015ffedeceksiniz. Bu ger\u00e7e\u011fi ke\u015ffetti\u011finizde, yolunuzda bolluk ve bereketle, g\u00fcvenle, ne\u015feyle, h\u00e2kimiyetle ilerlemek i\u00e7in gerekli bilgeli\u011fi de elde edeceksiniz. &#8220;Bilin\u00e7alt\u0131n\u0131z b\u00fcy\u00fck \u00f6l\u00e7\u00fcde kaderinizdir ve kaderiniz \u015fekillendirilebilir. Gizli Form\u00fcl&#8217;deki y\u00f6ntemler size bunun nas\u0131l yap\u0131laca\u011f\u0131n\u0131 g\u00f6steriyor.\u201d-Mitch Horowitz<\/p>\n","protected":false},"excerpt":{"rendered":"<p>Ger\u00e7ekte kim oldu\u011funuzu ke\u015ffetmeye ve hayat\u0131n\u0131z\u0131 k\u00f6kten de\u011fi\u015ftirmeye haz\u0131r m\u0131s\u0131n\u0131z?\u0130nsan\u0131n en b\u00fcy\u00fck gereksinimi, kendine inanmas\u0131d\u0131r. Kendimize olan inanc\u0131m\u0131z tek de\u011filse bile en ilkel, en temel ve<span class=\"excerpt-hellip\"> [\u2026]<\/span><\/p>\n","protected":false},"featured_media":0,"template":"","meta":{"_monsterinsights_skip_tracking":false,"_monsterinsights_sitenote_active":false,"_monsterinsights_sitenote_note":"","_monsterinsights_sitenote_category":0},"product_brand":[],"product_cat":[12364,12376],"product_tag":[],"class_list":{"0":"post-758732","1":"product","2":"type-product","3":"status-publish","5":"product_cat-genel-konular","6":"product_cat-kisisel-gelisim","7":"pa_cilt-ciltsiz","8":"pa_tur-kitap","9":"pa_yayinevi-nemesis-kitap","10":"pa_yazar-joseph-murphy","12":"first","13":"instock","14":"sale","15":"shipping-taxable","16":"purchasable","17":"product-type-simple"},"_links":{"self":[{"href":"https:\/\/roveyayinevi.com.tr\/index.php\/wp-json\/wp\/v2\/product\/758732","targetHints":{"allow":["GET"]}}],"collection":[{"href":"https:\/\/roveyayinevi.com.tr\/index.php\/wp-json\/wp\/v2\/product"}],"about":[{"href":"https:\/\/roveyayinevi.com.tr\/index.php\/wp-json\/wp\/v2\/types\/product"}],"wp:attachment":[{"href":"https:\/\/roveyayinevi.com.tr\/index.php\/wp-json\/wp\/v2\/media?parent=758732"}],"wp:term":[{"taxonomy":"product_brand","embeddable":true,"href":"https:\/\/roveyayinevi.com.tr\/index.php\/wp-json\/wp\/v2\/product_brand?post=758732"},{"taxonomy":"product_cat","embeddable":true,"href":"https:\/\/roveyayinevi.com.tr\/index.php\/wp-json\/wp\/v2\/product_cat?post=758732"},{"taxonomy":"product_tag","embeddable":true,"href":"https:\/\/roveyayinevi.com.tr\/index.php\/wp-json\/wp\/v2\/product_tag?post=758732"}],"curies":[{"name":"wp","href":"https:\/\/api.w.org\/{rel}","templated":true}]}}