{"id":758730,"date":"2025-08-28T08:13:24","date_gmt":"2025-08-28T05:13:24","guid":{"rendered":"https:\/\/roveyayinevi.com.tr\/index.php\/urun\/zamansiz-hizmetkar-serisi-1-kitap\/"},"modified":"2026-04-16T03:11:45","modified_gmt":"2026-04-16T00:11:45","slug":"zamansiz-hizmetkar-serisi-1-kitap","status":"publish","type":"product","link":"https:\/\/roveyayinevi.com.tr\/index.php\/urun\/zamansiz-hizmetkar-serisi-1-kitap\/","title":{"rendered":"Zamans\u0131z &#8211; Hizmetkar Serisi 1. Kitap"},"content":{"rendered":"<p>\u201cATE\u015e \u0130LE \u00c7AMUR\u201dUN \u0130LK KEZ KAR\u015eI KAR\u015eIYA GELMES\u0130YLE YAZILDI KADER! Semalarda ba\u015flayan ve yery\u00fcz\u00fcnde devam eden binlerce y\u0131ll\u0131k bir sava\u015f\u0131n tam ortas\u0131nday\u0131z. Bu, k\u00f6t\u00fcl\u00fck ve iyili\u011fin sava\u015f\u0131, \u015feytanlar ile insanlar\u0131n sava\u015f\u0131, Az\u00e2zil ile \u00c2dem\u2019in sava\u015f\u0131. ZAMANSIZ &#8211; Ya\u011fmur Ba\u015fl\u0131yor, metafizik boyutta ger\u00e7ekle\u015fen bu sava\u015fta; h\u00e2y\u0131r &#8211; \u015fer ordular\u0131n\u0131n meydan muharebelerine, s\u0131rl\u0131 mesajlarla a\u00e7\u0131lan t\u0131ls\u0131mlara kadar okuru farkl\u0131 s\u00fcrprizlerle \u00f6r\u00fcl\u00fc bir maceraya davet ediyor. \u00dcslubuyla, Do\u011fu klasiklerinin temsil\/alegori tarz\u0131n\u0131 da birle\u015ftirmeyi ba\u015faran ZAMANSIZ &#8211; Ya\u011fmur Ba\u015fl\u0131yor, fantastik kurgu da \u00f6zg\u00fcn bir boyut yakal\u0131yor. HAYAT SER\u00dcVEN\u0130NDE F\u0130G\u00dcRAN DE\u011e\u0130L, KEND\u0130 SENARYONUZ D\u00c2H\u0130L\u0130NDE B\u0130R BA\u015eROL OYUNCUSU OLMANIZIN SIRRINI ARIYORSANIZ; O ZAMAN, KALP SARAYININ FETH\u0130NE DAVETL\u0130S\u0130N\u0130Z!<\/p>\n","protected":false},"excerpt":{"rendered":"<p>\u201cATE\u015e \u0130LE \u00c7AMUR\u201dUN \u0130LK KEZ KAR\u015eI KAR\u015eIYA GELMES\u0130YLE YAZILDI KADER! Semalarda ba\u015flayan ve yery\u00fcz\u00fcnde devam eden binlerce y\u0131ll\u0131k bir sava\u015f\u0131n tam ortas\u0131nday\u0131z. Bu, k\u00f6t\u00fcl\u00fck ve iyili\u011fin<span class=\"excerpt-hellip\"> [\u2026]<\/span><\/p>\n","protected":false},"featured_media":0,"template":"","meta":{"_monsterinsights_skip_tracking":false,"_monsterinsights_sitenote_active":false,"_monsterinsights_sitenote_note":"","_monsterinsights_sitenote_category":0},"product_brand":[],"product_cat":[12803,12291],"product_tag":[],"class_list":{"0":"post-758730","1":"product","2":"type-product","3":"status-publish","5":"product_cat-aksiyon-macera","6":"product_cat-edebiyat","7":"pa_cilt-ciltsiz","8":"pa_tur-kitap","9":"pa_yayinevi-elhamra-yayinlari","10":"pa_yazar-cenk-enes-ozer","12":"first","13":"instock","14":"sale","15":"shipping-taxable","16":"purchasable","17":"product-type-simple"},"_links":{"self":[{"href":"https:\/\/roveyayinevi.com.tr\/index.php\/wp-json\/wp\/v2\/product\/758730","targetHints":{"allow":["GET"]}}],"collection":[{"href":"https:\/\/roveyayinevi.com.tr\/index.php\/wp-json\/wp\/v2\/product"}],"about":[{"href":"https:\/\/roveyayinevi.com.tr\/index.php\/wp-json\/wp\/v2\/types\/product"}],"wp:attachment":[{"href":"https:\/\/roveyayinevi.com.tr\/index.php\/wp-json\/wp\/v2\/media?parent=758730"}],"wp:term":[{"taxonomy":"product_brand","embeddable":true,"href":"https:\/\/roveyayinevi.com.tr\/index.php\/wp-json\/wp\/v2\/product_brand?post=758730"},{"taxonomy":"product_cat","embeddable":true,"href":"https:\/\/roveyayinevi.com.tr\/index.php\/wp-json\/wp\/v2\/product_cat?post=758730"},{"taxonomy":"product_tag","embeddable":true,"href":"https:\/\/roveyayinevi.com.tr\/index.php\/wp-json\/wp\/v2\/product_tag?post=758730"}],"curies":[{"name":"wp","href":"https:\/\/api.w.org\/{rel}","templated":true}]}}