{"id":758722,"date":"2025-08-28T08:13:11","date_gmt":"2025-08-28T05:13:11","guid":{"rendered":"https:\/\/roveyayinevi.com.tr\/index.php\/urun\/surdurulebilirlik-kent-ve-doga\/"},"modified":"2026-04-16T03:11:45","modified_gmt":"2026-04-16T00:11:45","slug":"surdurulebilirlik-kent-ve-doga","status":"publish","type":"product","link":"https:\/\/roveyayinevi.com.tr\/index.php\/urun\/surdurulebilirlik-kent-ve-doga\/","title":{"rendered":"S\u00fcrd\u00fcr\u00fclebilirlik, Kent Ve Do\u011fa"},"content":{"rendered":"<p>\u0130\u00e7indekiler :     \u00b7         \u0130NSANA YAKI\u015eIR \u0130\u015e VE EKONOM\u0130K B\u00dcY\u00dcME   \u00b7         SORUMLU \u00dcRET\u0130M VE T\u00dcKET\u0130M   \u00b7         S\u00dcRD\u00dcR\u00dcLEB\u0130L\u0130R B\u0130R KENT V\u0130ZYONU YARATILMASINDA KAR AMACI G\u00dcTMEYEN \u00d6RG\u00dcTLER\u0130N ROL\u00dc: OSMAN\u0130YE \u00d6RNE\u011e\u0130   \u00b7         T\u00dcRK\u0130YE\u2019DEK\u0130 KADIN KOOPERAT\u0130FLER\u0130NE \u0130L\u0130\u015eK\u0130N \u00c7ALI\u015eMALARIN E\u015e\u0130TL\u0130K BA\u011eLAMINDA \u0130NCELENMES\u0130: S\u0130STEMAT\u0130K DERLEME   \u00b7         ANKARA \u0130KL\u0130M\u0130; D\u00dcN\u00dc, BUG\u00dcN\u00dc VE GELECE\u011e\u0130   \u00b7         S\u00dcRD\u00dcR\u00dcLEB\u0130L\u0130R KALKINMA HEDEFLER\u0130 KAPSAMINDA HAVA K\u0130RL\u0130L\u0130\u011e\u0130 KONTROL\u00dc   \u00b7         S\u00dcRD\u00dcR\u00dcLEB\u0130L\u0130R KENTSEL SU Y\u00d6NET\u0130M\u0130: ANKARA \u0130L\u0130 SU AYAK \u0130Z\u0130 YAKLA\u015eIMI   \u00b7         SIFIR ATIK UYGULAMALARI KAPSAMINDA S\u00dcRD\u00dcR\u00dcLEB\u0130L\u0130R KATI ATIK Y\u00d6NET\u0130M\u0130   \u00b7         AZERBAYCAN\u2019DA S\u00dcRD\u00dcR\u00dcLEB\u0130L\u0130R \u015eEH\u0130R YAKLA\u015eIMI: BA\u015eKENT BAK\u00dc VE KARABA\u011e\u2019DA SA\u011eLAM \u015eEH\u0130R   \u00b7         T\u00dcRK\u0130YE\u2019DE KAMU Y\u00d6NET\u0130M\u0130N\u0130N S\u00dcRD\u00dcR\u00dcLEB\u0130L\u0130RL\u0130\u011eE TEMEL KATKILARI   <\/p>\n","protected":false},"excerpt":{"rendered":"<p>\u0130\u00e7indekiler : \u00b7 \u0130NSANA YAKI\u015eIR \u0130\u015e VE EKONOM\u0130K B\u00dcY\u00dcME \u00b7 SORUMLU \u00dcRET\u0130M VE T\u00dcKET\u0130M \u00b7 S\u00dcRD\u00dcR\u00dcLEB\u0130L\u0130R B\u0130R KENT V\u0130ZYONU YARATILMASINDA KAR AMACI G\u00dcTMEYEN \u00d6RG\u00dcTLER\u0130N ROL\u00dc: OSMAN\u0130YE<span class=\"excerpt-hellip\"> [\u2026]<\/span><\/p>\n","protected":false},"featured_media":0,"template":"","meta":{"_monsterinsights_skip_tracking":false,"_monsterinsights_sitenote_active":false,"_monsterinsights_sitenote_note":"","_monsterinsights_sitenote_category":0},"product_brand":[],"product_cat":[13005,40995],"product_tag":[],"class_list":{"0":"post-758722","1":"product","2":"type-product","3":"status-publish","5":"product_cat-bilim-muhendislik","6":"product_cat-sosyal-bilimler","7":"pa_cilt-ciltsiz","8":"pa_tur-kitap","9":"pa_yayinevi-gazi-kitabevi","10":"pa_yazar-kolektif","12":"first","13":"instock","14":"sale","15":"shipping-taxable","16":"purchasable","17":"product-type-simple"},"_links":{"self":[{"href":"https:\/\/roveyayinevi.com.tr\/index.php\/wp-json\/wp\/v2\/product\/758722","targetHints":{"allow":["GET"]}}],"collection":[{"href":"https:\/\/roveyayinevi.com.tr\/index.php\/wp-json\/wp\/v2\/product"}],"about":[{"href":"https:\/\/roveyayinevi.com.tr\/index.php\/wp-json\/wp\/v2\/types\/product"}],"wp:attachment":[{"href":"https:\/\/roveyayinevi.com.tr\/index.php\/wp-json\/wp\/v2\/media?parent=758722"}],"wp:term":[{"taxonomy":"product_brand","embeddable":true,"href":"https:\/\/roveyayinevi.com.tr\/index.php\/wp-json\/wp\/v2\/product_brand?post=758722"},{"taxonomy":"product_cat","embeddable":true,"href":"https:\/\/roveyayinevi.com.tr\/index.php\/wp-json\/wp\/v2\/product_cat?post=758722"},{"taxonomy":"product_tag","embeddable":true,"href":"https:\/\/roveyayinevi.com.tr\/index.php\/wp-json\/wp\/v2\/product_tag?post=758722"}],"curies":[{"name":"wp","href":"https:\/\/api.w.org\/{rel}","templated":true}]}}