{"id":758721,"date":"2025-08-28T08:13:10","date_gmt":"2025-08-28T05:13:10","guid":{"rendered":"https:\/\/roveyayinevi.com.tr\/index.php\/urun\/cevre-vergileri-ve-emisyon-permilerinin-karsilastirmali-analizi\/"},"modified":"2026-04-16T03:11:45","modified_gmt":"2026-04-16T00:11:45","slug":"cevre-vergileri-ve-emisyon-permilerinin-karsilastirmali-analizi","status":"publish","type":"product","link":"https:\/\/roveyayinevi.com.tr\/index.php\/urun\/cevre-vergileri-ve-emisyon-permilerinin-karsilastirmali-analizi\/","title":{"rendered":"\u00c7evre Vergileri Ve Emisyon Permilerinin Kar\u015f\u0131la\u015ft\u0131rmal\u0131 Analizi"},"content":{"rendered":"<p>\u0130\u00e7indekiler :     B\u0130R\u0130NC\u0130 B\u00d6L\u00dcM 1. \u00c7EVRE K\u0130RL\u0130L\u0130\u011e\u0130 OLARAK \u0130KL\u0130M KR\u0130Z\u0130   \u0130K\u0130NC\u0130 B\u00d6L\u00dcM 2. \u00c7EVRE POL\u0130T\u0130KASININ ARA\u00c7LARI   \u00dc\u00c7\u00dcNC\u00dc B\u00d6L\u00dcM 3. \u00c7EVRE VERG\u0130LER\u0130 VE EM\u0130SYON PERM\u0130LER\u0130N\u0130N KAR\u015eILA\u015eTIRMALI ANAL\u0130Z\u0130 <\/p>\n","protected":false},"excerpt":{"rendered":"<p>\u0130\u00e7indekiler : B\u0130R\u0130NC\u0130 B\u00d6L\u00dcM 1. \u00c7EVRE K\u0130RL\u0130L\u0130\u011e\u0130 OLARAK \u0130KL\u0130M KR\u0130Z\u0130 \u0130K\u0130NC\u0130 B\u00d6L\u00dcM 2. \u00c7EVRE POL\u0130T\u0130KASININ ARA\u00c7LARI \u00dc\u00c7\u00dcNC\u00dc B\u00d6L\u00dcM 3. \u00c7EVRE VERG\u0130LER\u0130 VE EM\u0130SYON PERM\u0130LER\u0130N\u0130N KAR\u015eILA\u015eTIRMALI ANAL\u0130Z\u0130<\/p>\n","protected":false},"featured_media":0,"template":"","meta":{"_monsterinsights_skip_tracking":false,"_monsterinsights_sitenote_active":false,"_monsterinsights_sitenote_note":"","_monsterinsights_sitenote_category":0},"product_brand":[],"product_cat":[13043],"product_tag":[],"class_list":{"0":"post-758721","1":"product","2":"type-product","3":"status-publish","5":"product_cat-ekonomi","6":"pa_cilt-ciltsiz","7":"pa_tur-kitap","8":"pa_yayinevi-gazi-kitabevi","9":"pa_yazar-harun-can","11":"first","12":"instock","13":"sale","14":"shipping-taxable","15":"purchasable","16":"product-type-simple"},"_links":{"self":[{"href":"https:\/\/roveyayinevi.com.tr\/index.php\/wp-json\/wp\/v2\/product\/758721","targetHints":{"allow":["GET"]}}],"collection":[{"href":"https:\/\/roveyayinevi.com.tr\/index.php\/wp-json\/wp\/v2\/product"}],"about":[{"href":"https:\/\/roveyayinevi.com.tr\/index.php\/wp-json\/wp\/v2\/types\/product"}],"wp:attachment":[{"href":"https:\/\/roveyayinevi.com.tr\/index.php\/wp-json\/wp\/v2\/media?parent=758721"}],"wp:term":[{"taxonomy":"product_brand","embeddable":true,"href":"https:\/\/roveyayinevi.com.tr\/index.php\/wp-json\/wp\/v2\/product_brand?post=758721"},{"taxonomy":"product_cat","embeddable":true,"href":"https:\/\/roveyayinevi.com.tr\/index.php\/wp-json\/wp\/v2\/product_cat?post=758721"},{"taxonomy":"product_tag","embeddable":true,"href":"https:\/\/roveyayinevi.com.tr\/index.php\/wp-json\/wp\/v2\/product_tag?post=758721"}],"curies":[{"name":"wp","href":"https:\/\/api.w.org\/{rel}","templated":true}]}}