{"id":758710,"date":"2025-08-28T08:12:52","date_gmt":"2025-08-28T05:12:52","guid":{"rendered":"https:\/\/roveyayinevi.com.tr\/index.php\/urun\/sifa-sensin\/"},"modified":"2026-04-16T03:11:45","modified_gmt":"2026-04-16T00:11:45","slug":"sifa-sensin","status":"publish","type":"product","link":"https:\/\/roveyayinevi.com.tr\/index.php\/urun\/sifa-sensin\/","title":{"rendered":"\u015eifa Sensin"},"content":{"rendered":"<p>Var  m\u0131s\u0131n\u0131z ya\u015fam yolcu\u011funa? Nefes nefese hayata tutunman\u0131n \u00f6z s\u00f6z\u00fcd\u00fcr: Ya\u015fam. Ya\u015fam nadasa b\u0131rak\u0131lamaz ve evrende hi\u00e7bir \u015fey tesad\u00fcf de\u011fildir. \u201cHastal\u0131\u011f\u0131n nedenleri i\u00e7 ve d\u0131\u015f etkenlerden kaynaklanabilir, ancak derde deva insan\u0131n kendi i\u00e7indedir.\u201d Bu kitap, ya\u015fad\u0131\u011f\u0131m\u0131z hayat\u0131 cennete \u00e7evirmek, korkular\u0131n\u0131zdan ar\u0131nmak; sa\u011fl\u0131kl\u0131, mutlu ve huzurlu bir ya\u015fam i\u00e7in yaz\u0131ld\u0131. Kendinizi dinleyin, \u015fifa kendinizsiniz. <\/p>\n","protected":false},"excerpt":{"rendered":"<p>Var m\u0131s\u0131n\u0131z ya\u015fam yolcu\u011funa? Nefes nefese hayata tutunman\u0131n \u00f6z s\u00f6z\u00fcd\u00fcr: Ya\u015fam. Ya\u015fam nadasa b\u0131rak\u0131lamaz ve evrende hi\u00e7bir \u015fey tesad\u00fcf de\u011fildir. \u201cHastal\u0131\u011f\u0131n nedenleri i\u00e7 ve d\u0131\u015f etkenlerden<span class=\"excerpt-hellip\"> [\u2026]<\/span><\/p>\n","protected":false},"featured_media":0,"template":"","meta":{"_monsterinsights_skip_tracking":false,"_monsterinsights_sitenote_active":false,"_monsterinsights_sitenote_note":"","_monsterinsights_sitenote_category":0},"product_brand":[],"product_cat":[12364,12376],"product_tag":[],"class_list":{"0":"post-758710","1":"product","2":"type-product","3":"status-publish","5":"product_cat-genel-konular","6":"product_cat-kisisel-gelisim","7":"pa_cilt-ciltsiz","8":"pa_tur-kitap","9":"pa_yayinevi-ilkim-ozan-yayinlari","10":"pa_yazar-petek-kitamura-ogul-kaya-kitamura","12":"first","13":"instock","14":"sale","15":"shipping-taxable","16":"purchasable","17":"product-type-simple"},"_links":{"self":[{"href":"https:\/\/roveyayinevi.com.tr\/index.php\/wp-json\/wp\/v2\/product\/758710","targetHints":{"allow":["GET"]}}],"collection":[{"href":"https:\/\/roveyayinevi.com.tr\/index.php\/wp-json\/wp\/v2\/product"}],"about":[{"href":"https:\/\/roveyayinevi.com.tr\/index.php\/wp-json\/wp\/v2\/types\/product"}],"wp:attachment":[{"href":"https:\/\/roveyayinevi.com.tr\/index.php\/wp-json\/wp\/v2\/media?parent=758710"}],"wp:term":[{"taxonomy":"product_brand","embeddable":true,"href":"https:\/\/roveyayinevi.com.tr\/index.php\/wp-json\/wp\/v2\/product_brand?post=758710"},{"taxonomy":"product_cat","embeddable":true,"href":"https:\/\/roveyayinevi.com.tr\/index.php\/wp-json\/wp\/v2\/product_cat?post=758710"},{"taxonomy":"product_tag","embeddable":true,"href":"https:\/\/roveyayinevi.com.tr\/index.php\/wp-json\/wp\/v2\/product_tag?post=758710"}],"curies":[{"name":"wp","href":"https:\/\/api.w.org\/{rel}","templated":true}]}}