{"id":758699,"date":"2025-08-28T08:12:40","date_gmt":"2025-08-28T05:12:40","guid":{"rendered":"https:\/\/roveyayinevi.com.tr\/index.php\/urun\/yapi-tasiyici-malzemelerinin-mukavemeti\/"},"modified":"2026-04-16T03:11:44","modified_gmt":"2026-04-16T00:11:44","slug":"yapi-tasiyici-malzemelerinin-mukavemeti","status":"publish","type":"product","link":"https:\/\/roveyayinevi.com.tr\/index.php\/urun\/yapi-tasiyici-malzemelerinin-mukavemeti\/","title":{"rendered":"Yap\u0131 Ta\u015f\u0131y\u0131c\u0131 Malzemelerinin Mukavemeti"},"content":{"rendered":"<p>Profes\u00f6r K\u0131rg\u0131z\u2019\u0131n bu kitab\u0131 yazarken amac\u0131, Mukavemeti, Yap\u0131 Ta\u015f\u0131y\u0131c\u0131 Malzemeleri \u00f6zelinde \u00f6\u011fretmek, sevdirmek ve ba\u015fl\u0131ca mukavemet kavram ve teorilerinin yap\u0131 ta\u015f\u0131y\u0131c\u0131 malzemelerinde ge\u00e7erlili\u011fini g\u00f6stermektir. Bu ama\u00e7 do\u011frultusunda, okuyucular\u0131m, sade bir dille yaz\u0131lm\u0131\u015f olan bu kitap i\u00e7eri\u011finde, Mukavemetin kavram ve teorilerinin yan\u0131s\u0131ra Yap\u0131 Malzemelerinin \u00f6zellikleri ve mukavemet konular\u0131n\u0131n \u00f6nem derecelerine g\u00f6re \u00e7\u00f6z\u00fclm\u00fc\u015f sorular ve \u00e7al\u0131\u015fma sorular\u0131 bulacaklard\u0131r.Her zorlu\u011fun sonunda do\u011fan bir \u0131\u015f\u0131k vard\u0131r. E\u011fer elleriniz diken yaralar\u0131yla kan revan i\u00e7inde kald\u0131ysa g\u00fcle dokunman\u0131za \u00e7ok az kalm\u0131\u015f demektir.Mevlana<\/p>\n","protected":false},"excerpt":{"rendered":"<p>Profes\u00f6r K\u0131rg\u0131z\u2019\u0131n bu kitab\u0131 yazarken amac\u0131, Mukavemeti, Yap\u0131 Ta\u015f\u0131y\u0131c\u0131 Malzemeleri \u00f6zelinde \u00f6\u011fretmek, sevdirmek ve ba\u015fl\u0131ca mukavemet kavram ve teorilerinin yap\u0131 ta\u015f\u0131y\u0131c\u0131 malzemelerinde ge\u00e7erlili\u011fini g\u00f6stermektir. Bu ama\u00e7<span class=\"excerpt-hellip\"> [\u2026]<\/span><\/p>\n","protected":false},"featured_media":0,"template":"","meta":{"_monsterinsights_skip_tracking":false,"_monsterinsights_sitenote_active":false,"_monsterinsights_sitenote_note":"","_monsterinsights_sitenote_category":0},"product_brand":[],"product_cat":[13512,12408],"product_tag":[],"class_list":{"0":"post-758699","1":"product","2":"type-product","3":"status-publish","5":"product_cat-mimarlik","6":"product_cat-sanat","7":"pa_cilt-ciltsiz","8":"pa_tur-kitap","9":"pa_yayinevi-istanbul-sabahattin-zaim-universitesi","10":"pa_yazar-kolektif","12":"first","13":"instock","14":"sale","15":"shipping-taxable","16":"purchasable","17":"product-type-simple"},"_links":{"self":[{"href":"https:\/\/roveyayinevi.com.tr\/index.php\/wp-json\/wp\/v2\/product\/758699","targetHints":{"allow":["GET"]}}],"collection":[{"href":"https:\/\/roveyayinevi.com.tr\/index.php\/wp-json\/wp\/v2\/product"}],"about":[{"href":"https:\/\/roveyayinevi.com.tr\/index.php\/wp-json\/wp\/v2\/types\/product"}],"wp:attachment":[{"href":"https:\/\/roveyayinevi.com.tr\/index.php\/wp-json\/wp\/v2\/media?parent=758699"}],"wp:term":[{"taxonomy":"product_brand","embeddable":true,"href":"https:\/\/roveyayinevi.com.tr\/index.php\/wp-json\/wp\/v2\/product_brand?post=758699"},{"taxonomy":"product_cat","embeddable":true,"href":"https:\/\/roveyayinevi.com.tr\/index.php\/wp-json\/wp\/v2\/product_cat?post=758699"},{"taxonomy":"product_tag","embeddable":true,"href":"https:\/\/roveyayinevi.com.tr\/index.php\/wp-json\/wp\/v2\/product_tag?post=758699"}],"curies":[{"name":"wp","href":"https:\/\/api.w.org\/{rel}","templated":true}]}}