{"id":758696,"date":"2025-08-28T08:12:36","date_gmt":"2025-08-28T05:12:36","guid":{"rendered":"https:\/\/roveyayinevi.com.tr\/index.php\/urun\/el-cevanibul-atifiyye-fi-hayatul-enbiya-kesf-ve-taamulaat-nafsiyah\/"},"modified":"2026-04-16T03:11:44","modified_gmt":"2026-04-16T00:11:44","slug":"el-cevanibul-atifiyye-fi-hayatul-enbiya-kesf-ve-taamulaat-nafsiyah","status":"publish","type":"product","link":"https:\/\/roveyayinevi.com.tr\/index.php\/urun\/el-cevanibul-atifiyye-fi-hayatul-enbiya-kesf-ve-taamulaat-nafsiyah\/","title":{"rendered":"El-Cevanib\u2019ul-At\u0131fiyye Fi Hayat\u00fc\u2019l-Enbiya: Ke\u015ff ve Taamulaat Nafsiyah"},"content":{"rendered":"<p>Bu kitap, Peygamberlerin psikolojik ya\u015fam\u0131 \u00fczerine bir tefekk\u00fcrd\u00fcr. K\u00fc\u00e7\u00fck ya\u015flardan itibaren Nebilerin fiziksel, psikolojik ve ruhsal geli\u015fmelerine uygun olarak verilen n\u00fcb\u00fcvvet imtihanlar\u0131n\u0131n \u0130lahi hikmetlerini inceler.Bu kitap, psikoloji ilmini do\u011fru bir kavray\u0131\u015fla Kurani g\u00f6r\u00fc\u015f ve \u00f6l\u00e7\u00fcler \u0131\u015f\u0131\u011f\u0131nda incelemektedir. Bu incelemede Peygamberler alemine nas\u0131l bir perspektiften bak\u0131lmas\u0131 gerekti\u011fini, ilmi y\u00f6n\u00fcn\u00fcn yan\u0131nda duygusal y\u00f6n\u00fcyle de b\u00fct\u00fcnle\u015ftiren akademik bir \u00e7al\u0131\u015fmad\u0131r. Bat\u0131 psikolojisinin materyalist teorileri insan ili\u015fkilerinde tamamen insan tabiat\u0131na ayk\u0131r\u0131 alg\u0131lar\u0131 bu kitapta incelenmektedir.Farkl\u0131 olaylar kar\u015f\u0131s\u0131nda insan davran\u0131\u015flar\u0131n\u0131n yeniden g\u00f6zden ge\u00e7irilmesiyle M\u00fcsl\u00fcman akademisyenler taraf\u0131ndan nadiren incelenen \u00f6nemli bir fikir ele al\u0131nmaktad\u0131r. Bu inceleme insan\u0131 ataletten kurtar\u0131p harekete ge\u00e7irerek derin bir etki b\u0131rakacakt\u0131r.<\/p>\n","protected":false},"excerpt":{"rendered":"<p>Bu kitap, Peygamberlerin psikolojik ya\u015fam\u0131 \u00fczerine bir tefekk\u00fcrd\u00fcr. K\u00fc\u00e7\u00fck ya\u015flardan itibaren Nebilerin fiziksel, psikolojik ve ruhsal geli\u015fmelerine uygun olarak verilen n\u00fcb\u00fcvvet imtihanlar\u0131n\u0131n \u0130lahi hikmetlerini inceler.Bu kitap,<span class=\"excerpt-hellip\"> [\u2026]<\/span><\/p>\n","protected":false},"featured_media":0,"template":"","meta":{"_monsterinsights_skip_tracking":false,"_monsterinsights_sitenote_active":false,"_monsterinsights_sitenote_note":"","_monsterinsights_sitenote_category":0},"product_brand":[],"product_cat":[12718,12719],"product_tag":[],"class_list":{"0":"post-758696","1":"product","2":"type-product","3":"status-publish","5":"product_cat-din","6":"product_cat-islam","7":"pa_cilt-ciltsiz","8":"pa_tur-kitap","9":"pa_yayinevi-istanbul-sabahattin-zaim-universitesi","10":"pa_yazar-malik-badri","12":"first","13":"instock","14":"sale","15":"shipping-taxable","16":"purchasable","17":"product-type-simple"},"_links":{"self":[{"href":"https:\/\/roveyayinevi.com.tr\/index.php\/wp-json\/wp\/v2\/product\/758696","targetHints":{"allow":["GET"]}}],"collection":[{"href":"https:\/\/roveyayinevi.com.tr\/index.php\/wp-json\/wp\/v2\/product"}],"about":[{"href":"https:\/\/roveyayinevi.com.tr\/index.php\/wp-json\/wp\/v2\/types\/product"}],"wp:attachment":[{"href":"https:\/\/roveyayinevi.com.tr\/index.php\/wp-json\/wp\/v2\/media?parent=758696"}],"wp:term":[{"taxonomy":"product_brand","embeddable":true,"href":"https:\/\/roveyayinevi.com.tr\/index.php\/wp-json\/wp\/v2\/product_brand?post=758696"},{"taxonomy":"product_cat","embeddable":true,"href":"https:\/\/roveyayinevi.com.tr\/index.php\/wp-json\/wp\/v2\/product_cat?post=758696"},{"taxonomy":"product_tag","embeddable":true,"href":"https:\/\/roveyayinevi.com.tr\/index.php\/wp-json\/wp\/v2\/product_tag?post=758696"}],"curies":[{"name":"wp","href":"https:\/\/api.w.org\/{rel}","templated":true}]}}