{"id":758689,"date":"2025-08-28T08:12:28","date_gmt":"2025-08-28T05:12:28","guid":{"rendered":"https:\/\/roveyayinevi.com.tr\/index.php\/urun\/sultan-2-abdulhamid-donemi\/"},"modified":"2026-04-16T03:11:44","modified_gmt":"2026-04-16T00:11:44","slug":"sultan-2-abdulhamid-donemi","status":"publish","type":"product","link":"https:\/\/roveyayinevi.com.tr\/index.php\/urun\/sultan-2-abdulhamid-donemi\/","title":{"rendered":"Sultan 2. Abd\u00fclhamid D\u00f6nemi"},"content":{"rendered":"<p>Devlet ve toplum hayat\u0131nda zor zamanlar vard\u0131r. Osmanl\u0131 Devletinin en zor d\u00f6nemlerinden biri de Sultan 2. Abd\u00fclhamid d\u00f6nemidir. Sultan 2.Abd\u00fclhamid, devletin ba\u015f\u0131nda bulundu\u011fu 33 y\u0131ll\u0131k d\u00f6nemde bir\u00e7ok d\u00e2hili ve h\u00e2rici tazyik, sald\u0131r\u0131 ve komplonun hedefi olmu\u015ftur. Buna ra\u011fmen onun h\u00fck\u00fcmdarl\u0131k yapt\u0131\u011f\u0131 d\u00f6nem, Osmanl\u0131 modernle\u015fme ve sanayile\u015fme vetiresinin en ba\u015far\u0131l\u0131 d\u00f6nemlerinden birine tekab\u00fcl etmektedir. 2. Abd\u00fclhamid d\u00f6nemi sadece \u0130slam co\u011frafyas\u0131 ve milletleri a\u00e7\u0131s\u0131ndan de\u011fil d\u00fcnya tarihi a\u00e7\u0131s\u0131ndan da sistemik ve yap\u0131sal d\u00f6n\u00fc\u015f\u00fcmlerin ya\u015fand\u0131\u011f\u0131 olduk\u00e7a \u00f6nemli bir de\u011fi\u015fim d\u00f6nemidir. Siyaset, \u0130ktisat, D\u0131\u015f Politika, K\u00fclt\u00fcr ve E\u011fitim tarihi a\u00e7\u0131s\u0131ndan b\u00f6ylesine \u00f6nemli ve hassas bir d\u00f6nemi ele almak. Sultan 2. Abd\u00fclhamid\u2019in \u015fahs\u0131nda d\u00fc\u011f\u00fcml\u00fc kalm\u0131\u015f bir\u00e7ok meseleye ilmi bir metot ve yakla\u015f\u0131mla \u0131\u015f\u0131k tutma \u00e7abas\u0131 bu g\u00fcn bizler i\u00e7in oldu\u011fu gibi gelecek nesiller i\u00e7in de son derece \u00f6nemlidir. Bu eserin temel amac\u0131; hakikatlerin daha belirgin olarak ortaya konmas\u0131 ve Sultan II. Abd\u00fclhamid d\u00f6nemine ilgi duyan ara\u015ft\u0131rmac\u0131lar\u0131n ve merakl\u0131 tarih okurlar\u0131n\u0131n sorular\u0131na alan\u0131n \u00f6nemli uzmanlan kanal\u0131yla tatmin edici cevaplar sunmakt\u0131r.<\/p>\n","protected":false},"excerpt":{"rendered":"<p>Devlet ve toplum hayat\u0131nda zor zamanlar vard\u0131r. Osmanl\u0131 Devletinin en zor d\u00f6nemlerinden biri de Sultan 2. Abd\u00fclhamid d\u00f6nemidir. Sultan 2.Abd\u00fclhamid, devletin ba\u015f\u0131nda bulundu\u011fu 33 y\u0131ll\u0131k d\u00f6nemde<span class=\"excerpt-hellip\"> [\u2026]<\/span><\/p>\n","protected":false},"featured_media":0,"template":"","meta":{"_monsterinsights_skip_tracking":false,"_monsterinsights_sitenote_active":false,"_monsterinsights_sitenote_note":"","_monsterinsights_sitenote_category":0},"product_brand":[],"product_cat":[13517,12304],"product_tag":[],"class_list":{"0":"post-758689","1":"product","2":"type-product","3":"status-publish","5":"product_cat-osmanli-tarihi","6":"product_cat-tarih","7":"pa_cilt-ciltsiz","8":"pa_tur-kitap","9":"pa_yayinevi-istanbul-sabahattin-zaim-universitesi","10":"pa_yazar-kolektif","12":"first","13":"instock","14":"sale","15":"shipping-taxable","16":"purchasable","17":"product-type-simple"},"_links":{"self":[{"href":"https:\/\/roveyayinevi.com.tr\/index.php\/wp-json\/wp\/v2\/product\/758689","targetHints":{"allow":["GET"]}}],"collection":[{"href":"https:\/\/roveyayinevi.com.tr\/index.php\/wp-json\/wp\/v2\/product"}],"about":[{"href":"https:\/\/roveyayinevi.com.tr\/index.php\/wp-json\/wp\/v2\/types\/product"}],"wp:attachment":[{"href":"https:\/\/roveyayinevi.com.tr\/index.php\/wp-json\/wp\/v2\/media?parent=758689"}],"wp:term":[{"taxonomy":"product_brand","embeddable":true,"href":"https:\/\/roveyayinevi.com.tr\/index.php\/wp-json\/wp\/v2\/product_brand?post=758689"},{"taxonomy":"product_cat","embeddable":true,"href":"https:\/\/roveyayinevi.com.tr\/index.php\/wp-json\/wp\/v2\/product_cat?post=758689"},{"taxonomy":"product_tag","embeddable":true,"href":"https:\/\/roveyayinevi.com.tr\/index.php\/wp-json\/wp\/v2\/product_tag?post=758689"}],"curies":[{"name":"wp","href":"https:\/\/api.w.org\/{rel}","templated":true}]}}