{"id":758685,"date":"2025-08-28T08:12:23","date_gmt":"2025-08-28T05:12:23","guid":{"rendered":"https:\/\/roveyayinevi.com.tr\/index.php\/urun\/ataturk-inanilmazi-basaran-lider\/"},"modified":"2026-04-16T03:11:44","modified_gmt":"2026-04-16T00:11:44","slug":"ataturk-inanilmazi-basaran-lider","status":"publish","type":"product","link":"https:\/\/roveyayinevi.com.tr\/index.php\/urun\/ataturk-inanilmazi-basaran-lider\/","title":{"rendered":"Atat\u00fcrk \u0130nan\u0131lmaz\u0131 Ba\u015faran Lider"},"content":{"rendered":"<p>Mustafa Kemal Pa\u015fa\u2019n\u0131n \u00f6nderli\u011finde \u00e7e\u015fitli siyasal ve sosyal \u00e7alkant\u0131lara, ekonomik g\u00fc\u00e7s\u00fczl\u00fcklere, d\u0131\u015fta i\u015fgalcilere; i\u00e7eride isyanc\u0131lara, i\u015fbirlik\u00e7ilere, zararl\u0131 cemiyetlere, ayr\u0131ca d\u0131\u015f destekli \u0130stanbul H\u00fck\u00fcmeti\u2019ne kar\u015f\u0131 uygulanan diplomasi, politika ve eylemlere kar\u015f\u0131 ba\u015flat\u0131lan m\u00fccadele, olumsuzluklar ve imk\u00e2ns\u0131zl\u0131klara ra\u011fmen, b\u00fcy\u00fck fedak\u00e2rl\u0131k ve \u00f6zveriyle a\u015f\u0131larak vatan i\u015fgalden, ulus esaretten kurtar\u0131lm\u0131\u015ft\u0131r.T\u00fcrk milleti, milli benli\u011fine can\u0131 gibi sahip \u00e7\u0131k\u0131p, birlik ve beraberlik i\u00e7inde y\u00fcr\u00fcyerek \u201cKurtulu\u015f Sava\u015f\u0131\u201dn\u0131 kazanmas\u0131n\u0131 bilmi\u015ftir. Y\u00fcr\u00fct\u00fclen bu \u00f6l\u00fcm- kal\u0131m m\u00fccadelesinde Mustafa Kemal Pa\u015fa taraf\u0131ndan T\u00fcrk milletinde var olan ve kullan\u0131lmas\u0131 ak\u0131l edilemeyen yeteneklerinin g\u00fcce d\u00f6n\u00fc\u015ft\u00fcr\u00fclmesi ba\u015far\u0131y\u0131 \u00f6nemli \u00f6l\u00e7\u00fcde etkilemi\u015ftir. Bu nedenle gerek fert, gerek toplum olarak ge\u00e7mi\u015fimizi \u00f6zellikle de yak\u0131n tarihimizi bilmek bizleri zaman\u0131m\u0131z\u0131n olumsuzluklar\u0131ndan kurtarmas\u0131 ve korumas\u0131 i\u00e7in uyan\u0131kl\u0131k olu\u015fturacakt\u0131r.T\u00fcrk ulusu, ba\u011f\u0131ms\u0131z ya\u015famay\u0131 vazge\u00e7ilmezlik kabul ederek, y\u0131llar s\u00fcren harplerin ortaya koydu\u011fu ekonomik y\u0131k\u0131nt\u0131ya, sava\u015f makinesinin gen\u00e7 ve dinamik n\u00fcfusu yok eden insan g\u00fcc\u00fc kayb\u0131na ra\u011fmen, kad\u0131n-erkek ayr\u0131m\u0131 yap\u0131lmaks\u0131z\u0131n her ya\u015ftaki insan\u0131yla Gazi Mustafa Kemal Pa\u015fa\u2019n\u0131n liderli\u011finde olanaks\u0131zl\u0131klara ra\u011fmen inan\u0131lmaz\u0131 ba\u015farm\u0131\u015f ve Cumhuriyete yani \u00f6zg\u00fcr ya\u015fama kavu\u015fmu\u015ftur.<\/p>\n","protected":false},"excerpt":{"rendered":"<p>Mustafa Kemal Pa\u015fa\u2019n\u0131n \u00f6nderli\u011finde \u00e7e\u015fitli siyasal ve sosyal \u00e7alkant\u0131lara, ekonomik g\u00fc\u00e7s\u00fczl\u00fcklere, d\u0131\u015fta i\u015fgalcilere; i\u00e7eride isyanc\u0131lara, i\u015fbirlik\u00e7ilere, zararl\u0131 cemiyetlere, ayr\u0131ca d\u0131\u015f destekli \u0130stanbul H\u00fck\u00fcmeti\u2019ne kar\u015f\u0131 uygulanan diplomasi,<span class=\"excerpt-hellip\"> [\u2026]<\/span><\/p>\n","protected":false},"featured_media":0,"template":"","meta":{"_monsterinsights_skip_tracking":false,"_monsterinsights_sitenote_active":false,"_monsterinsights_sitenote_note":"","_monsterinsights_sitenote_category":0},"product_brand":[],"product_cat":[13946,12304],"product_tag":[],"class_list":{"0":"post-758685","1":"product","2":"type-product","3":"status-publish","5":"product_cat-biyografi-otobiyografi","6":"product_cat-tarih","7":"pa_cilt-ciltsiz","8":"pa_tur-kitap","9":"pa_yayinevi-istanbul-okan-universitesi","10":"pa_yazar-mehmet-kilic","12":"first","13":"instock","14":"sale","15":"shipping-taxable","16":"purchasable","17":"product-type-simple"},"_links":{"self":[{"href":"https:\/\/roveyayinevi.com.tr\/index.php\/wp-json\/wp\/v2\/product\/758685","targetHints":{"allow":["GET"]}}],"collection":[{"href":"https:\/\/roveyayinevi.com.tr\/index.php\/wp-json\/wp\/v2\/product"}],"about":[{"href":"https:\/\/roveyayinevi.com.tr\/index.php\/wp-json\/wp\/v2\/types\/product"}],"wp:attachment":[{"href":"https:\/\/roveyayinevi.com.tr\/index.php\/wp-json\/wp\/v2\/media?parent=758685"}],"wp:term":[{"taxonomy":"product_brand","embeddable":true,"href":"https:\/\/roveyayinevi.com.tr\/index.php\/wp-json\/wp\/v2\/product_brand?post=758685"},{"taxonomy":"product_cat","embeddable":true,"href":"https:\/\/roveyayinevi.com.tr\/index.php\/wp-json\/wp\/v2\/product_cat?post=758685"},{"taxonomy":"product_tag","embeddable":true,"href":"https:\/\/roveyayinevi.com.tr\/index.php\/wp-json\/wp\/v2\/product_tag?post=758685"}],"curies":[{"name":"wp","href":"https:\/\/api.w.org\/{rel}","templated":true}]}}