{"id":758663,"date":"2025-08-28T08:11:45","date_gmt":"2025-08-28T05:11:45","guid":{"rendered":"https:\/\/roveyayinevi.com.tr\/index.php\/urun\/gandhinin-saglik-rehberi\/"},"modified":"2026-04-16T03:11:44","modified_gmt":"2026-04-16T00:11:44","slug":"gandhinin-saglik-rehberi","status":"publish","type":"product","link":"https:\/\/roveyayinevi.com.tr\/index.php\/urun\/gandhinin-saglik-rehberi\/","title":{"rendered":"Gandhi\u2019nin Sa\u011fl\u0131k Rehberi"},"content":{"rendered":"<p>Gandhi, ya\u015fam\u0131n\u0131n bir d\u00f6neminde sa\u011fl\u0131k sorununa ayr\u0131 bir \u00f6nem vermi\u015ftir. \u0130ngiltere\u2019de bulundu\u011fu s\u0131rada, yeme i\u00e7me konusunda kendi d\u00fczenini yaratmak zorundan kald\u0131\u011f\u0131ndan, edindi\u011fi deneyimlerinin olduk\u00e7a g\u00fcvenilir oldu\u011funu s\u00f6yler. Bu deneyimlerden ula\u015ft\u0131\u011f\u0131 kimi kesin sonu\u00e7lar\u0131 okuyucular\u0131n\u0131n yarar\u0131na sunmak i\u00e7in yaz\u0131ya d\u00f6km\u00fc\u015ft\u00fcr. \u201cTedbir tedaviden iyidir\u201d d\u00fc\u015f\u00fcncesiyle, hastal\u0131\u011f\u0131 sa\u011fl\u0131k yasalar\u0131na uyarak \u00f6nlemenin, di\u011fer y\u00f6ntemlerden \u00e7ok daha kolay ve g\u00fcvenli oldu\u011funu savunur. Milton\u2019\u0131n dedi\u011fi gibi, zihin bir cenneti ya da cehennemi yaratabilir. Hastal\u0131k yaln\u0131zca eylemlerimizin de\u011fil, d\u00fc\u015f\u00fcncelerimizin de sonucudur.  \u00dcnl\u00fc bir doktorun s\u00f6yledi\u011fi gibi, \u00e7i\u00e7ek hastal\u0131\u011f\u0131, kolera ve veba gibi hastal\u0131klar\u0131n korkusundan \u00f6lenlerin say\u0131s\u0131, bu hastal\u0131klardan \u00f6lenlerden daha fazlad\u0131r. Gandhi\u2019nin Sa\u011fl\u0131k Rehberi, bu ve buna benzer g\u00f6r\u00fc\u015fler \u00e7er\u00e7evesinde Gandhi\u2019nin ya\u015fad\u0131\u011f\u0131 \u00e7a\u011f\u0131n ve k\u00fclt\u00fcr\u00fcn \u00f6zelliklerini g\u00fcn\u00fcm\u00fcz insan\u0131na aktarmas\u0131 a\u00e7\u0131s\u0131ndan s\u0131ra d\u0131\u015f\u0131 ve \u00f6zg\u00fcn bir eser olarak kendine \u00f6zel bir yer bulacakt\u0131r. <\/p>\n","protected":false},"excerpt":{"rendered":"<p>Gandhi, ya\u015fam\u0131n\u0131n bir d\u00f6neminde sa\u011fl\u0131k sorununa ayr\u0131 bir \u00f6nem vermi\u015ftir. \u0130ngiltere\u2019de bulundu\u011fu s\u0131rada, yeme i\u00e7me konusunda kendi d\u00fczenini yaratmak zorundan kald\u0131\u011f\u0131ndan, edindi\u011fi deneyimlerinin olduk\u00e7a g\u00fcvenilir oldu\u011funu<span class=\"excerpt-hellip\"> [\u2026]<\/span><\/p>\n","protected":false},"featured_media":0,"template":"","meta":{"_monsterinsights_skip_tracking":false,"_monsterinsights_sitenote_active":false,"_monsterinsights_sitenote_note":"","_monsterinsights_sitenote_category":0},"product_brand":[],"product_cat":[13397,13365],"product_tag":[],"class_list":{"0":"post-758663","1":"product","2":"type-product","3":"status-publish","5":"product_cat-alternatif-tip-sifali-bitkiler","6":"product_cat-saglik","7":"pa_cilt-ciltsiz","8":"pa_tur-kitap","9":"pa_yayinevi-cem-yayinevi","10":"pa_yazar-mahatma-gandhi","12":"first","13":"instock","14":"sale","15":"shipping-taxable","16":"purchasable","17":"product-type-simple"},"_links":{"self":[{"href":"https:\/\/roveyayinevi.com.tr\/index.php\/wp-json\/wp\/v2\/product\/758663","targetHints":{"allow":["GET"]}}],"collection":[{"href":"https:\/\/roveyayinevi.com.tr\/index.php\/wp-json\/wp\/v2\/product"}],"about":[{"href":"https:\/\/roveyayinevi.com.tr\/index.php\/wp-json\/wp\/v2\/types\/product"}],"wp:attachment":[{"href":"https:\/\/roveyayinevi.com.tr\/index.php\/wp-json\/wp\/v2\/media?parent=758663"}],"wp:term":[{"taxonomy":"product_brand","embeddable":true,"href":"https:\/\/roveyayinevi.com.tr\/index.php\/wp-json\/wp\/v2\/product_brand?post=758663"},{"taxonomy":"product_cat","embeddable":true,"href":"https:\/\/roveyayinevi.com.tr\/index.php\/wp-json\/wp\/v2\/product_cat?post=758663"},{"taxonomy":"product_tag","embeddable":true,"href":"https:\/\/roveyayinevi.com.tr\/index.php\/wp-json\/wp\/v2\/product_tag?post=758663"}],"curies":[{"name":"wp","href":"https:\/\/api.w.org\/{rel}","templated":true}]}}