{"id":758657,"date":"2025-08-28T08:11:35","date_gmt":"2025-08-28T05:11:35","guid":{"rendered":"https:\/\/roveyayinevi.com.tr\/index.php\/urun\/oksijen-ve-ruyalar\/"},"modified":"2026-04-16T03:11:44","modified_gmt":"2026-04-16T00:11:44","slug":"oksijen-ve-ruyalar","status":"publish","type":"product","link":"https:\/\/roveyayinevi.com.tr\/index.php\/urun\/oksijen-ve-ruyalar\/","title":{"rendered":"Oksijen ve R\u00fcyalar"},"content":{"rendered":"<p>Madem her \u015fey r\u00fcya Eteklerimde k\u0131z\u0131l \u00e7anlar Oksijen ve die world Riskli bir m\u0131zra\u011f\u0131 kavr\u0131yor ellerim Birazdan mutlaka incinir bir \u015feyler Neredeysem, hangi okyanusta Hi\u00e7bir yere ait de\u011fil<\/p>\n","protected":false},"excerpt":{"rendered":"<p>Madem her \u015fey r\u00fcya Eteklerimde k\u0131z\u0131l \u00e7anlar Oksijen ve die world Riskli bir m\u0131zra\u011f\u0131 kavr\u0131yor ellerim Birazdan mutlaka incinir bir \u015feyler Neredeysem, hangi okyanusta Hi\u00e7bir yere<span class=\"excerpt-hellip\"> [\u2026]<\/span><\/p>\n","protected":false},"featured_media":0,"template":"","meta":{"_monsterinsights_skip_tracking":false,"_monsterinsights_sitenote_active":false,"_monsterinsights_sitenote_note":"","_monsterinsights_sitenote_category":0},"product_brand":[],"product_cat":[12291,12509],"product_tag":[],"class_list":{"0":"post-758657","1":"product","2":"type-product","3":"status-publish","5":"product_cat-edebiyat","6":"product_cat-siir","7":"pa_cilt-ciltsiz","8":"pa_tur-kitap","9":"pa_yayinevi-muhit-kitap","10":"pa_yazar-ervanur-erdogan","12":"first","13":"instock","14":"sale","15":"shipping-taxable","16":"purchasable","17":"product-type-simple"},"_links":{"self":[{"href":"https:\/\/roveyayinevi.com.tr\/index.php\/wp-json\/wp\/v2\/product\/758657","targetHints":{"allow":["GET"]}}],"collection":[{"href":"https:\/\/roveyayinevi.com.tr\/index.php\/wp-json\/wp\/v2\/product"}],"about":[{"href":"https:\/\/roveyayinevi.com.tr\/index.php\/wp-json\/wp\/v2\/types\/product"}],"wp:attachment":[{"href":"https:\/\/roveyayinevi.com.tr\/index.php\/wp-json\/wp\/v2\/media?parent=758657"}],"wp:term":[{"taxonomy":"product_brand","embeddable":true,"href":"https:\/\/roveyayinevi.com.tr\/index.php\/wp-json\/wp\/v2\/product_brand?post=758657"},{"taxonomy":"product_cat","embeddable":true,"href":"https:\/\/roveyayinevi.com.tr\/index.php\/wp-json\/wp\/v2\/product_cat?post=758657"},{"taxonomy":"product_tag","embeddable":true,"href":"https:\/\/roveyayinevi.com.tr\/index.php\/wp-json\/wp\/v2\/product_tag?post=758657"}],"curies":[{"name":"wp","href":"https:\/\/api.w.org\/{rel}","templated":true}]}}